--
-- Host: localhost    Database: goldeeie_wp625
-- ------------------------------------------------------


--
-- Table structure for table `wpve_actionscheduler_actions`
--

CREATE TABLE `wpve_actionscheduler_actions` (
  `action_id` bigint(20) unsigned NOT NULL AUTO_INCREMENT,
  `hook` varchar(191) NOT NULL,
  `status` varchar(20) NOT NULL,
  `scheduled_date_gmt` datetime DEFAULT '0000-00-00 00:00:00',
  `scheduled_date_local` datetime DEFAULT '0000-00-00 00:00:00',
  `priority` tinyint(3) unsigned NOT NULL DEFAULT 10,
  `args` varchar(191) DEFAULT NULL,
  `schedule` longtext DEFAULT NULL,
  `group_id` bigint(20) unsigned NOT NULL DEFAULT 0,
  `attempts` int(11) NOT NULL DEFAULT 0,
  `last_attempt_gmt` datetime DEFAULT '0000-00-00 00:00:00',
  `last_attempt_local` datetime DEFAULT '0000-00-00 00:00:00',
  `claim_id` bigint(20) unsigned NOT NULL DEFAULT 0,
  `extended_args` varchar(8000) DEFAULT NULL,
  PRIMARY KEY (`action_id`),
  KEY `hook_status_scheduled_date_gmt` (`hook`(163),`status`,`scheduled_date_gmt`),
  KEY `status_scheduled_date_gmt` (`status`,`scheduled_date_gmt`),
  KEY `scheduled_date_gmt` (`scheduled_date_gmt`),
  KEY `args` (`args`),
  KEY `group_id` (`group_id`),
  KEY `last_attempt_gmt` (`last_attempt_gmt`),
  KEY `claim_id_status_scheduled_date_gmt` (`claim_id`,`status`,`scheduled_date_gmt`),
  KEY `claim_id_status_priority_scheduled_date_gmt` (`claim_id`,`status`,`priority`,`scheduled_date_gmt`),
  KEY `status_last_attempt_gmt` (`status`,`last_attempt_gmt`),
  KEY `status_claim_id` (`status`,`claim_id`)
) ENGINE=MyISAM AUTO_INCREMENT=830 DEFAULT CHARSET=utf8mb4 COLLATE=utf8mb4_unicode_520_ci;

--
-- Dumping data for table `wpve_actionscheduler_actions`
--

INSERT INTO `wpve_actionscheduler_actions` VALUES (677,'action_scheduler/migration_hook','failed','2025-01-30 07:31:28','2025-01-30 09:31:28',10,'[]','O:30:\"ActionScheduler_SimpleSchedule\":2:{s:22:\"\0*\0scheduled_timestamp\";i:1738222288;s:41:\"\0ActionScheduler_SimpleSchedule\0timestamp\";i:1738222288;}',1,1,'2025-01-30 07:31:56','2025-01-30 09:31:56',0,NULL),(684,'action_scheduler/migration_hook','failed','2025-01-30 07:38:56','2025-01-30 09:38:56',10,'[]','O:30:\"ActionScheduler_SimpleSchedule\":2:{s:22:\"\0*\0scheduled_timestamp\";i:1738222736;s:41:\"\0ActionScheduler_SimpleSchedule\0timestamp\";i:1738222736;}',1,1,'2025-01-30 07:39:37','2025-01-30 09:39:37',0,NULL),(686,'action_scheduler/migration_hook','failed','2025-01-30 07:54:40','2025-01-30 09:54:40',10,'[]','O:30:\"ActionScheduler_SimpleSchedule\":2:{s:22:\"\0*\0scheduled_timestamp\";i:1738223680;s:41:\"\0ActionScheduler_SimpleSchedule\0timestamp\";i:1738223680;}',1,1,'2025-01-30 07:54:46','2025-01-30 09:54:46',0,NULL),(818,'action_scheduler_run_recurring_actions_schedule_hook','complete','2025-10-08 04:21:02','2025-10-08 06:21:02',20,'[]','O:32:\"ActionScheduler_IntervalSchedule\":5:{s:22:\"\0*\0scheduled_timestamp\";i:1759897262;s:18:\"\0*\0first_timestamp\";i:1755264587;s:13:\"\0*\0recurrence\";i:86400;s:49:\"\0ActionScheduler_IntervalSchedule\0start_timestamp\";i:1759897262;s:53:\"\0ActionScheduler_IntervalSchedule\0interval_in_seconds\";i:86400;}',3,1,'2025-10-08 04:24:24','2025-10-08 06:24:24',9940,NULL),(808,'rank_math/analytics/data_fetch','complete','2025-10-06 07:13:46','2025-10-06 09:13:46',10,'[]','O:32:\"ActionScheduler_IntervalSchedule\":5:{s:22:\"\0*\0scheduled_timestamp\";i:1759734826;s:18:\"\0*\0first_timestamp\";i:1738404240;s:13:\"\0*\0recurrence\";i:604800;s:49:\"\0ActionScheduler_IntervalSchedule\0start_timestamp\";i:1759734826;s:53:\"\0ActionScheduler_IntervalSchedule\0interval_in_seconds\";i:604800;}',2,1,'2025-10-06 07:16:19','2025-10-06 09:16:19',9812,NULL),(809,'action_scheduler_run_recurring_actions_schedule_hook','complete','2025-09-30 23:47:06','2025-10-01 01:47:06',20,'[]','O:32:\"ActionScheduler_IntervalSchedule\":5:{s:22:\"\0*\0scheduled_timestamp\";i:1759276026;s:18:\"\0*\0first_timestamp\";i:1755264587;s:13:\"\0*\0recurrence\";i:86400;s:49:\"\0ActionScheduler_IntervalSchedule\0start_timestamp\";i:1759276026;s:53:\"\0ActionScheduler_IntervalSchedule\0interval_in_seconds\";i:86400;}',3,1,'2025-10-01 00:20:59','2025-10-01 02:20:59',8977,NULL),(813,'action_scheduler_run_recurring_actions_schedule_hook','complete','2025-10-04 01:30:55','2025-10-04 03:30:55',20,'[]','O:32:\"ActionScheduler_IntervalSchedule\":5:{s:22:\"\0*\0scheduled_timestamp\";i:1759541455;s:18:\"\0*\0first_timestamp\";i:1755264587;s:13:\"\0*\0recurrence\";i:86400;s:49:\"\0ActionScheduler_IntervalSchedule\0start_timestamp\";i:1759541455;s:53:\"\0ActionScheduler_IntervalSchedule\0interval_in_seconds\";i:86400;}',3,1,'2025-10-04 02:46:44','2025-10-04 04:46:44',9725,NULL),(799,'rank_math/analytics/data_fetch','complete','2025-09-29 06:50:34','2025-09-29 08:50:34',10,'[]','O:32:\"ActionScheduler_IntervalSchedule\":5:{s:22:\"\0*\0scheduled_timestamp\";i:1759128634;s:18:\"\0*\0first_timestamp\";i:1738404240;s:13:\"\0*\0recurrence\";i:604800;s:49:\"\0ActionScheduler_IntervalSchedule\0start_timestamp\";i:1759128634;s:53:\"\0ActionScheduler_IntervalSchedule\0interval_in_seconds\";i:604800;}',2,1,'2025-09-29 07:13:46','2025-09-29 09:13:46',8504,NULL),(700,'action_scheduler/migration_hook','failed','2025-02-12 16:54:46','2025-02-12 18:54:46',10,'[]','O:30:\"ActionScheduler_SimpleSchedule\":2:{s:22:\"\0*\0scheduled_timestamp\";i:1739379286;s:41:\"\0ActionScheduler_SimpleSchedule\0timestamp\";i:1739379286;}',1,1,'2025-02-12 16:55:41','2025-02-12 18:55:41',0,NULL),(825,'action_scheduler_run_recurring_actions_schedule_hook','complete','2025-10-14 23:12:41','2025-10-15 01:12:41',20,'[]','O:32:\"ActionScheduler_IntervalSchedule\":5:{s:22:\"\0*\0scheduled_timestamp\";i:1760483561;s:18:\"\0*\0first_timestamp\";i:1755264587;s:13:\"\0*\0recurrence\";i:86400;s:49:\"\0ActionScheduler_IntervalSchedule\0start_timestamp\";i:1760483561;s:53:\"\0ActionScheduler_IntervalSchedule\0interval_in_seconds\";i:86400;}',3,1,'2025-10-14 23:33:01','2025-10-15 01:33:01',10452,NULL),(793,'action_scheduler/migration_hook','complete','2025-09-18 07:23:36','2025-09-18 09:23:36',10,'[]','O:30:\"ActionScheduler_SimpleSchedule\":2:{s:22:\"\0*\0scheduled_timestamp\";i:1758180216;s:41:\"\0ActionScheduler_SimpleSchedule\0timestamp\";i:1758180216;}',1,1,'2025-09-18 07:23:46','2025-09-18 09:23:46',7902,NULL),(829,'action_scheduler_run_recurring_actions_schedule_hook','pending','2025-10-19 06:35:14','2025-10-19 08:35:14',20,'[]','O:32:\"ActionScheduler_IntervalSchedule\":5:{s:22:\"\0*\0scheduled_timestamp\";i:1760855714;s:18:\"\0*\0first_timestamp\";i:1755264587;s:13:\"\0*\0recurrence\";i:86400;s:49:\"\0ActionScheduler_IntervalSchedule\0start_timestamp\";i:1760855714;s:53:\"\0ActionScheduler_IntervalSchedule\0interval_in_seconds\";i:86400;}',3,0,'0000-00-00 00:00:00','0000-00-00 00:00:00',0,NULL),(791,'action_scheduler_run_recurring_actions_schedule_hook','complete','2025-09-18 16:59:39','2025-09-18 18:59:39',20,'[]','O:32:\"ActionScheduler_IntervalSchedule\":5:{s:22:\"\0*\0scheduled_timestamp\";i:1758214779;s:18:\"\0*\0first_timestamp\";i:1755264587;s:13:\"\0*\0recurrence\";i:86400;s:49:\"\0ActionScheduler_IntervalSchedule\0start_timestamp\";i:1758214779;s:53:\"\0ActionScheduler_IntervalSchedule\0interval_in_seconds\";i:86400;}',3,1,'2025-09-18 17:07:53','2025-09-18 19:07:53',7947,NULL),(794,'action_scheduler/migration_hook','complete','2025-09-18 07:25:01','2025-09-18 09:25:01',10,'[]','O:30:\"ActionScheduler_SimpleSchedule\":2:{s:22:\"\0*\0scheduled_timestamp\";i:1758180301;s:41:\"\0ActionScheduler_SimpleSchedule\0timestamp\";i:1758180301;}',1,1,'2025-09-18 07:25:21','2025-09-18 09:25:21',7905,NULL),(797,'action_scheduler_run_recurring_actions_schedule_hook','complete','2025-09-21 17:45:49','2025-09-21 19:45:49',20,'[]','O:32:\"ActionScheduler_IntervalSchedule\":5:{s:22:\"\0*\0scheduled_timestamp\";i:1758476749;s:18:\"\0*\0first_timestamp\";i:1755264587;s:13:\"\0*\0recurrence\";i:86400;s:49:\"\0ActionScheduler_IntervalSchedule\0start_timestamp\";i:1758476749;s:53:\"\0ActionScheduler_IntervalSchedule\0interval_in_seconds\";i:86400;}',3,1,'2025-09-21 18:47:37','2025-09-21 20:47:37',8068,NULL),(792,'action_scheduler/migration_hook','complete','2025-09-18 07:21:27','2025-09-18 09:21:27',10,'[]','O:30:\"ActionScheduler_SimpleSchedule\":2:{s:22:\"\0*\0scheduled_timestamp\";i:1758180087;s:41:\"\0ActionScheduler_SimpleSchedule\0timestamp\";i:1758180087;}',1,1,'2025-09-18 07:21:37','2025-09-18 09:21:37',7897,NULL),(817,'rank_math/analytics/data_fetch','complete','2025-10-13 07:16:19','2025-10-13 09:16:19',10,'[]','O:32:\"ActionScheduler_IntervalSchedule\":5:{s:22:\"\0*\0scheduled_timestamp\";i:1760339779;s:18:\"\0*\0first_timestamp\";i:1738404240;s:13:\"\0*\0recurrence\";i:604800;s:49:\"\0ActionScheduler_IntervalSchedule\0start_timestamp\";i:1760339779;s:53:\"\0ActionScheduler_IntervalSchedule\0interval_in_seconds\";i:604800;}',2,1,'2025-10-13 08:12:36','2025-10-13 10:12:36',10305,NULL),(810,'action_scheduler/migration_hook','complete','2025-09-30 17:17:49','2025-09-30 19:17:49',10,'[]','O:30:\"ActionScheduler_SimpleSchedule\":2:{s:22:\"\0*\0scheduled_timestamp\";i:1759252669;s:41:\"\0ActionScheduler_SimpleSchedule\0timestamp\";i:1759252669;}',1,1,'2025-09-30 17:18:24','2025-09-30 19:18:24',8715,NULL),(796,'action_scheduler_run_recurring_actions_schedule_hook','complete','2025-09-20 17:28:53','2025-09-20 19:28:53',20,'[]','O:32:\"ActionScheduler_IntervalSchedule\":5:{s:22:\"\0*\0scheduled_timestamp\";i:1758389333;s:18:\"\0*\0first_timestamp\";i:1755264587;s:13:\"\0*\0recurrence\";i:86400;s:49:\"\0ActionScheduler_IntervalSchedule\0start_timestamp\";i:1758389333;s:53:\"\0ActionScheduler_IntervalSchedule\0interval_in_seconds\";i:86400;}',3,1,'2025-09-20 17:45:49','2025-09-20 19:45:49',8036,NULL),(798,'action_scheduler_run_recurring_actions_schedule_hook','complete','2025-09-22 18:47:37','2025-09-22 20:47:37',20,'[]','O:32:\"ActionScheduler_IntervalSchedule\":5:{s:22:\"\0*\0scheduled_timestamp\";i:1758566857;s:18:\"\0*\0first_timestamp\";i:1755264587;s:13:\"\0*\0recurrence\";i:86400;s:49:\"\0ActionScheduler_IntervalSchedule\0start_timestamp\";i:1758566857;s:53:\"\0ActionScheduler_IntervalSchedule\0interval_in_seconds\";i:86400;}',3,1,'2025-09-22 19:47:42','2025-09-22 21:47:42',8115,NULL),(801,'action_scheduler/migration_hook','complete','2025-09-23 10:28:29','2025-09-23 12:28:29',10,'[]','O:30:\"ActionScheduler_SimpleSchedule\":2:{s:22:\"\0*\0scheduled_timestamp\";i:1758623309;s:41:\"\0ActionScheduler_SimpleSchedule\0timestamp\";i:1758623309;}',1,1,'2025-09-23 10:29:22','2025-09-23 12:29:22',8148,NULL),(802,'action_scheduler_run_recurring_actions_schedule_hook','complete','2025-09-24 21:17:59','2025-09-24 23:17:59',20,'[]','O:32:\"ActionScheduler_IntervalSchedule\":5:{s:22:\"\0*\0scheduled_timestamp\";i:1758748679;s:18:\"\0*\0first_timestamp\";i:1755264587;s:13:\"\0*\0recurrence\";i:86400;s:49:\"\0ActionScheduler_IntervalSchedule\0start_timestamp\";i:1758748679;s:53:\"\0ActionScheduler_IntervalSchedule\0interval_in_seconds\";i:86400;}',3,1,'2025-09-24 21:28:16','2025-09-24 23:28:16',8241,NULL),(804,'action_scheduler_run_recurring_actions_schedule_hook','complete','2025-09-26 21:28:27','2025-09-26 23:28:27',20,'[]','O:32:\"ActionScheduler_IntervalSchedule\":5:{s:22:\"\0*\0scheduled_timestamp\";i:1758922107;s:18:\"\0*\0first_timestamp\";i:1755264587;s:13:\"\0*\0recurrence\";i:86400;s:49:\"\0ActionScheduler_IntervalSchedule\0start_timestamp\";i:1758922107;s:53:\"\0ActionScheduler_IntervalSchedule\0interval_in_seconds\";i:86400;}',3,1,'2025-09-26 21:57:05','2025-09-26 23:57:05',8450,NULL),(805,'action_scheduler_run_recurring_actions_schedule_hook','complete','2025-09-27 21:57:05','2025-09-27 23:57:05',20,'[]','O:32:\"ActionScheduler_IntervalSchedule\":5:{s:22:\"\0*\0scheduled_timestamp\";i:1759010225;s:18:\"\0*\0first_timestamp\";i:1755264587;s:13:\"\0*\0recurrence\";i:86400;s:49:\"\0ActionScheduler_IntervalSchedule\0start_timestamp\";i:1759010225;s:53:\"\0ActionScheduler_IntervalSchedule\0interval_in_seconds\";i:86400;}',3,1,'2025-09-27 23:13:41','2025-09-28 01:13:41',8475,NULL),(806,'action_scheduler_run_recurring_actions_schedule_hook','complete','2025-09-28 23:13:41','2025-09-29 01:13:41',20,'[]','O:32:\"ActionScheduler_IntervalSchedule\":5:{s:22:\"\0*\0scheduled_timestamp\";i:1759101221;s:18:\"\0*\0first_timestamp\";i:1755264587;s:13:\"\0*\0recurrence\";i:86400;s:49:\"\0ActionScheduler_IntervalSchedule\0start_timestamp\";i:1759101221;s:53:\"\0ActionScheduler_IntervalSchedule\0interval_in_seconds\";i:86400;}',3,1,'2025-09-28 23:14:06','2025-09-29 01:14:06',8491,NULL),(807,'action_scheduler_run_recurring_actions_schedule_hook','complete','2025-09-29 23:14:06','2025-09-30 01:14:06',20,'[]','O:32:\"ActionScheduler_IntervalSchedule\":5:{s:22:\"\0*\0scheduled_timestamp\";i:1759187646;s:18:\"\0*\0first_timestamp\";i:1755264587;s:13:\"\0*\0recurrence\";i:86400;s:49:\"\0ActionScheduler_IntervalSchedule\0start_timestamp\";i:1759187646;s:53:\"\0ActionScheduler_IntervalSchedule\0interval_in_seconds\";i:86400;}',3,1,'2025-09-29 23:47:06','2025-09-30 01:47:06',8524,NULL),(812,'action_scheduler_run_recurring_actions_schedule_hook','complete','2025-10-03 01:30:33','2025-10-03 03:30:33',20,'[]','O:32:\"ActionScheduler_IntervalSchedule\":5:{s:22:\"\0*\0scheduled_timestamp\";i:1759455033;s:18:\"\0*\0first_timestamp\";i:1755264587;s:13:\"\0*\0recurrence\";i:86400;s:49:\"\0ActionScheduler_IntervalSchedule\0start_timestamp\";i:1759455033;s:53:\"\0ActionScheduler_IntervalSchedule\0interval_in_seconds\";i:86400;}',3,1,'2025-10-03 01:30:55','2025-10-03 03:30:55',9378,NULL),(815,'action_scheduler_run_recurring_actions_schedule_hook','complete','2025-10-06 03:23:18','2025-10-06 05:23:18',20,'[]','O:32:\"ActionScheduler_IntervalSchedule\":5:{s:22:\"\0*\0scheduled_timestamp\";i:1759720998;s:18:\"\0*\0first_timestamp\";i:1755264587;s:13:\"\0*\0recurrence\";i:86400;s:49:\"\0ActionScheduler_IntervalSchedule\0start_timestamp\";i:1759720998;s:53:\"\0ActionScheduler_IntervalSchedule\0interval_in_seconds\";i:86400;}',3,1,'2025-10-06 04:12:10','2025-10-06 06:12:10',9804,NULL),(814,'action_scheduler_run_recurring_actions_schedule_hook','complete','2025-10-05 02:46:44','2025-10-05 04:46:44',20,'[]','O:32:\"ActionScheduler_IntervalSchedule\":5:{s:22:\"\0*\0scheduled_timestamp\";i:1759632404;s:18:\"\0*\0first_timestamp\";i:1755264587;s:13:\"\0*\0recurrence\";i:86400;s:49:\"\0ActionScheduler_IntervalSchedule\0start_timestamp\";i:1759632404;s:53:\"\0ActionScheduler_IntervalSchedule\0interval_in_seconds\";i:86400;}',3,1,'2025-10-05 03:23:18','2025-10-05 05:23:18',9773,NULL),(816,'action_scheduler_run_recurring_actions_schedule_hook','complete','2025-10-07 04:12:10','2025-10-07 06:12:10',20,'[]','O:32:\"ActionScheduler_IntervalSchedule\":5:{s:22:\"\0*\0scheduled_timestamp\";i:1759810330;s:18:\"\0*\0first_timestamp\";i:1755264587;s:13:\"\0*\0recurrence\";i:86400;s:49:\"\0ActionScheduler_IntervalSchedule\0start_timestamp\";i:1759810330;s:53:\"\0ActionScheduler_IntervalSchedule\0interval_in_seconds\";i:86400;}',3,1,'2025-10-07 04:21:02','2025-10-07 06:21:02',9891,NULL),(820,'action_scheduler_run_recurring_actions_schedule_hook','complete','2025-10-10 04:24:32','2025-10-10 06:24:32',20,'[]','O:32:\"ActionScheduler_IntervalSchedule\":5:{s:22:\"\0*\0scheduled_timestamp\";i:1760070272;s:18:\"\0*\0first_timestamp\";i:1755264587;s:13:\"\0*\0recurrence\";i:86400;s:49:\"\0ActionScheduler_IntervalSchedule\0start_timestamp\";i:1760070272;s:53:\"\0ActionScheduler_IntervalSchedule\0interval_in_seconds\";i:86400;}',3,1,'2025-10-10 09:43:09','2025-10-10 11:43:09',10220,NULL),(822,'action_scheduler_run_recurring_actions_schedule_hook','complete','2025-10-12 09:43:22','2025-10-12 11:43:22',20,'[]','O:32:\"ActionScheduler_IntervalSchedule\":5:{s:22:\"\0*\0scheduled_timestamp\";i:1760262202;s:18:\"\0*\0first_timestamp\";i:1755264587;s:13:\"\0*\0recurrence\";i:86400;s:49:\"\0ActionScheduler_IntervalSchedule\0start_timestamp\";i:1760262202;s:53:\"\0ActionScheduler_IntervalSchedule\0interval_in_seconds\";i:86400;}',3,1,'2025-10-12 20:47:03','2025-10-12 22:47:03',10289,NULL),(821,'action_scheduler_run_recurring_actions_schedule_hook','complete','2025-10-11 09:43:09','2025-10-11 11:43:09',20,'[]','O:32:\"ActionScheduler_IntervalSchedule\":5:{s:22:\"\0*\0scheduled_timestamp\";i:1760175789;s:18:\"\0*\0first_timestamp\";i:1755264587;s:13:\"\0*\0recurrence\";i:86400;s:49:\"\0ActionScheduler_IntervalSchedule\0start_timestamp\";i:1760175789;s:53:\"\0ActionScheduler_IntervalSchedule\0interval_in_seconds\";i:86400;}',3,1,'2025-10-11 09:43:22','2025-10-11 11:43:22',10258,NULL),(824,'rank_math/analytics/data_fetch','pending','2025-10-20 08:12:36','2025-10-20 10:12:36',10,'[]','O:32:\"ActionScheduler_IntervalSchedule\":5:{s:22:\"\0*\0scheduled_timestamp\";i:1760947956;s:18:\"\0*\0first_timestamp\";i:1738404240;s:13:\"\0*\0recurrence\";i:604800;s:49:\"\0ActionScheduler_IntervalSchedule\0start_timestamp\";i:1760947956;s:53:\"\0ActionScheduler_IntervalSchedule\0interval_in_seconds\";i:604800;}',2,0,'0000-00-00 00:00:00','0000-00-00 00:00:00',0,NULL),(823,'action_scheduler_run_recurring_actions_schedule_hook','complete','2025-10-13 20:47:03','2025-10-13 22:47:03',20,'[]','O:32:\"ActionScheduler_IntervalSchedule\":5:{s:22:\"\0*\0scheduled_timestamp\";i:1760388423;s:18:\"\0*\0first_timestamp\";i:1755264587;s:13:\"\0*\0recurrence\";i:86400;s:49:\"\0ActionScheduler_IntervalSchedule\0start_timestamp\";i:1760388423;s:53:\"\0ActionScheduler_IntervalSchedule\0interval_in_seconds\";i:86400;}',3,1,'2025-10-13 23:12:41','2025-10-14 01:12:41',10309,NULL),(828,'action_scheduler_run_recurring_actions_schedule_hook','complete','2025-10-18 05:50:20','2025-10-18 07:50:20',20,'[]','O:32:\"ActionScheduler_IntervalSchedule\":5:{s:22:\"\0*\0scheduled_timestamp\";i:1760766620;s:18:\"\0*\0first_timestamp\";i:1755264587;s:13:\"\0*\0recurrence\";i:86400;s:49:\"\0ActionScheduler_IntervalSchedule\0start_timestamp\";i:1760766620;s:53:\"\0ActionScheduler_IntervalSchedule\0interval_in_seconds\";i:86400;}',3,1,'2025-10-18 06:35:14','2025-10-18 08:35:14',10702,NULL),(788,'rank_math/analytics/data_fetch','complete','2025-09-22 06:30:43','2025-09-22 08:30:43',10,'[]','O:32:\"ActionScheduler_IntervalSchedule\":5:{s:22:\"\0*\0scheduled_timestamp\";i:1758522643;s:18:\"\0*\0first_timestamp\";i:1738404240;s:13:\"\0*\0recurrence\";i:604800;s:49:\"\0ActionScheduler_IntervalSchedule\0start_timestamp\";i:1758522643;s:53:\"\0ActionScheduler_IntervalSchedule\0interval_in_seconds\";i:604800;}',2,1,'2025-09-22 06:50:34','2025-09-22 08:50:34',8086,NULL),(795,'action_scheduler_run_recurring_actions_schedule_hook','complete','2025-09-19 17:07:53','2025-09-19 19:07:53',20,'[]','O:32:\"ActionScheduler_IntervalSchedule\":5:{s:22:\"\0*\0scheduled_timestamp\";i:1758301673;s:18:\"\0*\0first_timestamp\";i:1755264587;s:13:\"\0*\0recurrence\";i:86400;s:49:\"\0ActionScheduler_IntervalSchedule\0start_timestamp\";i:1758301673;s:53:\"\0ActionScheduler_IntervalSchedule\0interval_in_seconds\";i:86400;}',3,1,'2025-09-19 17:28:53','2025-09-19 19:28:53',7995,NULL),(800,'action_scheduler_run_recurring_actions_schedule_hook','complete','2025-09-23 19:47:42','2025-09-23 21:47:42',20,'[]','O:32:\"ActionScheduler_IntervalSchedule\":5:{s:22:\"\0*\0scheduled_timestamp\";i:1758656862;s:18:\"\0*\0first_timestamp\";i:1755264587;s:13:\"\0*\0recurrence\";i:86400;s:49:\"\0ActionScheduler_IntervalSchedule\0start_timestamp\";i:1758656862;s:53:\"\0ActionScheduler_IntervalSchedule\0interval_in_seconds\";i:86400;}',3,1,'2025-09-23 21:17:59','2025-09-23 23:17:59',8207,NULL),(803,'action_scheduler_run_recurring_actions_schedule_hook','complete','2025-09-25 21:28:16','2025-09-25 23:28:16',20,'[]','O:32:\"ActionScheduler_IntervalSchedule\":5:{s:22:\"\0*\0scheduled_timestamp\";i:1758835696;s:18:\"\0*\0first_timestamp\";i:1755264587;s:13:\"\0*\0recurrence\";i:86400;s:49:\"\0ActionScheduler_IntervalSchedule\0start_timestamp\";i:1758835696;s:53:\"\0ActionScheduler_IntervalSchedule\0interval_in_seconds\";i:86400;}',3,1,'2025-09-25 21:28:27','2025-09-25 23:28:27',8342,NULL),(811,'action_scheduler_run_recurring_actions_schedule_hook','complete','2025-10-02 00:20:59','2025-10-02 02:20:59',20,'[]','O:32:\"ActionScheduler_IntervalSchedule\":5:{s:22:\"\0*\0scheduled_timestamp\";i:1759364459;s:18:\"\0*\0first_timestamp\";i:1755264587;s:13:\"\0*\0recurrence\";i:86400;s:49:\"\0ActionScheduler_IntervalSchedule\0start_timestamp\";i:1759364459;s:53:\"\0ActionScheduler_IntervalSchedule\0interval_in_seconds\";i:86400;}',3,1,'2025-10-02 01:30:33','2025-10-02 03:30:33',9061,NULL),(819,'action_scheduler_run_recurring_actions_schedule_hook','complete','2025-10-09 04:24:24','2025-10-09 06:24:24',20,'[]','O:32:\"ActionScheduler_IntervalSchedule\":5:{s:22:\"\0*\0scheduled_timestamp\";i:1759983864;s:18:\"\0*\0first_timestamp\";i:1755264587;s:13:\"\0*\0recurrence\";i:86400;s:49:\"\0ActionScheduler_IntervalSchedule\0start_timestamp\";i:1759983864;s:53:\"\0ActionScheduler_IntervalSchedule\0interval_in_seconds\";i:86400;}',3,1,'2025-10-09 04:24:32','2025-10-09 06:24:32',10091,NULL),(826,'action_scheduler_run_recurring_actions_schedule_hook','complete','2025-10-15 23:33:01','2025-10-16 01:33:01',20,'[]','O:32:\"ActionScheduler_IntervalSchedule\":5:{s:22:\"\0*\0scheduled_timestamp\";i:1760571181;s:18:\"\0*\0first_timestamp\";i:1755264587;s:13:\"\0*\0recurrence\";i:86400;s:49:\"\0ActionScheduler_IntervalSchedule\0start_timestamp\";i:1760571181;s:53:\"\0ActionScheduler_IntervalSchedule\0interval_in_seconds\";i:86400;}',3,1,'2025-10-16 04:34:48','2025-10-16 06:34:48',10606,NULL),(827,'action_scheduler_run_recurring_actions_schedule_hook','complete','2025-10-17 04:34:48','2025-10-17 06:34:48',20,'[]','O:32:\"ActionScheduler_IntervalSchedule\":5:{s:22:\"\0*\0scheduled_timestamp\";i:1760675688;s:18:\"\0*\0first_timestamp\";i:1755264587;s:13:\"\0*\0recurrence\";i:86400;s:49:\"\0ActionScheduler_IntervalSchedule\0start_timestamp\";i:1760675688;s:53:\"\0ActionScheduler_IntervalSchedule\0interval_in_seconds\";i:86400;}',3,1,'2025-10-17 05:50:20','2025-10-17 07:50:20',10657,NULL);

--
-- Table structure for table `wpve_actionscheduler_claims`
--

CREATE TABLE `wpve_actionscheduler_claims` (
  `claim_id` bigint(20) unsigned NOT NULL AUTO_INCREMENT,
  `date_created_gmt` datetime DEFAULT '0000-00-00 00:00:00',
  PRIMARY KEY (`claim_id`),
  KEY `date_created_gmt` (`date_created_gmt`)
) ENGINE=MyISAM AUTO_INCREMENT=10725 DEFAULT CHARSET=utf8mb4 COLLATE=utf8mb4_unicode_520_ci;

--
-- Dumping data for table `wpve_actionscheduler_claims`
--


--
-- Table structure for table `wpve_actionscheduler_groups`
--

CREATE TABLE `wpve_actionscheduler_groups` (
  `group_id` bigint(20) unsigned NOT NULL AUTO_INCREMENT,
  `slug` varchar(255) NOT NULL,
  PRIMARY KEY (`group_id`),
  KEY `slug` (`slug`(191))
) ENGINE=MyISAM AUTO_INCREMENT=4 DEFAULT CHARSET=utf8mb4 COLLATE=utf8mb4_unicode_520_ci;

--
-- Dumping data for table `wpve_actionscheduler_groups`
--

INSERT INTO `wpve_actionscheduler_groups` VALUES (1,'action-scheduler-migration'),(2,'rank-math'),(3,'ActionScheduler');

--
-- Table structure for table `wpve_actionscheduler_logs`
--

CREATE TABLE `wpve_actionscheduler_logs` (
  `log_id` bigint(20) unsigned NOT NULL AUTO_INCREMENT,
  `action_id` bigint(20) unsigned NOT NULL,
  `message` text NOT NULL,
  `log_date_gmt` datetime DEFAULT '0000-00-00 00:00:00',
  `log_date_local` datetime DEFAULT '0000-00-00 00:00:00',
  PRIMARY KEY (`log_id`),
  KEY `action_id` (`action_id`),
  KEY `log_date_gmt` (`log_date_gmt`)
) ENGINE=MyISAM AUTO_INCREMENT=459 DEFAULT CHARSET=utf8mb4 COLLATE=utf8mb4_unicode_520_ci;

--
-- Dumping data for table `wpve_actionscheduler_logs`
--

INSERT INTO `wpve_actionscheduler_logs` VALUES (4,677,'action created','2025-01-30 07:30:28','2025-01-30 09:30:28'),(5,677,'action started via WP Cron','2025-01-30 07:31:56','2025-01-30 09:31:56'),(6,677,'action failed via WP Cron: Scheduled action for action_scheduler/migration_hook will not be executed as no callbacks are registered.','2025-01-30 07:31:56','2025-01-30 09:31:56'),(23,684,'action created','2025-01-30 07:37:56','2025-01-30 09:37:56'),(24,684,'action started via WP Cron','2025-01-30 07:39:37','2025-01-30 09:39:37'),(25,684,'action failed via WP Cron: Scheduled action for action_scheduler/migration_hook will not be executed as no callbacks are registered.','2025-01-30 07:39:37','2025-01-30 09:39:37'),(29,686,'action created','2025-01-30 07:53:41','2025-01-30 09:53:41'),(30,686,'action started via WP Cron','2025-01-30 07:54:46','2025-01-30 09:54:46'),(31,686,'action failed via WP Cron: Scheduled action for action_scheduler/migration_hook will not be executed as no callbacks are registered.','2025-01-30 07:54:46','2025-01-30 09:54:46'),(368,799,'action created','2025-09-22 06:50:34','2025-09-22 08:50:34'),(428,819,'action created','2025-10-08 04:24:24','2025-10-08 06:24:24'),(407,812,'action created','2025-10-02 01:30:33','2025-10-02 03:30:33'),(422,817,'action created','2025-10-06 07:16:19','2025-10-06 09:16:19'),(421,808,'action complete via WP Cron','2025-10-06 07:16:19','2025-10-06 09:16:19'),(446,825,'action created','2025-10-13 23:12:41','2025-10-14 01:12:41'),(374,801,'action complete via WP Cron','2025-09-23 10:29:22','2025-09-23 12:29:22'),(420,808,'action started via WP Cron','2025-10-06 07:16:16','2025-10-06 09:16:16'),(419,816,'action created','2025-10-06 04:12:10','2025-10-06 06:12:10'),(71,700,'action created','2025-02-12 16:53:46','2025-02-12 18:53:46'),(72,700,'action started via WP Cron','2025-02-12 16:55:41','2025-02-12 18:55:41'),(73,700,'action failed via WP Cron: Scheduled action for action_scheduler/migration_hook will not be executed as no callbacks are registered.','2025-02-12 16:55:41','2025-02-12 18:55:41'),(344,791,'action created','2025-09-17 16:59:39','2025-09-17 18:59:39'),(347,792,'action complete via WP Cron','2025-09-18 07:21:37','2025-09-18 09:21:37'),(440,823,'action created','2025-10-12 20:47:05','2025-10-12 22:47:05'),(367,788,'action complete via WP Cron','2025-09-22 06:50:34','2025-09-22 08:50:34'),(364,797,'action complete via WP Cron','2025-09-21 18:47:37','2025-09-21 20:47:37'),(366,788,'action started via WP Cron','2025-09-22 06:50:32','2025-09-22 08:50:32'),(439,822,'action complete via WP Cron','2025-10-12 20:47:03','2025-10-12 22:47:03'),(391,806,'action complete via WP Cron','2025-09-28 23:14:06','2025-09-29 01:14:06'),(398,809,'action created','2025-09-29 23:47:06','2025-09-30 01:47:06'),(350,793,'action complete via Async Request','2025-09-18 07:23:46','2025-09-18 09:23:46'),(458,829,'action created','2025-10-18 06:35:14','2025-10-18 08:35:14'),(396,807,'action started via WP Cron','2025-09-29 23:47:06','2025-09-30 01:47:06'),(397,807,'action complete via WP Cron','2025-09-29 23:47:06','2025-09-30 01:47:06'),(445,823,'action complete via WP Cron','2025-10-13 23:12:41','2025-10-14 01:12:41'),(444,823,'action started via WP Cron','2025-10-13 23:12:41','2025-10-14 01:12:41'),(455,828,'action created','2025-10-17 05:50:20','2025-10-17 07:50:20'),(418,815,'action complete via WP Cron','2025-10-06 04:12:10','2025-10-06 06:12:10'),(457,828,'action complete via WP Cron','2025-10-18 06:35:14','2025-10-18 08:35:14'),(456,828,'action started via WP Cron','2025-10-18 06:35:14','2025-10-18 08:35:14'),(349,793,'action started via Async Request','2025-09-18 07:23:46','2025-09-18 09:23:46'),(348,793,'action created','2025-09-18 07:22:36','2025-09-18 09:22:36'),(359,796,'action created','2025-09-19 17:28:53','2025-09-19 19:28:53'),(346,792,'action started via WP Cron','2025-09-18 07:21:37','2025-09-18 09:21:37'),(345,792,'action created','2025-09-18 07:20:27','2025-09-18 09:20:27'),(392,807,'action created','2025-09-28 23:14:06','2025-09-29 01:14:06'),(358,795,'action complete via WP Cron','2025-09-19 17:28:53','2025-09-19 19:28:53'),(357,795,'action started via WP Cron','2025-09-19 17:28:53','2025-09-19 19:28:53'),(362,797,'action created','2025-09-20 17:45:49','2025-09-20 19:45:49'),(361,796,'action complete via WP Cron','2025-09-20 17:45:49','2025-09-20 19:45:49'),(360,796,'action started via WP Cron','2025-09-20 17:45:49','2025-09-20 19:45:49'),(363,797,'action started via WP Cron','2025-09-21 18:47:37','2025-09-21 20:47:37'),(373,801,'action started via WP Cron','2025-09-23 10:29:22','2025-09-23 12:29:22'),(372,801,'action created','2025-09-23 10:27:29','2025-09-23 12:27:29'),(380,803,'action created','2025-09-24 21:28:16','2025-09-24 23:28:16'),(379,802,'action complete via WP Cron','2025-09-24 21:28:16','2025-09-24 23:28:16'),(378,802,'action started via WP Cron','2025-09-24 21:28:15','2025-09-24 23:28:15'),(382,803,'action complete via Async Request','2025-09-25 21:28:27','2025-09-25 23:28:27'),(383,804,'action created','2025-09-25 21:28:27','2025-09-25 23:28:27'),(410,813,'action created','2025-10-03 01:30:55','2025-10-03 03:30:55'),(381,803,'action started via Async Request','2025-09-25 21:28:27','2025-09-25 23:28:27'),(386,805,'action created','2025-09-26 21:57:06','2025-09-26 23:57:06'),(385,804,'action complete via WP Cron','2025-09-26 21:57:05','2025-09-26 23:57:05'),(384,804,'action started via WP Cron','2025-09-26 21:57:05','2025-09-26 23:57:05'),(389,806,'action created','2025-09-27 23:13:41','2025-09-28 01:13:41'),(388,805,'action complete via WP Cron','2025-09-27 23:13:41','2025-09-28 01:13:41'),(387,805,'action started via WP Cron','2025-09-27 23:13:41','2025-09-28 01:13:41'),(390,806,'action started via WP Cron','2025-09-28 23:14:06','2025-09-29 01:14:06'),(406,811,'action complete via WP Cron','2025-10-02 01:30:33','2025-10-02 03:30:33'),(405,811,'action started via WP Cron','2025-10-02 01:30:33','2025-10-02 03:30:33'),(424,816,'action complete via WP Cron','2025-10-07 04:21:02','2025-10-07 06:21:02'),(423,816,'action started via WP Cron','2025-10-07 04:21:02','2025-10-07 06:21:02'),(413,814,'action created','2025-10-04 02:46:44','2025-10-04 04:46:44'),(409,812,'action complete via WP Cron','2025-10-03 01:30:55','2025-10-03 03:30:55'),(408,812,'action started via WP Cron','2025-10-03 01:30:55','2025-10-03 03:30:55'),(412,813,'action complete via WP Cron','2025-10-04 02:46:44','2025-10-04 04:46:44'),(411,813,'action started via WP Cron','2025-10-04 02:46:44','2025-10-04 04:46:44'),(416,815,'action created','2025-10-05 03:23:18','2025-10-05 05:23:18'),(415,814,'action complete via WP Cron','2025-10-05 03:23:18','2025-10-05 05:23:18'),(414,814,'action started via WP Cron','2025-10-05 03:23:17','2025-10-05 05:23:17'),(417,815,'action started via WP Cron','2025-10-06 04:12:10','2025-10-06 06:12:10'),(427,818,'action complete via WP Cron','2025-10-08 04:24:24','2025-10-08 06:24:24'),(426,818,'action started via WP Cron','2025-10-08 04:24:24','2025-10-08 06:24:24'),(431,820,'action created','2025-10-09 04:24:32','2025-10-09 06:24:32'),(430,819,'action complete via WP Cron','2025-10-09 04:24:32','2025-10-09 06:24:32'),(429,819,'action started via WP Cron','2025-10-09 04:24:32','2025-10-09 06:24:32'),(437,822,'action created','2025-10-11 09:43:22','2025-10-11 11:43:22'),(443,824,'action created','2025-10-13 08:12:36','2025-10-13 10:12:36'),(436,821,'action complete via WP Cron','2025-10-11 09:43:22','2025-10-11 11:43:22'),(435,821,'action started via WP Cron','2025-10-11 09:43:21','2025-10-11 11:43:21'),(434,821,'action created','2025-10-10 09:43:09','2025-10-10 11:43:09'),(433,820,'action complete via WP Cron','2025-10-10 09:43:09','2025-10-10 11:43:09'),(432,820,'action started via WP Cron','2025-10-10 09:43:09','2025-10-10 11:43:09'),(442,817,'action complete via WP Cron','2025-10-13 08:12:36','2025-10-13 10:12:36'),(441,817,'action started via WP Cron','2025-10-13 08:12:34','2025-10-13 10:12:34'),(438,822,'action started via WP Cron','2025-10-12 20:47:03','2025-10-12 22:47:03'),(453,827,'action started via WP Cron','2025-10-17 05:50:20','2025-10-17 07:50:20'),(454,827,'action complete via WP Cron','2025-10-17 05:50:20','2025-10-17 07:50:20'),(335,788,'action created','2025-09-15 06:30:43','2025-09-15 08:30:43'),(351,794,'action created','2025-09-18 07:24:01','2025-09-18 09:24:01'),(352,794,'action started via WP Cron','2025-09-18 07:25:21','2025-09-18 09:25:21'),(353,794,'action complete via WP Cron','2025-09-18 07:25:21','2025-09-18 09:25:21'),(354,791,'action started via WP Cron','2025-09-18 17:07:53','2025-09-18 19:07:53'),(355,791,'action complete via WP Cron','2025-09-18 17:07:53','2025-09-18 19:07:53'),(356,795,'action created','2025-09-18 17:07:53','2025-09-18 19:07:53'),(365,798,'action created','2025-09-21 18:47:37','2025-09-21 20:47:37'),(369,798,'action started via WP Cron','2025-09-22 19:47:42','2025-09-22 21:47:42'),(370,798,'action complete via WP Cron','2025-09-22 19:47:42','2025-09-22 21:47:42'),(371,800,'action created','2025-09-22 19:47:42','2025-09-22 21:47:42'),(375,800,'action started via WP Cron','2025-09-23 21:17:59','2025-09-23 23:17:59'),(376,800,'action complete via WP Cron','2025-09-23 21:17:59','2025-09-23 23:17:59'),(377,802,'action created','2025-09-23 21:17:59','2025-09-23 23:17:59'),(393,799,'action started via WP Cron','2025-09-29 07:13:44','2025-09-29 09:13:44'),(394,799,'action complete via WP Cron','2025-09-29 07:13:46','2025-09-29 09:13:46'),(395,808,'action created','2025-09-29 07:13:46','2025-09-29 09:13:46'),(399,810,'action created','2025-09-30 17:16:49','2025-09-30 19:16:49'),(400,810,'action started via WP Cron','2025-09-30 17:18:24','2025-09-30 19:18:24'),(401,810,'action complete via WP Cron','2025-09-30 17:18:24','2025-09-30 19:18:24'),(402,809,'action started via WP Cron','2025-10-01 00:20:59','2025-10-01 02:20:59'),(403,809,'action complete via WP Cron','2025-10-01 00:20:59','2025-10-01 02:20:59'),(404,811,'action created','2025-10-01 00:20:59','2025-10-01 02:20:59'),(425,818,'action created','2025-10-07 04:21:02','2025-10-07 06:21:02'),(447,825,'action started via WP Cron','2025-10-14 23:33:01','2025-10-15 01:33:01'),(448,825,'action complete via WP Cron','2025-10-14 23:33:01','2025-10-15 01:33:01'),(449,826,'action created','2025-10-14 23:33:01','2025-10-15 01:33:01'),(450,826,'action started via WP Cron','2025-10-16 04:34:48','2025-10-16 06:34:48'),(451,826,'action complete via WP Cron','2025-10-16 04:34:48','2025-10-16 06:34:48'),(452,827,'action created','2025-10-16 04:34:48','2025-10-16 06:34:48');

--
-- Table structure for table `wpve_addonlibrary_addons`
--

CREATE TABLE `wpve_addonlibrary_addons` (
  `id` bigint(20) NOT NULL AUTO_INCREMENT,
  `title` varchar(255) DEFAULT NULL,
  `name` varchar(128) DEFAULT NULL,
  `alias` varchar(128) DEFAULT NULL,
  `addontype` varchar(128) DEFAULT NULL,
  `description` text DEFAULT NULL,
  `ordering` int(11) NOT NULL,
  `templates` mediumtext DEFAULT NULL,
  `config` mediumtext DEFAULT NULL,
  `catid` int(11) DEFAULT NULL,
  `is_active` tinyint(4) DEFAULT NULL,
  `test_slot1` text DEFAULT NULL,
  `test_slot2` text DEFAULT NULL,
  `test_slot3` text DEFAULT NULL,
  PRIMARY KEY (`id`)
) ENGINE=MyISAM AUTO_INCREMENT=2 DEFAULT CHARSET=utf8mb4 COLLATE=utf8mb4_unicode_520_ci;

--
-- Dumping data for table `wpve_addonlibrary_addons`
--

INSERT INTO `wpve_addonlibrary_addons` VALUES (1,'Logo Marquee','logo_marquee_elementor','logo_marquee','elementor','The Logo Marquee widget displays multiple logos of your clients or sponsors in a marquee layout, adding dynamic movement and visual interest to your Elementor website.',1,'{\"html\":\"<div class=\\\"uc_logo_marquee {{uc_filtering_addclass}}\\\" id=\\\"{{uc_id}}\\\" style=\\\"direction:ltr;\\\" {{uc_filtering_attributes|raw}}>\\n   <div class=\\\"uc_marquee uc-items-wrapper\\\" data-height=\\\"{{box_height}}\\\" data-speed=\\\"{{transition_speed}}\\\" data-mobile-items=\\\"{{number_of_items_mobile}}\\\" data-tablet-items=\\\"{{number_of_items_tablet}}\\\" data-desktop-items=\\\"{{number_of_items}}\\\" data-mobile-margin=\\\"{{margin_between_items_mobile}}\\\" data-tablet-margin=\\\"{{margin_between_items_tablet}}\\\" data-desktop-margin=\\\"{{margin_between_items_desktop}}\\\" data-paused=\\\"{{autoplay_hover_pause}}\\\" data-direction=\\\"{{direction}}\\\">\\n   \\t\\t{{put_items()}}\\n   <\\/div>\\t\\n<\\/div>\",\"html_item\":\"<div class=\\\"uc_logo_marquee_holder {{item.item_repeater_class}}\\\">\\n\\t  {% if enable_link == \\\"true\\\" %}<a href=\\\"{{item.link|raw}}\\\" {{item.link_html_attributes|raw}}>{% endif %}\\n      <img {% if item.image is not empty %}src=\\\"{{item.image}}\\\"{% else %}src=\\\"{{uc_assets_url}}\\/fallback-img.jpg\\\"{% endif %} alt=\\\"{{item.title|raw}}\\\" class=\\\"ue_img_marquee\\\">\\n      {% if show_title == \\\"true\\\" %}<div class=\\\"ue_marquee_title\\\">{{item.title|raw}}<\\/div>{% endif %}\\t\\n      {% if item.badge is empty %}  \\n      {% else %} \\n          <div class=\\\"ue-item-badge\\\">{{item.badge|raw}}<\\/div>  \\n      {% endif %}\\t\\n      {% if enable_link == \\\"true\\\" %}<\\/a>{% endif %}\\n<\\/div>\",\"css\":\"#{{uc_id}}{\\n  min-height:1px;\\n  text-align: center;\\n  position:relative;\\n  opacity: 0;\\n}\\n\\n#{{uc_id}} *{\\n  box-sizing:border-box;\\n}\\n#{{uc_id}} .uc_marquee {\\n\\tdisplay: flex;\\n\\talign-items: center;\\n\\toverflow: hidden;\\n    position: relative;\\n}\\n#{{uc_id}} .uc_marquee > div {\\n    position:relative;\\n\\tdisplay: inline-flex;\\n\\talign-items: center;\\n\\tflex: 0 0 auto;\\n\\twidth: auto;\\n\\toverflow: hidden;\\n  \\t{% if direction == \\\"left\\\" %}\\n\\t\\tanimation-name: marquee-to-left;\\n    {% elseif direction == \\\"right\\\" %}\\n    \\tanimation-name: marquee-to-right;\\n    {% elseif direction == \\\"up\\\" %}\\n    \\tanimation-name: marquee-to-up;\\n    {% elseif direction == \\\"down\\\" %}\\n    \\tanimation-name: marquee-to-down;\\n    {% endif %}\\n\\tanimation-timing-function: linear;\\n\\tanimation-iteration-count: infinite;\\n    {% if direction == \\\"up\\\" or direction == \\\"down\\\" %}\\n      \\tflex-direction: column;\\n  \\t\\twidth: 100%;\\n    {% endif %}\\n}\\n#{{uc_id}} img{\\n  \\theight: 100%;\\n}\\n\\n#{{uc_id}} .ue_marquee_title\\n{\\n  position:absolute;\\n  bottom:0px;\\n  left: 0;\\n  width:100%;\\n}\\n\\n#{{uc_id}} .uc_logo_marquee_holder{\\n\\tposition:relative;\\n    text-align:center;\\n    overflow:hidden;\\n}\\n\\n{% if direction == \\\"up\\\" or direction == \\\"down\\\" %}\\n#{{uc_id}} .uc_logo_marquee_holder{\\n\\twidth: 100%;\\n}\\n{% endif %}\\n\\n#{{uc_id}} .uc_logo_marquee_holder a{\\n  height:100%;\\n  width: 100%;\\n  display:flex;\\n  align-items: center;\\n  justify-content:center;\\n}\\n\\n\\n{% if direction == \\\"left\\\" %}\\n\\t@keyframes marquee-to-left {\\n\\tfrom {transform: translate(0,0)}\\n\\tto {transform: translate(-50%,0)}\\n}\\n{% endif %}\\t\\n\\n{% if direction == \\\"right\\\" %}\\n\\t@keyframes marquee-to-right {\\n\\tfrom {transform: translate(-50%,0)}\\n\\tto {transform: translate(0,0)}\\n}\\n{% endif %}\\n\\n{% if direction == \\\"up\\\" %}\\n\\t@keyframes marquee-to-up {\\n\\tfrom {transform: translate(0, 25%)}\\n\\tto {transform: translate(0, -25%)}\\n}\\n{% endif %}\\n\\n{% if direction == \\\"down\\\" %}\\n\\t@keyframes marquee-to-down {\\n\\tfrom {transform: translate(0, -25%)}\\n\\tto {transform: translate(0, 25%)}\\n}\\n{% endif %}\\n\\n\\n#{{uc_id}} .ue-item-badge\\n{\\n  position:absolute;\\n  {{badge_horizontal_snap}}:{{badge_horizontal_offset}}px;\\n  {{badge_vertical_snap}}:{{badge_vertical_offset}}px;\\n}\",\"js\":\"jQuery(document).ready(function() {\\n  \\n  var objWrapper = jQuery(\'#{{uc_id}}\');\\n  \\n  \\/\\/show widget after js load\\n  objWrapper.css(\\\"opacity\\\", \\\"1\\\");\\n  \\n  var objMarquee = objWrapper.find(\'.uc_marquee\');\\n  \\n  setTimeout(function(){\\n    UCMarquee(objMarquee);    \\n  },500);\\n  \\n  objWrapper.on(\\\"uc_ajax_refreshed\\\",function(){\\n     \\tUCMarquee(objMarquee);     \\n   });\\n\\n});\"}','{\"options\":{\"enable_items\":1,\"items_section_title\":\"\",\"items_section_heading\":\"\",\"items_title_field\":\"\",\"path_assets\":\"logo_marquee\",\"js_as_module\":false,\"addon_icon\":\"far fa-check-square\",\"dynamic_addon\":\"false\",\"dynamic_post_enable_customfields\":\"false\",\"dynamic_post_enable_category\":\"false\",\"description\":\"The Logo Marquee widget displays multiple logos of your clients or sponsors in a marquee layout, adding dynamic movement and visual interest to your Elementor website.\",\"link_resource\":\"https:\\/\\/unlimited-elements.com\\/docs\\/logo-marquee-for-elementor\\/\",\"link_preview\":\"https:\\/\\/unlimited-elements.com\\/logo-marquee-widget-for-elementor\",\"show_small_icon\":\"true\",\"preview_size\":\"full\",\"preview_custom_width\":\"\",\"preview_bgcol\":\"#ffffff\",\"special\":\"\",\"special_data\":\"\",\"is_free_addon\":true,\"is_new_addon\":false,\"is_trending\":false},\"params\":[{\"type\":\"uc_number\",\"title\":\"Number of items\",\"name\":\"number_of_items\",\"description\":\"\",\"default_value\":\"5\",\"unit\":\"\",\"unit_custom\":\"\",\"min_value\":\"\",\"max_value\":\"\",\"step\":\"\",\"is_responsive\":true,\"default_value_tablet\":\"3\",\"default_value_mobile\":\"1\",\"selector\":\"\",\"selector_value\":\"\",\"__attr_catid__\":\"cat_general_general\",\"value\":\"3\",\"value_tablet\":\"2\",\"value_mobile\":\"1\"},{\"type\":\"uc_radioboolean\",\"title\":\"Autoplay Hover Pause\",\"name\":\"autoplay_hover_pause\",\"description\":\"\",\"enable_condition\":false,\"condition_attribute\":\"\",\"condition_operator\":\"equal\",\"condition_value\":[],\"condition_attribute2\":\"\",\"condition_operator2\":\"equal\",\"condition_value2\":null,\"label_block\":false,\"tabname\":\"\",\"default_value\":\"false\",\"true_name\":\"Yes\",\"true_value\":\"true\",\"false_name\":\"No\",\"false_value\":\"false\",\"is_pro\":true,\"is_responsive\":false,\"default_value_tablet\":\"\",\"default_value_mobile\":\"\",\"__attr_catid__\":\"cat_general_general\"},{\"type\":\"uc_number\",\"title\":\"Margin Between Items Desktop\",\"name\":\"margin_between_items_desktop\",\"description\":\"\",\"enable_condition\":false,\"condition_attribute\":\"\",\"condition_operator\":\"equal\",\"condition_value\":[],\"condition_attribute2\":\"\",\"condition_operator2\":\"equal\",\"condition_value2\":null,\"label_block\":false,\"tabname\":\"\",\"default_value\":\"30\",\"unit\":\"\",\"unit_custom\":\"\",\"min_value\":\"\",\"max_value\":\"\",\"step\":\"\",\"is_responsive\":false,\"default_value_tablet\":\"\",\"default_value_mobile\":\"\",\"selector\":\"\",\"selector_value\":\"\",\"show_more_selectors\":false,\"selector2\":\"\",\"selector2_value\":\"\",\"selector3\":\"\",\"selector3_value\":\"\",\"__attr_catid__\":\"cat_general_general\"},{\"type\":\"uc_number\",\"title\":\"Margin Between Items Tablet\",\"name\":\"margin_between_items_tablet\",\"description\":\"\",\"enable_condition\":false,\"condition_attribute\":\"\",\"condition_operator\":\"equal\",\"condition_value\":[],\"condition_attribute2\":\"\",\"condition_operator2\":\"equal\",\"condition_value2\":null,\"label_block\":false,\"tabname\":\"\",\"default_value\":\"30\",\"unit\":\"\",\"unit_custom\":\"\",\"min_value\":\"\",\"max_value\":\"\",\"step\":\"\",\"is_responsive\":false,\"default_value_tablet\":\"\",\"default_value_mobile\":\"\",\"selector\":\"\",\"selector_value\":\"\",\"show_more_selectors\":false,\"selector2\":\"\",\"selector2_value\":\"\",\"selector3\":\"\",\"selector3_value\":\"\",\"__attr_catid__\":\"cat_general_general\"},{\"type\":\"uc_number\",\"title\":\"Margin Between Items Mobile\",\"name\":\"margin_between_items_mobile\",\"description\":\"\",\"enable_condition\":false,\"condition_attribute\":\"\",\"condition_operator\":\"equal\",\"condition_value\":[],\"condition_attribute2\":\"\",\"condition_operator2\":\"equal\",\"condition_value2\":null,\"label_block\":false,\"tabname\":\"\",\"default_value\":\"30\",\"unit\":\"\",\"unit_custom\":\"\",\"min_value\":\"\",\"max_value\":\"\",\"step\":\"\",\"is_responsive\":false,\"default_value_tablet\":\"\",\"default_value_mobile\":\"\",\"selector\":\"\",\"selector_value\":\"\",\"show_more_selectors\":false,\"selector2\":\"\",\"selector2_value\":\"\",\"selector3\":\"\",\"selector3_value\":\"\",\"__attr_catid__\":\"cat_general_general\"},{\"type\":\"uc_slider\",\"title\":\"Item Image Width\",\"name\":\"item_image\",\"description\":\"\",\"enable_condition\":false,\"condition_attribute\":\"\",\"condition_operator\":\"equal\",\"condition_value\":[],\"condition_attribute2\":\"\",\"condition_operator2\":\"equal\",\"condition_value2\":null,\"label_block\":false,\"tabname\":\"\",\"default_value\":\"100\",\"min\":\"0\",\"max\":\"1000\",\"step\":\"1\",\"units\":\"percent_px\",\"is_responsive\":true,\"default_value_tablet\":\"\",\"default_value_mobile\":\"\",\"selector\":\".ue_img_marquee\",\"selector_value\":\"width: {{SIZE}}{{UNIT}};\",\"show_more_selectors\":false,\"selector2\":\"\",\"selector2_value\":\"width: {{SIZE}}{{UNIT}};\",\"selector3\":\"\",\"selector3_value\":\"width: {{SIZE}}{{UNIT}};\",\"__attr_catid__\":\"cat_style_qx6xkp9h\"},{\"type\":\"uc_dropdown\",\"title\":\"Item Height Type\",\"name\":\"item_height_type\",\"description\":\"\",\"enable_condition\":false,\"condition_attribute\":\"\",\"condition_operator\":\"equal\",\"condition_value\":[],\"condition_attribute2\":\"\",\"condition_operator2\":\"equal\",\"condition_value2\":null,\"label_block\":false,\"tabname\":\"\",\"options\":{\"Fixed\":\"fixed\",\"Auto\":\"auto\"},\"default_value\":\"fixed\",\"selector\":\"\",\"selector_value\":\"\",\"show_more_selectors\":false,\"selector2\":\"\",\"selector2_value\":\"\",\"selector3\":\"\",\"selector3_value\":\"\",\"is_responsive\":false,\"default_value_tablet\":\"\",\"default_value_mobile\":\"\",\"php_filter_name\":\"\",\"__attr_catid__\":\"cat_style_qx6xkp9h\"},{\"type\":\"uc_slider\",\"title\":\"Item Height\",\"name\":\"box_height\",\"description\":\"\",\"enable_condition\":true,\"condition_attribute\":\"item_height_type\",\"condition_operator\":\"equal\",\"condition_value\":[\"fixed\"],\"condition_attribute2\":\"\",\"condition_operator2\":\"equal\",\"condition_value2\":null,\"label_block\":false,\"tabname\":\"\",\"default_value\":\"200\",\"min\":\"100\",\"max\":\"500\",\"step\":\"1\",\"units\":\"px\",\"is_responsive\":true,\"default_value_tablet\":\"\",\"default_value_mobile\":\"\",\"selector\":\".uc_logo_marquee_holder\",\"selector_value\":\"height: {{SIZE}}{{UNIT}};\",\"show_more_selectors\":false,\"selector2\":\"\",\"selector2_value\":\"width: {{SIZE}}{{UNIT}};\",\"selector3\":\"\",\"selector3_value\":\"width: {{SIZE}}{{UNIT}};\",\"__attr_catid__\":\"cat_style_qx6xkp9h\"},{\"type\":\"uc_colorpicker\",\"title\":\"Item Background\",\"name\":\"box_background\",\"description\":\"\",\"enable_condition\":false,\"condition_attribute\":\"\",\"condition_operator\":\"equal\",\"condition_value\":null,\"condition_attribute2\":\"\",\"condition_operator2\":\"equal\",\"condition_value2\":null,\"label_block\":false,\"tabname\":\"\",\"default_value\":\"#ffffff\",\"selector\":\".uc_logo_marquee_holder\",\"selector_value\":\"background-color:{{VALUE}};\",\"show_more_selectors\":false,\"selector2\":\"\",\"selector2_value\":\"\",\"selector3\":\"\",\"selector3_value\":\"\",\"__attr_catid__\":\"cat_style_qx6xkp9h\"},{\"type\":\"uc_slider\",\"title\":\"Item Border Radius\",\"name\":\"item_border_radius\",\"description\":\"\",\"enable_condition\":false,\"condition_attribute\":\"\",\"condition_operator\":\"equal\",\"condition_value\":null,\"condition_attribute2\":\"\",\"condition_operator2\":\"equal\",\"condition_value2\":null,\"label_block\":false,\"tabname\":\"\",\"default_value\":\"0\",\"min\":\"0\",\"max\":\"100\",\"step\":\"1\",\"units\":\"px\",\"is_responsive\":false,\"default_value_tablet\":\"\",\"default_value_mobile\":\"\",\"selector\":\".uc_logo_marquee_holder\",\"selector_value\":\"border-radius: {{SIZE}}{{UNIT}};\",\"show_more_selectors\":false,\"selector2\":\"\",\"selector2_value\":\"width: {{SIZE}}{{UNIT}};\",\"selector3\":\"\",\"selector3_value\":\"width: {{SIZE}}{{UNIT}};\",\"__attr_catid__\":\"cat_style_qx6xkp9h\"},{\"type\":\"uc_padding\",\"title\":\"Item Padding\",\"name\":\"item_padding\",\"description\":\"\",\"enable_condition\":false,\"condition_attribute\":\"\",\"condition_operator\":\"equal\",\"condition_value\":null,\"condition_attribute2\":\"\",\"condition_operator2\":\"equal\",\"condition_value2\":null,\"label_block\":false,\"tabname\":\"\",\"is_responsive\":true,\"desktop_top\":\"20\",\"desktop_right\":\"20\",\"desktop_bottom\":\"20\",\"desktop_left\":\"20\",\"tablet_top\":\"\",\"tablet_right\":\"\",\"tablet_bottom\":\"\",\"tablet_left\":\"\",\"mobile_top\":\"\",\"mobile_right\":\"\",\"mobile_bottom\":\"\",\"mobile_left\":\"\",\"selector\":\".uc_logo_marquee_holder\",\"__attr_catid__\":\"cat_style_qx6xkp9h\"},{\"type\":\"uc_border\",\"title\":\"Item Border\",\"name\":\"item_border\",\"description\":\"\",\"enable_condition\":false,\"condition_attribute\":\"\",\"condition_operator\":\"equal\",\"condition_value\":null,\"condition_attribute2\":\"\",\"condition_operator2\":\"equal\",\"condition_value2\":null,\"label_block\":false,\"tabname\":\"\",\"border_type\":\"solid\",\"border_color\":\"#d7d7d7\",\"width_desktop_top\":\"1\",\"width_desktop_right\":\"1\",\"width_desktop_bottom\":\"1\",\"width_desktop_left\":\"1\",\"width_tablet_top\":\"\",\"width_tablet_right\":\"\",\"width_tablet_bottom\":\"\",\"width_tablet_left\":\"\",\"width_mobile_top\":\"\",\"width_mobile_right\":\"\",\"width_mobile_bottom\":\"\",\"width_mobile_left\":\"\",\"selector\":\".uc_logo_marquee_holder\",\"__attr_catid__\":\"cat_style_qx6xkp9h\"},{\"type\":\"uc_number\",\"title\":\"Speed\",\"name\":\"transition_speed\",\"description\":\"\",\"default_value\":\"3000\",\"unit\":\"\",\"unit_custom\":\"\",\"min_value\":\"\",\"max_value\":\"\",\"step\":\"\",\"is_responsive\":false,\"default_value_tablet\":\"\",\"default_value_mobile\":\"\",\"selector\":\"\",\"selector_value\":\"\",\"__attr_catid__\":\"cat_general_general\"},{\"type\":\"uc_dropdown\",\"title\":\"Direction\",\"name\":\"direction\",\"description\":\"\",\"enable_condition\":false,\"condition_attribute\":\"\",\"condition_operator\":\"equal\",\"condition_value\":[],\"condition_attribute2\":\"\",\"condition_operator2\":\"equal\",\"condition_value2\":null,\"label_block\":false,\"tabname\":\"\",\"options\":{\"Left\":\"left\",\"Right\":\"right\",\"Up\":\"up\",\"Down\":\"down\"},\"default_value\":\"left\",\"pro_options\":[\"right\",\"up\",\"down\"],\"is_pro\":true,\"selector\":\"\",\"selector_value\":\"\",\"show_more_selectors\":false,\"selector2\":\"\",\"selector2_value\":\"\",\"selector3\":\"\",\"selector3_value\":\"\",\"is_responsive\":false,\"default_value_tablet\":\"\",\"default_value_mobile\":\"\",\"php_filter_name\":\"\",\"__attr_catid__\":\"cat_general_general\"},{\"type\":\"uc_special\",\"title\":\"Item Image Size\",\"name\":\"item_image_size\",\"description\":\"\",\"enable_condition\":false,\"condition_attribute\":\"\",\"condition_operator\":\"equal\",\"condition_value\":[],\"condition_attribute2\":\"\",\"condition_operator2\":\"equal\",\"condition_value2\":null,\"label_block\":false,\"tabname\":\"\",\"attribute_type\":\"items_image_size\",\"entrance_animation_item_class\":\"\",\"schema_title_name\":\"\",\"schema_content_name\":\"\",\"image_size_param_name\":\"\",\"__attr_catid__\":\"cat_general_general\"},{\"type\":\"uc_listing\",\"title\":\"Source\",\"name\":\"multisource\",\"description\":\"\",\"enable_condition\":false,\"condition_attribute\":\"\",\"condition_operator\":\"equal\",\"condition_value\":[],\"condition_attribute2\":\"\",\"condition_operator2\":\"equal\",\"condition_value2\":null,\"label_block\":false,\"tabname\":\"\",\"use_for\":\"items\",\"gallery_enable_video\":false,\"enable_pagination\":true,\"enable_ajax\":true,\"multisource_included_attributes\":\"image,link\",\"multisource_attributes_defaults\":\"\",\"remote_type\":\"parent\",\"controller_more_parents\":false,\"__attr_catid__\":\"cat_content_yztssred\"},{\"type\":\"uc_css_filters\",\"title\":\"Item CSS Filter\",\"name\":\"item_css_filter\",\"description\":\"\",\"enable_condition\":false,\"condition_attribute\":\"\",\"condition_operator\":\"equal\",\"condition_value\":[],\"condition_attribute2\":\"\",\"condition_operator2\":\"equal\",\"condition_value2\":null,\"label_block\":false,\"tabname\":\"\",\"selector\":\".uc_logo_marquee_holder\",\"__attr_catid__\":\"cat_style_qx6xkp9h\"},{\"type\":\"uc_css_filters\",\"title\":\"Item CSS Filter Hover\",\"name\":\"item_css_filter_hover\",\"description\":\"\",\"enable_condition\":false,\"condition_attribute\":\"\",\"condition_operator\":\"equal\",\"condition_value\":[],\"condition_attribute2\":\"\",\"condition_operator2\":\"equal\",\"condition_value2\":null,\"label_block\":false,\"tabname\":\"\",\"selector\":\".uc_logo_marquee_holder:hover\",\"__attr_catid__\":\"cat_style_qx6xkp9h\"},{\"type\":\"uc_radioboolean\",\"title\":\"Show Title\",\"name\":\"show_title\",\"description\":\"\",\"enable_condition\":false,\"condition_attribute\":\"\",\"condition_operator\":\"equal\",\"condition_value\":[],\"condition_attribute2\":\"\",\"condition_operator2\":\"equal\",\"condition_value2\":null,\"label_block\":false,\"tabname\":\"\",\"default_value\":\"false\",\"true_name\":\"Yes\",\"true_value\":\"true\",\"false_name\":\"No\",\"false_value\":\"false\",\"is_pro\":true,\"is_responsive\":false,\"default_value_tablet\":\"\",\"default_value_mobile\":\"\",\"__attr_catid__\":\"cat_general_general\"},{\"type\":\"uc_typography\",\"title\":\"Title Typography\",\"name\":\"title_typography\",\"description\":\"\",\"enable_condition\":false,\"condition_attribute\":\"\",\"condition_operator\":\"equal\",\"condition_value\":[],\"condition_attribute2\":\"\",\"condition_operator2\":\"equal\",\"condition_value2\":null,\"label_block\":false,\"tabname\":\"\",\"selector1\":\".ue_marquee_title\",\"selector2\":\"\",\"selector3\":\"\",\"__attr_catid__\":\"cat_style_fxt944ss\"},{\"type\":\"uc_colorpicker\",\"title\":\"Title Color\",\"name\":\"title_color\",\"description\":\"\",\"enable_condition\":false,\"condition_attribute\":\"\",\"condition_operator\":\"equal\",\"condition_value\":[],\"condition_attribute2\":\"\",\"condition_operator2\":\"equal\",\"condition_value2\":null,\"label_block\":false,\"tabname\":\"\",\"default_value\":\"\",\"selector\":\".ue_marquee_title\",\"selector_value\":\"color:{{VALUE}};\",\"show_more_selectors\":false,\"selector2\":\"\",\"selector2_value\":\"\",\"selector3\":\"\",\"selector3_value\":\"\",\"__attr_catid__\":\"cat_style_fxt944ss\"},{\"type\":\"uc_colorpicker\",\"title\":\"Title Background\",\"name\":\"title_background\",\"description\":\"\",\"enable_condition\":false,\"condition_attribute\":\"\",\"condition_operator\":\"equal\",\"condition_value\":[],\"condition_attribute2\":\"\",\"condition_operator2\":\"equal\",\"condition_value2\":null,\"label_block\":false,\"tabname\":\"\",\"default_value\":\"\",\"selector\":\".ue_marquee_title\",\"selector_value\":\"background-color:{{VALUE}};\",\"show_more_selectors\":false,\"selector2\":\"\",\"selector2_value\":\"\",\"selector3\":\"\",\"selector3_value\":\"\",\"__attr_catid__\":\"cat_style_fxt944ss\"},{\"type\":\"uc_padding\",\"title\":\"Title Padding\",\"name\":\"title_padding\",\"description\":\"\",\"enable_condition\":false,\"condition_attribute\":\"\",\"condition_operator\":\"equal\",\"condition_value\":[],\"condition_attribute2\":\"\",\"condition_operator2\":\"equal\",\"condition_value2\":null,\"label_block\":false,\"tabname\":\"\",\"is_responsive\":true,\"desktop_top\":\"\",\"desktop_right\":\"\",\"desktop_bottom\":\"\",\"desktop_left\":\"\",\"tablet_top\":\"\",\"tablet_right\":\"\",\"tablet_bottom\":\"\",\"tablet_left\":\"\",\"mobile_top\":\"\",\"mobile_right\":\"\",\"mobile_bottom\":\"\",\"mobile_left\":\"\",\"selector\":\".ue_marquee_title\",\"add_units\":\"\",\"__attr_catid__\":\"cat_style_fxt944ss\"},{\"type\":\"uc_slider\",\"title\":\"Badge Min Height\",\"name\":\"badge_min_height\",\"description\":\"\",\"enable_condition\":false,\"condition_attribute\":\"\",\"condition_operator\":\"equal\",\"condition_value\":null,\"label_block\":false,\"default_value\":\"0\",\"min\":\"0\",\"max\":\"200\",\"step\":\"1\",\"units\":\"px\",\"is_responsive\":true,\"default_value_tablet\":\"\",\"default_value_mobile\":\"\",\"selector\":\".ue-item-badge\",\"selector_value\":\"min-height: {{SIZE}}{{UNIT}};\",\"show_more_selectors\":false,\"selector2\":\"\",\"selector2_value\":\"width: {{SIZE}}{{UNIT}};\",\"selector3\":\"\",\"selector3_value\":\"width: {{SIZE}}{{UNIT}};\",\"__attr_catid__\":\"cat_style_yojoqkr3\"},{\"type\":\"uc_slider\",\"title\":\"Badge Min Width\",\"name\":\"badge_min_width\",\"description\":\"\",\"enable_condition\":false,\"condition_attribute\":\"\",\"condition_operator\":\"equal\",\"condition_value\":null,\"label_block\":false,\"default_value\":\"0\",\"min\":\"0\",\"max\":\"200\",\"step\":\"1\",\"units\":\"px\",\"is_responsive\":true,\"default_value_tablet\":\"\",\"default_value_mobile\":\"\",\"selector\":\".ue-item-badge\",\"selector_value\":\"min-width: {{SIZE}}{{UNIT}};\",\"show_more_selectors\":false,\"selector2\":\"\",\"selector2_value\":\"width: {{SIZE}}{{UNIT}};\",\"selector3\":\"\",\"selector3_value\":\"width: {{SIZE}}{{UNIT}};\",\"__attr_catid__\":\"cat_style_yojoqkr3\"},{\"type\":\"uc_typography\",\"title\":\"Typography\",\"name\":\"sale_label_typography\",\"description\":\"\",\"enable_condition\":false,\"condition_attribute\":\"\",\"condition_operator\":\"equal\",\"condition_value\":null,\"label_block\":false,\"selector1\":\".ue-item-badge\",\"selector2\":\"\",\"selector3\":\"\",\"__attr_catid__\":\"cat_style_yojoqkr3\"},{\"type\":\"uc_colorpicker\",\"title\":\"Color\",\"name\":\"sale_label_color\",\"description\":\"\",\"enable_condition\":false,\"condition_attribute\":\"\",\"condition_operator\":\"equal\",\"condition_value\":null,\"label_block\":false,\"default_value\":\"#ffffff\",\"selector\":\".ue-item-badge\",\"selector_value\":\"color:{{VALUE}};\",\"show_more_selectors\":false,\"selector2\":\"\",\"selector2_value\":\"\",\"selector3\":\"\",\"selector3_value\":\"\",\"__attr_catid__\":\"cat_style_yojoqkr3\"},{\"type\":\"uc_colorpicker\",\"title\":\"Background\",\"name\":\"sale_label_background_color\",\"description\":\"\",\"enable_condition\":false,\"condition_attribute\":\"\",\"condition_operator\":\"equal\",\"condition_value\":null,\"label_block\":false,\"default_value\":\"#3E3FF0\",\"selector\":\".ue-item-badge\",\"selector_value\":\"background-color:{{VALUE}};\",\"show_more_selectors\":false,\"selector2\":\"\",\"selector2_value\":\"\",\"selector3\":\"\",\"selector3_value\":\"\",\"__attr_catid__\":\"cat_style_yojoqkr3\"},{\"type\":\"uc_padding\",\"title\":\"Padding\",\"name\":\"sale_label_padding\",\"description\":\"\",\"enable_condition\":false,\"condition_attribute\":\"\",\"condition_operator\":\"equal\",\"condition_value\":null,\"label_block\":false,\"is_responsive\":true,\"desktop_top\":\"10\",\"desktop_right\":\"10\",\"desktop_bottom\":\"10\",\"desktop_left\":\"10\",\"tablet_top\":\"\",\"tablet_right\":\"\",\"tablet_bottom\":\"\",\"tablet_left\":\"\",\"mobile_top\":\"\",\"mobile_right\":\"\",\"mobile_bottom\":\"\",\"mobile_left\":\"\",\"selector\":\".ue-item-badge\",\"__attr_catid__\":\"cat_style_yojoqkr3\"},{\"type\":\"uc_slider\",\"title\":\"Radius\",\"name\":\"sale_label_radius\",\"description\":\"\",\"enable_condition\":false,\"condition_attribute\":\"\",\"condition_operator\":\"equal\",\"condition_value\":null,\"label_block\":false,\"default_value\":\"3\",\"min\":\"0\",\"max\":\"100\",\"step\":\"1\",\"units\":\"px\",\"is_responsive\":true,\"default_value_tablet\":\"\",\"default_value_mobile\":\"\",\"selector\":\".ue-item-badge\",\"selector_value\":\"border-radius: {{SIZE}}{{UNIT}};\",\"show_more_selectors\":false,\"selector2\":\"\",\"selector2_value\":\"width: {{SIZE}}{{UNIT}};\",\"selector3\":\"\",\"selector3_value\":\"width: {{SIZE}}{{UNIT}};\",\"__attr_catid__\":\"cat_style_yojoqkr3\"},{\"type\":\"uc_border\",\"title\":\"Badge Border\",\"name\":\"badge_border\",\"description\":\"\",\"enable_condition\":false,\"condition_attribute\":\"\",\"condition_operator\":\"equal\",\"condition_value\":null,\"label_block\":false,\"border_type\":\"none\",\"border_color\":\"\",\"width_desktop_top\":\"\",\"width_desktop_right\":\"\",\"width_desktop_bottom\":\"\",\"width_desktop_left\":\"\",\"width_tablet_top\":\"\",\"width_tablet_right\":\"\",\"width_tablet_bottom\":\"\",\"width_tablet_left\":\"\",\"width_mobile_top\":\"\",\"width_mobile_right\":\"\",\"width_mobile_bottom\":\"\",\"width_mobile_left\":\"\",\"selector\":\".ue-item-badge\",\"__attr_catid__\":\"cat_style_yojoqkr3\"},{\"type\":\"uc_dropdown\",\"title\":\"Badge Horizontal Snap\",\"name\":\"badge_horizontal_snap\",\"description\":\"\",\"enable_condition\":true,\"condition_attribute\":\"\",\"condition_operator\":\"equal\",\"condition_value\":null,\"label_block\":false,\"options\":{\"Left\":\"left\",\"Right\":\"right\"},\"default_value\":\"right\",\"selector\":\"\",\"selector_value\":\"\",\"show_more_selectors\":false,\"selector2\":\"\",\"selector2_value\":\"\",\"selector3\":\"\",\"selector3_value\":\"\",\"is_responsive\":false,\"default_value_tablet\":\"\",\"default_value_mobile\":\"\",\"__attr_catid__\":\"cat_style_yojoqkr3\"},{\"type\":\"uc_number\",\"title\":\"Badge Horizontal Offset\",\"name\":\"badge_horizontal_offset\",\"description\":\"\",\"enable_condition\":true,\"condition_attribute\":\"\",\"condition_operator\":\"equal\",\"condition_value\":null,\"label_block\":false,\"default_value\":\"10\",\"unit\":\"px\",\"unit_custom\":\"\",\"min_value\":\"\",\"max_value\":\"\",\"step\":\"\",\"is_responsive\":false,\"default_value_tablet\":\"\",\"default_value_mobile\":\"\",\"selector\":\"\",\"selector_value\":\"\",\"show_more_selectors\":false,\"selector2\":\"\",\"selector2_value\":\"\",\"selector3\":\"\",\"selector3_value\":\"\",\"__attr_catid__\":\"cat_style_yojoqkr3\"},{\"type\":\"uc_dropdown\",\"title\":\"Badge Vertical Snap\",\"name\":\"badge_vertical_snap\",\"description\":\"\",\"enable_condition\":false,\"condition_attribute\":\"\",\"condition_operator\":\"equal\",\"condition_value\":null,\"label_block\":false,\"options\":{\"Top\":\"top\",\"Bottom\":\"bottom\"},\"default_value\":\"top\",\"selector\":\"\",\"selector_value\":\"\",\"show_more_selectors\":false,\"selector2\":\"\",\"selector2_value\":\"\",\"selector3\":\"\",\"selector3_value\":\"\",\"is_responsive\":false,\"default_value_tablet\":\"\",\"default_value_mobile\":\"\",\"__attr_catid__\":\"cat_style_yojoqkr3\"},{\"type\":\"uc_number\",\"title\":\"Badge Vertical Offset\",\"name\":\"badge_vertical_offset\",\"description\":\"\",\"enable_condition\":true,\"condition_attribute\":\"\",\"condition_operator\":\"equal\",\"condition_value\":null,\"label_block\":false,\"default_value\":\"10\",\"unit\":\"px\",\"unit_custom\":\"\",\"min_value\":\"\",\"max_value\":\"\",\"step\":\"\",\"is_responsive\":false,\"default_value_tablet\":\"\",\"default_value_mobile\":\"\",\"selector\":\"\",\"selector_value\":\"\",\"show_more_selectors\":false,\"selector2\":\"\",\"selector2_value\":\"\",\"selector3\":\"\",\"selector3_value\":\"\",\"__attr_catid__\":\"cat_style_yojoqkr3\"},{\"type\":\"uc_radioboolean\",\"title\":\"Enable Link\",\"name\":\"enable_link\",\"description\":\"\",\"enable_condition\":false,\"condition_attribute\":\"\",\"condition_operator\":\"equal\",\"condition_value\":[],\"condition_attribute2\":\"\",\"condition_operator2\":\"equal\",\"condition_value2\":null,\"label_block\":false,\"tabname\":\"\",\"default_value\":\"false\",\"true_name\":\"Yes\",\"true_value\":\"true\",\"false_name\":\"No\",\"false_value\":\"false\",\"is_pro\":true,\"is_responsive\":false,\"default_value_tablet\":\"\",\"default_value_mobile\":\"\",\"__attr_catid__\":\"cat_general_general\"},{\"type\":\"uc_boxshadow\",\"title\":\"Box Shadow\",\"name\":\"box_shadow\",\"description\":\"\",\"enable_condition\":false,\"condition_attribute\":\"\",\"condition_operator\":\"equal\",\"condition_value\":[],\"condition_attribute2\":\"\",\"condition_operator2\":\"equal\",\"condition_value2\":null,\"label_block\":false,\"tabname\":\"\",\"selector\":\".uc_logo_marquee_holder\",\"__attr_catid__\":\"cat_style_qx6xkp9h\"},{\"type\":\"uc_dropdown\",\"title\":\"Item Image Display\",\"name\":\"item_image_display\",\"description\":\"\",\"enable_condition\":false,\"condition_attribute\":\"\",\"condition_operator\":\"equal\",\"condition_value\":[],\"condition_attribute2\":\"\",\"condition_operator2\":\"equal\",\"condition_value2\":null,\"label_block\":false,\"tabname\":\"\",\"options\":{\"inline-block\":\"inline-block\",\"block\":\"block\"},\"default_value\":\"inline-block\",\"selector\":\".ue_img_marquee\",\"selector_value\":\"display:{{VALUE}};\",\"show_more_selectors\":false,\"selector2\":\"\",\"selector2_value\":\"\",\"selector3\":\"\",\"selector3_value\":\"\",\"is_responsive\":false,\"default_value_tablet\":\"\",\"default_value_mobile\":\"\",\"php_filter_name\":\"\",\"__attr_catid__\":\"cat_style_qx6xkp9h\"},{\"type\":\"uc_dropdown\",\"title\":\"Title Align\",\"name\":\"title_align\",\"description\":\"\",\"enable_condition\":false,\"condition_attribute\":\"\",\"condition_operator\":\"equal\",\"condition_value\":[],\"condition_attribute2\":\"\",\"condition_operator2\":\"equal\",\"condition_value2\":null,\"label_block\":false,\"tabname\":\"\",\"options\":{\"Left\":\"left\",\"Center\":\"center\",\"Right\":\"right\"},\"default_value\":\"center\",\"selector\":\".ue_marquee_title\",\"selector_value\":\"text-align: {{VALUE}};\",\"show_more_selectors\":false,\"selector2\":\"\",\"selector2_value\":\"\",\"selector3\":\"\",\"selector3_value\":\"\",\"is_responsive\":false,\"default_value_tablet\":\"\",\"default_value_mobile\":\"\",\"php_filter_name\":\"\",\"__attr_catid__\":\"cat_style_fxt944ss\"},{\"type\":\"uc_textshadow\",\"title\":\"Text Shadow\",\"name\":\"text_shadow\",\"description\":\"\",\"enable_condition\":false,\"condition_attribute\":\"\",\"condition_operator\":\"equal\",\"condition_value\":[],\"condition_attribute2\":\"\",\"condition_operator2\":\"equal\",\"condition_value2\":null,\"label_block\":false,\"tabname\":\"\",\"selector\":\".ue_marquee_title\",\"__attr_catid__\":\"cat_style_fxt944ss\"},{\"type\":\"uc_dropdown\",\"title\":\"Item Image Object Fit\",\"name\":\"item_object_fit\",\"description\":\"\",\"enable_condition\":false,\"condition_attribute\":\"\",\"condition_operator\":\"equal\",\"condition_value\":[],\"condition_attribute2\":\"\",\"condition_operator2\":\"equal\",\"condition_value2\":null,\"label_block\":false,\"tabname\":\"\",\"options\":{\"Contain\":\"contain\",\"Cover\":\"cover\",\"Fill\":\"fill\"},\"default_value\":\"contain\",\"selector\":\"img\",\"selector_value\":\"object-fit: {{VALUE}};\",\"show_more_selectors\":false,\"selector2\":\"\",\"selector2_value\":\"\",\"selector3\":\"\",\"selector3_value\":\"\",\"is_responsive\":true,\"default_value_tablet\":\"\",\"default_value_mobile\":\"\",\"php_filter_name\":\"\",\"__attr_catid__\":\"cat_style_qx6xkp9h\"},{\"type\":\"uc_dropdown\",\"title\":\"Item Image Object Position\",\"name\":\"item_object_position\",\"description\":\"\",\"enable_condition\":false,\"condition_attribute\":\"\",\"condition_operator\":\"equal\",\"condition_value\":[],\"condition_attribute2\":\"\",\"condition_operator2\":\"equal\",\"condition_value2\":null,\"label_block\":false,\"tabname\":\"\",\"options\":{\"Center\":\"center\",\"Top\":\"top\",\"Right\":\"right\",\"Bottom\":\"bottom\",\"Left\":\"left\"},\"default_value\":\"center\",\"selector\":\"img\",\"selector_value\":\"object-position: {{VALUE}};\",\"show_more_selectors\":false,\"selector2\":\"\",\"selector2_value\":\"\",\"selector3\":\"\",\"selector3_value\":\"\",\"is_responsive\":true,\"default_value_tablet\":\"\",\"default_value_mobile\":\"\",\"php_filter_name\":\"\",\"__attr_catid__\":\"cat_style_qx6xkp9h\"}],\"params_items\":[{\"type\":\"uc_textfield\",\"title\":\"Title\",\"name\":\"title\",\"description\":\"Used for image alt\",\"default_value\":\"Default Title\",\"font_editable\":false},{\"type\":\"uc_image\",\"title\":\"Image\",\"name\":\"image\",\"description\":\"\",\"add_thumb\":\"false\",\"add_thumb_large\":\"false\",\"default_value\":\"[url_assets]\\/img3.jpg\"},{\"type\":\"uc_link\",\"title\":\"Link\",\"name\":\"link\",\"description\":\"\",\"default_value\":\"#\"},{\"type\":\"uc_textfield\",\"title\":\"Badge\",\"name\":\"badge\",\"description\":\"\",\"enable_condition\":false,\"condition_attribute\":null,\"condition_operator\":\"equal\",\"condition_value\":[],\"condition_attribute2\":null,\"condition_operator2\":\"equal\",\"condition_value2\":null,\"label_block\":false,\"tabname\":\"\",\"default_value\":\"\",\"font_editable\":false,\"placeholder\":\"\",\"disable_dynamic\":false},{\"type\":\"uc_colorpicker\",\"title\":\"Badge BG Color Override\",\"name\":\"badge_bg_color_override\",\"description\":\"\",\"enable_condition\":false,\"condition_attribute\":null,\"condition_operator\":\"equal\",\"condition_value\":[],\"condition_attribute2\":null,\"condition_operator2\":\"equal\",\"condition_value2\":null,\"label_block\":false,\"tabname\":\"\",\"default_value\":\"\",\"selector\":\"{{CURRENT_ITEM}} .ue-item-badge\",\"selector_value\":\"background-color:{{VALUE}};\",\"show_more_selectors\":false,\"selector2\":\"\",\"selector2_value\":\"\",\"selector3\":\"\",\"selector3_value\":\"\"}],\"includes\":{\"js\":[{\"url\":\"logo_marquee\\/logo-marquee.js\",\"condition\":null,\"params\":null}],\"jslib\":[\"jquery\",\"font-awsome\"],\"css\":[]},\"variables_item\":[],\"variables_main\":[],\"params_cats\":[{\"enable_condition\":false,\"condition_attribute\":\"\",\"condition_operator\":\"equal\",\"condition_value\":[],\"condition_attribute2\":\"\",\"condition_operator2\":\"equal\",\"condition_value2\":null,\"id\":\"cat_content_yztssred\",\"title\":\"Source\",\"tab\":\"content\"},{\"id\":\"cat_general_general\",\"title\":\"General\",\"tab\":\"content\"},{\"id\":\"cat_style_qx6xkp9h\",\"title\":\"Item\",\"tab\":\"style\"},{\"enable_condition\":false,\"condition_attribute\":\"\",\"condition_operator\":\"equal\",\"condition_value\":[],\"condition_attribute2\":\"\",\"condition_operator2\":\"equal\",\"condition_value2\":null,\"id\":\"cat_style_fxt944ss\",\"title\":\"Title\",\"tab\":\"style\"},{\"params\":[{\"type\":\"uc_slider\",\"title\":\"Badge Min Height\",\"name\":\"badge_min_height\",\"description\":\"\",\"enable_condition\":false,\"condition_attribute\":\"\",\"condition_operator\":\"equal\",\"condition_value\":null,\"label_block\":false,\"default_value\":\"0\",\"min\":\"0\",\"max\":\"200\",\"step\":\"1\",\"units\":\"px\",\"is_responsive\":true,\"default_value_tablet\":\"\",\"default_value_mobile\":\"\",\"selector\":\".ue-item-badge\",\"selector_value\":\"min-height: {{SIZE}}{{UNIT}};\",\"show_more_selectors\":false,\"selector2\":\"\",\"selector2_value\":\"width: {{SIZE}}{{UNIT}};\",\"selector3\":\"\",\"selector3_value\":\"width: {{SIZE}}{{UNIT}};\",\"__attr_catid__\":\"cat_style_yojoqkr3\"},{\"type\":\"uc_slider\",\"title\":\"Badge Min Width\",\"name\":\"badge_min_width\",\"description\":\"\",\"enable_condition\":false,\"condition_attribute\":\"\",\"condition_operator\":\"equal\",\"condition_value\":null,\"label_block\":false,\"default_value\":\"0\",\"min\":\"0\",\"max\":\"200\",\"step\":\"1\",\"units\":\"px\",\"is_responsive\":true,\"default_value_tablet\":\"\",\"default_value_mobile\":\"\",\"selector\":\".ue-item-badge\",\"selector_value\":\"min-width: {{SIZE}}{{UNIT}};\",\"show_more_selectors\":false,\"selector2\":\"\",\"selector2_value\":\"width: {{SIZE}}{{UNIT}};\",\"selector3\":\"\",\"selector3_value\":\"width: {{SIZE}}{{UNIT}};\",\"__attr_catid__\":\"cat_style_yojoqkr3\"},{\"type\":\"uc_typography\",\"title\":\"Typography\",\"name\":\"sale_label_typography\",\"description\":\"\",\"enable_condition\":false,\"condition_attribute\":\"\",\"condition_operator\":\"equal\",\"condition_value\":null,\"label_block\":false,\"selector1\":\".ue-item-badge\",\"selector2\":\"\",\"selector3\":\"\",\"__attr_catid__\":\"cat_style_yojoqkr3\"},{\"type\":\"uc_colorpicker\",\"title\":\"Color\",\"name\":\"sale_label_color\",\"description\":\"\",\"enable_condition\":false,\"condition_attribute\":\"\",\"condition_operator\":\"equal\",\"condition_value\":null,\"label_block\":false,\"default_value\":\"#ffffff\",\"selector\":\".ue-item-badge\",\"selector_value\":\"color:{{VALUE}};\",\"show_more_selectors\":false,\"selector2\":\"\",\"selector2_value\":\"\",\"selector3\":\"\",\"selector3_value\":\"\",\"__attr_catid__\":\"cat_style_yojoqkr3\"},{\"type\":\"uc_colorpicker\",\"title\":\"Background\",\"name\":\"sale_label_background_color\",\"description\":\"\",\"enable_condition\":false,\"condition_attribute\":\"\",\"condition_operator\":\"equal\",\"condition_value\":null,\"label_block\":false,\"default_value\":\"#3E3FF0\",\"selector\":\".ue-item-badge\",\"selector_value\":\"background-color:{{VALUE}};\",\"show_more_selectors\":false,\"selector2\":\"\",\"selector2_value\":\"\",\"selector3\":\"\",\"selector3_value\":\"\",\"__attr_catid__\":\"cat_style_yojoqkr3\"},{\"type\":\"uc_padding\",\"title\":\"Padding\",\"name\":\"sale_label_padding\",\"description\":\"\",\"enable_condition\":false,\"condition_attribute\":\"\",\"condition_operator\":\"equal\",\"condition_value\":null,\"label_block\":false,\"is_responsive\":true,\"desktop_top\":\"10\",\"desktop_right\":\"10\",\"desktop_bottom\":\"10\",\"desktop_left\":\"10\",\"tablet_top\":\"\",\"tablet_right\":\"\",\"tablet_bottom\":\"\",\"tablet_left\":\"\",\"mobile_top\":\"\",\"mobile_right\":\"\",\"mobile_bottom\":\"\",\"mobile_left\":\"\",\"selector\":\".ue-item-badge\",\"__attr_catid__\":\"cat_style_yojoqkr3\"},{\"type\":\"uc_slider\",\"title\":\"Radius\",\"name\":\"sale_label_radius\",\"description\":\"\",\"enable_condition\":false,\"condition_attribute\":\"\",\"condition_operator\":\"equal\",\"condition_value\":null,\"label_block\":false,\"default_value\":\"3\",\"min\":\"0\",\"max\":\"100\",\"step\":\"1\",\"units\":\"px\",\"is_responsive\":true,\"default_value_tablet\":\"\",\"default_value_mobile\":\"\",\"selector\":\".ue-item-badge\",\"selector_value\":\"border-radius: {{SIZE}}{{UNIT}};\",\"show_more_selectors\":false,\"selector2\":\"\",\"selector2_value\":\"width: {{SIZE}}{{UNIT}};\",\"selector3\":\"\",\"selector3_value\":\"width: {{SIZE}}{{UNIT}};\",\"__attr_catid__\":\"cat_style_yojoqkr3\"},{\"type\":\"uc_border\",\"title\":\"Badge Border\",\"name\":\"badge_border\",\"description\":\"\",\"enable_condition\":false,\"condition_attribute\":\"\",\"condition_operator\":\"equal\",\"condition_value\":null,\"label_block\":false,\"border_type\":\"none\",\"border_color\":\"\",\"width_desktop_top\":\"\",\"width_desktop_right\":\"\",\"width_desktop_bottom\":\"\",\"width_desktop_left\":\"\",\"width_tablet_top\":\"\",\"width_tablet_right\":\"\",\"width_tablet_bottom\":\"\",\"width_tablet_left\":\"\",\"width_mobile_top\":\"\",\"width_mobile_right\":\"\",\"width_mobile_bottom\":\"\",\"width_mobile_left\":\"\",\"selector\":\".ue-item-badge\",\"__attr_catid__\":\"cat_style_yojoqkr3\"},{\"type\":\"uc_dropdown\",\"title\":\"Badge Horizontal Snap\",\"name\":\"badge_horizontal_snap\",\"description\":\"\",\"enable_condition\":true,\"condition_attribute\":\"\",\"condition_operator\":\"equal\",\"condition_value\":null,\"label_block\":false,\"options\":{\"Left\":\"left\",\"Right\":\"right\"},\"default_value\":\"right\",\"selector\":\"\",\"selector_value\":\"\",\"show_more_selectors\":false,\"selector2\":\"\",\"selector2_value\":\"\",\"selector3\":\"\",\"selector3_value\":\"\",\"is_responsive\":false,\"default_value_tablet\":\"\",\"default_value_mobile\":\"\",\"__attr_catid__\":\"cat_style_yojoqkr3\"},{\"type\":\"uc_number\",\"title\":\"Badge Horizontal Offset\",\"name\":\"badge_horizontal_offset\",\"description\":\"\",\"enable_condition\":true,\"condition_attribute\":\"\",\"condition_operator\":\"equal\",\"condition_value\":null,\"label_block\":false,\"default_value\":\"10\",\"unit\":\"px\",\"unit_custom\":\"\",\"min_value\":\"\",\"max_value\":\"\",\"step\":\"\",\"is_responsive\":false,\"default_value_tablet\":\"\",\"default_value_mobile\":\"\",\"selector\":\"\",\"selector_value\":\"\",\"show_more_selectors\":false,\"selector2\":\"\",\"selector2_value\":\"\",\"selector3\":\"\",\"selector3_value\":\"\",\"__attr_catid__\":\"cat_style_yojoqkr3\"},{\"type\":\"uc_dropdown\",\"title\":\"Badge Vertical Snap\",\"name\":\"badge_vertical_snap\",\"description\":\"\",\"enable_condition\":false,\"condition_attribute\":\"\",\"condition_operator\":\"equal\",\"condition_value\":null,\"label_block\":false,\"options\":{\"Top\":\"top\",\"Bottom\":\"bottom\"},\"default_value\":\"top\",\"selector\":\"\",\"selector_value\":\"\",\"show_more_selectors\":false,\"selector2\":\"\",\"selector2_value\":\"\",\"selector3\":\"\",\"selector3_value\":\"\",\"is_responsive\":false,\"default_value_tablet\":\"\",\"default_value_mobile\":\"\",\"__attr_catid__\":\"cat_style_yojoqkr3\"},{\"type\":\"uc_number\",\"title\":\"Badge Vertical Offset\",\"name\":\"badge_vertical_offset\",\"description\":\"\",\"enable_condition\":true,\"condition_attribute\":\"\",\"condition_operator\":\"equal\",\"condition_value\":null,\"label_block\":false,\"default_value\":\"10\",\"unit\":\"px\",\"unit_custom\":\"\",\"min_value\":\"\",\"max_value\":\"\",\"step\":\"\",\"is_responsive\":false,\"default_value_tablet\":\"\",\"default_value_mobile\":\"\",\"selector\":\"\",\"selector_value\":\"\",\"show_more_selectors\":false,\"selector2\":\"\",\"selector2_value\":\"\",\"selector3\":\"\",\"selector3_value\":\"\",\"__attr_catid__\":\"cat_style_yojoqkr3\"}],\"expire\":1701089597035,\"id\":\"cat_style_yojoqkr3\",\"title\":\"Badge\",\"tab\":\"style\"}]}',1,1,NULL,'{\"config\":{\"number_of_items\":\"3\",\"number_of_items_tablet\":\"3\",\"number_of_items_mobile\":\"1\",\"autoplay_hover_pause\":\"true\",\"show_arrows\":\"true\",\"show_dots\":\"block\",\"margin_between_items\":\"20\",\"box_height\":\"200\",\"box_height_tablet\":\"\",\"box_height_mobile\":\"\",\"box_background\":\"#ffffff\",\"item_border_radius\":\"0\",\"item_padding\":{\"top\":\"20\",\"right\":\"20\",\"bottom\":\"20\",\"left\":\"20\",\"tablet_top\":\"\",\"tablet_right\":\"\",\"tablet_bottom\":\"\",\"tablet_left\":\"\",\"mobile_top\":\"\",\"mobile_right\":\"\",\"mobile_bottom\":\"\",\"mobile_left\":\"\",\"unit\":\"px\"},\"left_arrow\":\"fas fa-chevron-left\",\"right_arrow\":\"fas fa-chevron-right\",\"nav_dots_size\":\"8\",\"dot_color\":\"#c6c6c6\",\"dot_active_color\":\"#000000\",\"dot_spacing\":\"20\",\"dot_space_between\":\"5\",\"dot_alignment_unite_selected_text\":\"Center\",\"dot_alignment\":\"center\",\"autoplay_timeout\":\"0\",\"transition_speed\":\"1000\"},\"items\":[{\"title\":\"Item 1\",\"image\":\"[url_assets]\\/logo1.png\",\"link\":\"#\"},{\"title\":\"Item 2\",\"image\":\"[url_assets]\\/logo2.png\",\"link\":\"#\"},{\"title\":\"Item 3\",\"image\":\"[url_assets]\\/logo3.png\",\"link\":\"#\"},{\"title\":\"Item 4\",\"image\":\"[url_assets]\\/logo4.png\",\"link\":\"#\"},{\"title\":\"Item 5\",\"image\":\"[url_assets]\\/logo6.png\",\"link\":\"#\"},{\"title\":\"Item 6\",\"image\":\"[url_assets]\\/logo6.png\",\"link\":\"#\"}]}',NULL);

--
-- Table structure for table `wpve_addonlibrary_categories`
--

CREATE TABLE `wpve_addonlibrary_categories` (
  `id` int(9) NOT NULL AUTO_INCREMENT,
  `title` varchar(255) NOT NULL,
  `alias` varchar(255) DEFAULT NULL,
  `ordering` int(11) NOT NULL,
  `params` text NOT NULL,
  `type` tinytext DEFAULT NULL,
  `parent_id` int(9) DEFAULT NULL,
  PRIMARY KEY (`id`)
) ENGINE=MyISAM AUTO_INCREMENT=2 DEFAULT CHARSET=utf8mb4 COLLATE=utf8mb4_unicode_520_ci;

--
-- Dumping data for table `wpve_addonlibrary_categories`
--

INSERT INTO `wpve_addonlibrary_categories` VALUES (1,'Marketing Widgets','marketing_widgets',1,'','elementor',NULL);

--
-- Table structure for table `wpve_asenha_cfgroup_sessions`
--

CREATE TABLE `wpve_asenha_cfgroup_sessions` (
  `id` varchar(32) NOT NULL,
  `data` text DEFAULT NULL,
  `expires` varchar(10) DEFAULT NULL,
  PRIMARY KEY (`id`)
) ENGINE=InnoDB DEFAULT CHARSET=utf8mb3 COLLATE=utf8mb3_general_ci;

--
-- Dumping data for table `wpve_asenha_cfgroup_sessions`
--


--
-- Table structure for table `wpve_asenha_cfgroup_values`
--

CREATE TABLE `wpve_asenha_cfgroup_values` (
  `id` int(10) unsigned NOT NULL AUTO_INCREMENT,
  `field_id` int(10) unsigned DEFAULT NULL,
  `meta_id` int(10) unsigned DEFAULT NULL,
  `post_id` int(10) unsigned DEFAULT NULL,
  `base_field_id` int(10) unsigned DEFAULT 0,
  `hierarchy` text DEFAULT NULL,
  `depth` int(10) unsigned DEFAULT 0,
  `weight` int(10) unsigned DEFAULT 0,
  `sub_weight` int(10) unsigned DEFAULT 0,
  PRIMARY KEY (`id`),
  KEY `field_id_idx` (`field_id`),
  KEY `post_id_idx` (`post_id`)
) ENGINE=InnoDB DEFAULT CHARSET=utf8mb3 COLLATE=utf8mb3_general_ci;

--
-- Dumping data for table `wpve_asenha_cfgroup_values`
--


--
-- Table structure for table `wpve_asenha_email_delivery`
--

CREATE TABLE `wpve_asenha_email_delivery` (
  `id` int(6) unsigned NOT NULL AUTO_INCREMENT,
  `status` enum('successful','failed','unknown') NOT NULL DEFAULT 'unknown',
  `error` varchar(250) NOT NULL DEFAULT '',
  `subject` varchar(250) NOT NULL DEFAULT '',
  `message` longtext NOT NULL DEFAULT '',
  `send_to` varchar(256) NOT NULL DEFAULT '',
  `sender` varchar(256) NOT NULL DEFAULT '',
  `reply_to` varchar(256) NOT NULL DEFAULT '',
  `headers` text NOT NULL DEFAULT '',
  `content_type` text NOT NULL DEFAULT '',
  `attachments` text NOT NULL DEFAULT '',
  `backtrace` text NOT NULL DEFAULT '',
  `processor` text NOT NULL DEFAULT '',
  `sent_on` datetime NOT NULL DEFAULT '0000-00-00 00:00:00',
  `sent_on_unixtime` int(10) NOT NULL DEFAULT 0,
  `extra` longtext NOT NULL DEFAULT '',
  PRIMARY KEY (`id`)
) ENGINE=InnoDB DEFAULT CHARSET=utf8mb4 COLLATE=utf8mb4_unicode_520_ci;

--
-- Dumping data for table `wpve_asenha_email_delivery`
--


--
-- Table structure for table `wpve_be_mu_email_emails`
--

CREATE TABLE `wpve_be_mu_email_emails` (
  `row_id` bigint(20) NOT NULL AUTO_INCREMENT,
  `task_id` varchar(10) DEFAULT NULL,
  `from_name` text DEFAULT NULL,
  `from_email` varchar(200) DEFAULT NULL,
  `to_email` varchar(200) DEFAULT NULL,
  `subject` text DEFAULT NULL,
  `message` longtext DEFAULT NULL,
  `status` varchar(20) DEFAULT NULL,
  `unix_time_added` int(11) NOT NULL,
  PRIMARY KEY (`row_id`)
) ENGINE=InnoDB DEFAULT CHARSET=utf8mb3 COLLATE=utf8mb3_general_ci;

--
-- Dumping data for table `wpve_be_mu_email_emails`
--


--
-- Table structure for table `wpve_be_mu_email_tasks`
--

CREATE TABLE `wpve_be_mu_email_tasks` (
  `row_id` bigint(20) NOT NULL AUTO_INCREMENT,
  `task_id` varchar(10) DEFAULT NULL,
  `users` longtext DEFAULT NULL,
  `unix_time_added` int(11) NOT NULL,
  PRIMARY KEY (`row_id`)
) ENGINE=InnoDB DEFAULT CHARSET=utf8mb3 COLLATE=utf8mb3_general_ci;

--
-- Dumping data for table `wpve_be_mu_email_tasks`
--


--
-- Table structure for table `wpve_be_mu_logs`
--

CREATE TABLE `wpve_be_mu_logs` (
  `row_id` bigint(20) NOT NULL AUTO_INCREMENT,
  `type` varchar(50) DEFAULT NULL,
  `task_id` varchar(10) DEFAULT NULL,
  `log` longtext DEFAULT NULL,
  `unix_time_added` int(11) NOT NULL,
  PRIMARY KEY (`row_id`)
) ENGINE=InnoDB DEFAULT CHARSET=utf8mb3 COLLATE=utf8mb3_general_ci;

--
-- Dumping data for table `wpve_be_mu_logs`
--


--
-- Table structure for table `wpve_bv_airlift_config`
--

CREATE TABLE `wpve_bv_airlift_config` (
  `id` bigint(20) NOT NULL AUTO_INCREMENT,
  `url` varchar(255) DEFAULT NULL,
  `similar_post_ids` text DEFAULT NULL,
  `similar_urls` text DEFAULT NULL,
  `config` longtext DEFAULT NULL,
  `category` int(11) DEFAULT NULL,
  `category_value` varchar(255) DEFAULT NULL,
  `time` int(11) DEFAULT NULL,
  PRIMARY KEY (`id`)
) ENGINE=MyISAM DEFAULT CHARSET=utf8mb4 COLLATE=utf8mb4_unicode_520_ci;

--
-- Dumping data for table `wpve_bv_airlift_config`
--


--
-- Table structure for table `wpve_bv_airlift_stats`
--

CREATE TABLE `wpve_bv_airlift_stats` (
  `id` bigint(20) NOT NULL AUTO_INCREMENT,
  `path` varchar(100) DEFAULT NULL,
  `template_config_id` varchar(50) DEFAULT NULL,
  `query_string` text DEFAULT NULL,
  `page_audits` longtext DEFAULT NULL,
  `time` int(11) DEFAULT NULL,
  PRIMARY KEY (`id`)
) ENGINE=MyISAM DEFAULT CHARSET=utf8mb4 COLLATE=utf8mb4_unicode_520_ci;

--
-- Dumping data for table `wpve_bv_airlift_stats`
--


--
-- Table structure for table `wpve_bv_dynamic_sync`
--

CREATE TABLE `wpve_bv_dynamic_sync` (
  `id` bigint(20) NOT NULL AUTO_INCREMENT,
  `site_id` int(11) NOT NULL,
  `event_type` varchar(40) NOT NULL DEFAULT '',
  `event_tag` varchar(40) NOT NULL DEFAULT '',
  `event_data` text NOT NULL DEFAULT '',
  PRIMARY KEY (`id`)
) ENGINE=MyISAM DEFAULT CHARSET=utf8mb4 COLLATE=utf8mb4_unicode_520_ci;

--
-- Dumping data for table `wpve_bv_dynamic_sync`
--


--
-- Table structure for table `wpve_chaty_contact_form_leads`
--

CREATE TABLE `wpve_chaty_contact_form_leads` (
  `id` bigint(11) NOT NULL AUTO_INCREMENT,
  `widget_id` int(11) DEFAULT NULL,
  `name` varchar(100) DEFAULT NULL,
  `email` varchar(100) DEFAULT NULL,
  `phone_number` varchar(100) DEFAULT NULL,
  `message` text DEFAULT NULL,
  `ref_page` text DEFAULT NULL,
  `ip_address` tinytext DEFAULT NULL,
  `created_on` datetime DEFAULT NULL,
  PRIMARY KEY (`id`)
) ENGINE=InnoDB DEFAULT CHARSET=utf8mb4 COLLATE=utf8mb4_unicode_520_ci;

--
-- Dumping data for table `wpve_chaty_contact_form_leads`
--


--
-- Table structure for table `wpve_commentmeta`
--

CREATE TABLE `wpve_commentmeta` (
  `meta_id` bigint(20) unsigned NOT NULL AUTO_INCREMENT,
  `comment_id` bigint(20) unsigned NOT NULL DEFAULT 0,
  `meta_key` varchar(255) DEFAULT NULL,
  `meta_value` longtext DEFAULT NULL,
  PRIMARY KEY (`meta_id`),
  KEY `comment_id` (`comment_id`),
  KEY `meta_key` (`meta_key`(191))
) ENGINE=InnoDB DEFAULT CHARSET=utf8mb4 COLLATE=utf8mb4_unicode_520_ci;

--
-- Dumping data for table `wpve_commentmeta`
--


--
-- Table structure for table `wpve_comments`
--

CREATE TABLE `wpve_comments` (
  `comment_ID` bigint(20) unsigned NOT NULL AUTO_INCREMENT,
  `comment_post_ID` bigint(20) unsigned NOT NULL DEFAULT 0,
  `comment_author` tinytext NOT NULL,
  `comment_author_email` varchar(100) NOT NULL DEFAULT '',
  `comment_author_url` varchar(200) NOT NULL DEFAULT '',
  `comment_author_IP` varchar(100) NOT NULL DEFAULT '',
  `comment_date` datetime NOT NULL DEFAULT '0000-00-00 00:00:00',
  `comment_date_gmt` datetime NOT NULL DEFAULT '0000-00-00 00:00:00',
  `comment_content` text NOT NULL,
  `comment_karma` int(11) NOT NULL DEFAULT 0,
  `comment_approved` varchar(20) NOT NULL DEFAULT '1',
  `comment_agent` varchar(255) NOT NULL DEFAULT '',
  `comment_type` varchar(20) NOT NULL DEFAULT 'comment',
  `comment_parent` bigint(20) unsigned NOT NULL DEFAULT 0,
  `user_id` bigint(20) unsigned NOT NULL DEFAULT 0,
  PRIMARY KEY (`comment_ID`),
  KEY `comment_post_ID` (`comment_post_ID`),
  KEY `comment_approved_date_gmt` (`comment_approved`,`comment_date_gmt`),
  KEY `comment_date_gmt` (`comment_date_gmt`),
  KEY `comment_parent` (`comment_parent`),
  KEY `comment_author_email` (`comment_author_email`(10))
) ENGINE=InnoDB AUTO_INCREMENT=37 DEFAULT CHARSET=utf8mb4 COLLATE=utf8mb4_unicode_520_ci;

--
-- Dumping data for table `wpve_comments`
--

INSERT INTO `wpve_comments` VALUES (1,1,'A WordPress Commenter','wapuu@wordpress.example','https://preview.tonydezigner.com/','','2024-12-19 07:56:52','2024-12-19 07:56:52','Hi, this is a comment.\nTo get started with moderating, editing, and deleting comments, please visit the Comments screen in the dashboard.\nCommenter avatars come from <a href=\"https://gravatar.com/\">Gravatar</a>.',0,'1','','comment',0,0),(36,1,'Ana95','Ana95@gmail.com','','184.146.192.220','2025-10-18 06:49:12','2025-10-18 04:49:12','<a href=\"https://shorturl.fm/sDw2s\" rel=\"nofollow ugc\">https://shorturl.fm/sDw2s</a>',0,'0','Mozilla/5.0 (Windows NT 10.0; Win64; x64) AppleWebKit/537.36 (KHTML, like Gecko) Chrome/120.0.0.0 Safari/537.36','comment',0,0);

--
-- Table structure for table `wpve_e_events`
--

CREATE TABLE `wpve_e_events` (
  `id` bigint(20) unsigned NOT NULL AUTO_INCREMENT,
  `event_data` text DEFAULT NULL,
  `created_at` datetime NOT NULL,
  PRIMARY KEY (`id`),
  KEY `created_at_index` (`created_at`)
) ENGINE=InnoDB AUTO_INCREMENT=3 DEFAULT CHARSET=utf8mb4 COLLATE=utf8mb4_unicode_520_ci;

--
-- Dumping data for table `wpve_e_events`
--

INSERT INTO `wpve_e_events` VALUES (1,'{\"event\":\"modal load\",\"version\":\"\",\"details\":\"{\\\"placement\\\":\\\"Onboarding wizard\\\",\\\"step\\\":\\\"account\\\",\\\"user_state\\\":\\\"anon\\\"}\",\"ts\":\"2024-12-19T10:30:04.552-02:00\"}','2024-12-19 10:30:04'),(2,'{\"event\":\"close modal\",\"version\":\"\",\"details\":\"{\\\"placement\\\":\\\"Onboarding wizard\\\",\\\"step\\\":\\\"account\\\"}\",\"ts\":\"2024-12-19T10:32:07.747-02:00\"}','2024-12-19 10:32:07');

--
-- Table structure for table `wpve_e_notes`
--

CREATE TABLE `wpve_e_notes` (
  `id` bigint(20) unsigned NOT NULL AUTO_INCREMENT,
  `route_url` text DEFAULT NULL COMMENT 'Clean url where the note was created.',
  `route_title` varchar(255) DEFAULT NULL,
  `route_post_id` bigint(20) unsigned DEFAULT NULL COMMENT 'The post id of the route that the note was created on.',
  `post_id` bigint(20) unsigned DEFAULT NULL,
  `element_id` varchar(60) DEFAULT NULL COMMENT 'The Elementor element ID the note is attached to.',
  `parent_id` bigint(20) unsigned NOT NULL DEFAULT 0,
  `author_id` bigint(20) unsigned DEFAULT NULL,
  `author_display_name` varchar(250) DEFAULT NULL COMMENT 'Save the author name when the author was deleted.',
  `status` varchar(20) NOT NULL DEFAULT 'publish',
  `position` text DEFAULT NULL COMMENT 'A JSON string that represents the position of the note inside the element in percentages. e.g. {x:10, y:15}',
  `content` longtext DEFAULT NULL,
  `is_resolved` tinyint(1) NOT NULL DEFAULT 0,
  `is_public` tinyint(1) NOT NULL DEFAULT 1,
  `last_activity_at` datetime DEFAULT NULL,
  `created_at` datetime NOT NULL,
  `updated_at` datetime NOT NULL,
  PRIMARY KEY (`id`),
  KEY `route_url_index` (`route_url`(191)),
  KEY `post_id_index` (`post_id`),
  KEY `element_id_index` (`element_id`),
  KEY `parent_id_index` (`parent_id`),
  KEY `author_id_index` (`author_id`),
  KEY `status_index` (`status`),
  KEY `is_resolved_index` (`is_resolved`),
  KEY `is_public_index` (`is_public`),
  KEY `created_at_index` (`created_at`),
  KEY `updated_at_index` (`updated_at`),
  KEY `last_activity_at_index` (`last_activity_at`)
) ENGINE=InnoDB DEFAULT CHARSET=utf8mb4 COLLATE=utf8mb4_unicode_520_ci;

--
-- Dumping data for table `wpve_e_notes`
--


--
-- Table structure for table `wpve_e_notes_users_relations`
--

CREATE TABLE `wpve_e_notes_users_relations` (
  `id` bigint(20) unsigned NOT NULL AUTO_INCREMENT,
  `type` varchar(60) NOT NULL COMMENT 'The relation type between user and note (e.g mention, watch, read).',
  `note_id` bigint(20) unsigned NOT NULL,
  `user_id` bigint(20) unsigned NOT NULL,
  `created_at` datetime NOT NULL,
  `updated_at` datetime NOT NULL,
  PRIMARY KEY (`id`),
  KEY `type_index` (`type`),
  KEY `note_id_index` (`note_id`),
  KEY `user_id_index` (`user_id`)
) ENGINE=InnoDB DEFAULT CHARSET=utf8mb4 COLLATE=utf8mb4_unicode_520_ci;

--
-- Dumping data for table `wpve_e_notes_users_relations`
--


--
-- Table structure for table `wpve_e_submissions`
--

CREATE TABLE `wpve_e_submissions` (
  `id` bigint(20) unsigned NOT NULL AUTO_INCREMENT,
  `type` varchar(60) DEFAULT NULL,
  `hash_id` varchar(60) NOT NULL,
  `main_meta_id` bigint(20) unsigned NOT NULL COMMENT 'Id of main field. to represent the main meta field',
  `post_id` bigint(20) unsigned NOT NULL,
  `referer` varchar(500) NOT NULL,
  `referer_title` varchar(300) DEFAULT NULL,
  `element_id` varchar(20) NOT NULL,
  `form_name` varchar(60) NOT NULL,
  `campaign_id` bigint(20) unsigned NOT NULL,
  `user_id` bigint(20) unsigned DEFAULT NULL,
  `user_ip` varchar(46) NOT NULL,
  `user_agent` text NOT NULL,
  `actions_count` int(11) DEFAULT 0,
  `actions_succeeded_count` int(11) DEFAULT 0,
  `status` varchar(20) NOT NULL,
  `is_read` tinyint(1) NOT NULL DEFAULT 0,
  `meta` text DEFAULT NULL,
  `created_at_gmt` datetime NOT NULL,
  `updated_at_gmt` datetime NOT NULL,
  `created_at` datetime NOT NULL,
  `updated_at` datetime NOT NULL,
  PRIMARY KEY (`id`),
  UNIQUE KEY `hash_id_unique_index` (`hash_id`),
  KEY `main_meta_id_index` (`main_meta_id`),
  KEY `hash_id_index` (`hash_id`),
  KEY `type_index` (`type`),
  KEY `post_id_index` (`post_id`),
  KEY `element_id_index` (`element_id`),
  KEY `campaign_id_index` (`campaign_id`),
  KEY `user_id_index` (`user_id`),
  KEY `user_ip_index` (`user_ip`),
  KEY `status_index` (`status`),
  KEY `is_read_index` (`is_read`),
  KEY `created_at_gmt_index` (`created_at_gmt`),
  KEY `updated_at_gmt_index` (`updated_at_gmt`),
  KEY `created_at_index` (`created_at`),
  KEY `updated_at_index` (`updated_at`),
  KEY `referer_index` (`referer`(191)),
  KEY `referer_title_index` (`referer_title`(191))
) ENGINE=InnoDB AUTO_INCREMENT=24 DEFAULT CHARSET=utf8mb4 COLLATE=utf8mb4_unicode_520_ci;

--
-- Dumping data for table `wpve_e_submissions`
--

INSERT INTO `wpve_e_submissions` VALUES (1,'submission','5c2f6da8-9244-4853-8e22-fc3a37e5dae6',4,17,'https://goldenstallionagency.com/contact-us/','Contact Us - Golden Stallion Agency','514fef72','New Form',0,0,'156.228.114.146','Mozilla/5.0 (Macintosh; Intel Mac OS X 12_5) AppleWebKit/605.1.15 (KHTML, like Gecko) Version/15.4 Safari/605.1.15',1,1,'new',0,'{\"edit_post_id\":\"17\"}','2025-01-26 06:09:13','2025-01-26 06:09:20','2025-01-26 08:09:13','2025-01-26 08:09:20'),(2,'submission','9a7b0281-2ba4-45b5-8579-cb4660e7e828',10,17,'https://goldenstallionagency.com/contact-hospitality-web-design-south-africa/','Contact Golden Stallion Agency | Hospitality Web Design South Africa - Golden Stallion Agency','514fef72','New Form',0,0,'223.185.31.38','Mozilla/5.0 (Windows NT 10.0; Win64; x64) AppleWebKit/537.36 (KHTML, like Gecko) Chrome/132.0.0.0 Safari/537.36 Edg/132.0.0.0',1,1,'new',0,'{\"edit_post_id\":\"17\"}','2025-02-04 10:58:19','2025-02-04 10:58:38','2025-02-04 12:58:19','2025-02-04 12:58:38'),(3,'submission','74cfb9cc-c718-44e2-b57a-7c9e2d94971f',16,17,'https://goldenstallionagency.com/contact-hospitality-web-design-south-africa/','Contact Golden Stallion Agency | Hospitality Web Design South Africa - Golden Stallion Agency','514fef72','New Form',0,0,'104.207.58.89','Mozilla/5.0 (Windows NT 10.0; WOW64; x64) AppleWebKit/537.36 (KHTML, like Gecko) Chrome/114.0.0.0 Safari/537.36 OPR/89.0.4447.51',1,1,'new',0,'{\"edit_post_id\":\"17\"}','2025-03-09 04:43:15','2025-03-09 04:43:21','2025-03-09 06:43:15','2025-03-09 06:43:21'),(4,'submission','07e8730e-b16e-405e-82aa-63a234edba25',22,17,'','Contact Golden Stallion Agency | Hospitality Web Design South Africa - Golden Stallion Agency','514fef72','New Form',0,0,'89.169.52.60','Mozilla/5.0 (Windows NT 10.0; Win64; x64) AppleWebKit/537.36 (KHTML, like Gecko) Chrome/129.0.0.0 Safari/537.36',1,1,'new',0,'{\"edit_post_id\":\"17\"}','2025-03-13 10:50:40','2025-03-13 10:50:46','2025-03-13 12:50:40','2025-03-13 12:50:46'),(5,'submission','8a257dd1-018f-4d32-9f38-43542006135b',28,17,'https://goldenstallionagency.com/contact-hospitality-web-design-south-africa/','Contact Golden Stallion Agency | Hospitality Web Design South Africa - Golden Stallion Agency','514fef72','New Form',0,0,'104.207.51.218','Mozilla/5.0 (Macintosh; Intel Mac OS X 12_5) AppleWebKit/537.36 (KHTML, like Gecko) Chrome/114.0.0.0 Safari/537.36 OPR/89.0.4447.51',1,1,'new',0,'{\"edit_post_id\":\"17\"}','2025-03-21 19:31:43','2025-03-21 19:31:48','2025-03-21 21:31:43','2025-03-21 21:31:48'),(6,'submission','d51c0893-9b96-4412-9404-739683200b45',31,54,'https://goldenstallionagency.com/?fbclid=PAZXh0bgNhZW0CMTEAAaZ6LPSqVha1f_fouDtTGcZ4uRC15FJHbtnDulbsjGOHTOq8IJrMsEcc8ag_aem_D4lrW82q2qIv2JvF2FrS5A','Golden Stallion Agency | Hospitality Website Design South Africa','b32b838','New Form',0,0,'197.184.94.195','Mozilla/5.0 (Linux; Android 9; SM-A105F Build/PPR1.180610.011; wv) AppleWebKit/537.36 (KHTML, like Gecko) Version/4.0 Chrome/134.0.6998.108 Mobile Safari/537.36 Instagram 372.0.0.48.60 Android (28/9; 280dpi; 720x1382; samsung; SM-A105F; a10; exynos7885; en_ZA; 709818005)',1,1,'new',0,'{\"edit_post_id\":\"54\"}','2025-03-25 10:42:41','2025-03-25 10:42:47','2025-03-25 12:42:41','2025-03-25 12:42:47'),(7,'submission','be07839c-bae3-4bf0-8b1e-35c012900e64',35,17,'https://goldenstallionagency.com/contact-hospitality-web-design-south-africa/','Contact Golden Stallion Agency | Hospitality Web Design South Africa - Golden Stallion Agency','514fef72','New Form',0,0,'104.207.52.202','Mozilla/5.0 (Windows NT 10.0; Win64; x64) AppleWebKit/537.36 (KHTML, like Gecko) Chrome/114.0.0.0 Safari/537.36 Edg/114.0.1264.71',1,1,'new',0,'{\"edit_post_id\":\"17\"}','2025-03-27 20:53:51','2025-03-27 20:53:57','2025-03-27 22:53:51','2025-03-27 22:53:57'),(8,'submission','b9be531a-70e1-4b15-929c-075fb4092c93',41,17,'https://goldenstallionagency.com/contact-hospitality-web-design-south-africa/','Contact Golden Stallion Agency | Hospitality Web Design South Africa - Golden Stallion Agency','514fef72','New Form',0,0,'154.213.164.253','Mozilla/5.0 (Macintosh; Intel Mac OS X 12_5) AppleWebKit/537.36 (KHTML, like Gecko) Chrome/114.0.0.0 Safari/537.36 OPR/89.0.4447.51',1,1,'new',0,'{\"edit_post_id\":\"17\"}','2025-04-19 10:03:14','2025-04-19 10:03:21','2025-04-19 12:03:14','2025-04-19 12:03:21'),(9,'submission','df91854a-8834-4f1c-83d5-7d0f92f5feb6',47,17,'https://goldenstallionagency.com/contact-hospitality-web-design-south-africa/','Contact Golden Stallion Agency | Hospitality Web Design South Africa - Golden Stallion Agency','514fef72','New Form',0,0,'156.228.112.189','Mozilla/5.0 (Macintosh; Intel Mac OS X 12_5) AppleWebKit/537.36 (KHTML, like Gecko) Chrome/114.0.0.0 Safari/537.36 OPR/89.0.4447.51',1,1,'new',0,'{\"edit_post_id\":\"17\"}','2025-04-19 14:02:20','2025-04-19 14:02:26','2025-04-19 16:02:20','2025-04-19 16:02:26'),(10,'submission','4a3fbcab-b18b-4988-83bc-59d7c46208a8',53,17,'https://goldenstallionagency.com/contact-hospitality-web-design-south-africa/','Contact Golden Stallion Agency | Hospitality Web Design South Africa - Golden Stallion Agency','514fef72','New Form',0,0,'156.228.108.164','Mozilla/5.0 (Windows NT 10.0) AppleWebKit/537.36 (KHTML, like Gecko) Chrome/114.0.0.0 Safari/537.36',1,1,'new',0,'{\"edit_post_id\":\"17\"}','2025-04-23 20:19:21','2025-04-23 20:19:27','2025-04-23 22:19:21','2025-04-23 22:19:27'),(11,'submission','55e815f0-4a10-410a-8241-0c5beb823c2e',59,17,'https://goldenstallionagency.com/contact-hospitality-web-design-south-africa/','Contact Golden Stallion Agency | Hospitality Web Design South Africa - Golden Stallion Agency','514fef72','New Form',0,0,'156.228.78.4','Mozilla/5.0 (Windows NT 10.0; Win64; x64) AppleWebKit/537.36 (KHTML, like Gecko) Chrome/114.0.0.0 Safari/537.36',1,1,'new',0,'{\"edit_post_id\":\"17\"}','2025-04-24 15:50:27','2025-04-24 15:50:32','2025-04-24 17:50:27','2025-04-24 17:50:32'),(12,'submission','a62ae5cd-21f8-4264-929b-16cc754143bf',65,17,'https://goldenstallionagency.com/contact-hospitality-web-design-south-africa/','Contact Golden Stallion Agency | Hospitality Web Design South Africa - Golden Stallion Agency','514fef72','New Form',0,0,'45.131.194.174','Mozilla/5.0 (Windows NT 10.0; Win64; x64) AppleWebKit/537.36 (KHTML, like Gecko) Chrome/114.0.0.0 Safari/537.36 Edg/114.0.1264.71',1,1,'new',0,'{\"edit_post_id\":\"17\"}','2025-04-25 16:04:48','2025-04-25 16:04:53','2025-04-25 18:04:48','2025-04-25 18:04:53'),(13,'submission','ca8685f8-6bc8-4b48-9a52-86025f69a999',71,17,'https://goldenstallionagency.com/contact-hospitality-web-design-south-africa/','Contact Golden Stallion Agency | Hospitality Web Design South Africa - Golden Stallion Agency','514fef72','New Form',0,0,'102.64.47.219','Mozilla/5.0 (X11; Ubuntu; Linux x86_64; rv:114.0) Gecko/20100101 Firefox/114.0',1,1,'new',0,'{\"edit_post_id\":\"17\"}','2025-05-13 15:45:49','2025-05-13 15:45:55','2025-05-13 17:45:49','2025-05-13 17:45:55'),(14,'submission','852d8b77-35d4-4e07-8841-778458b194b4',77,17,'https://goldenstallionagency.com/contact-hospitality-web-design-south-africa/','Contact Golden Stallion Agency | Hospitality Web Design South Africa - Golden Stallion Agency','514fef72','New Form',0,0,'102.64.32.79','Mozilla/5.0 (X11; Ubuntu; Linux x86_64; rv:114.0) Gecko/20100101 Firefox/114.0',1,1,'new',0,'{\"edit_post_id\":\"17\"}','2025-05-13 21:22:04','2025-05-13 21:22:10','2025-05-13 23:22:04','2025-05-13 23:22:10'),(15,'submission','e87cc049-9094-4ea8-8e70-ea2d4709a545',83,17,'https://goldenstallionagency.com/contact-hospitality-web-design-south-africa/','Contact Golden Stallion Agency | Hospitality Web Design South Africa - Golden Stallion Agency','514fef72','New Form',0,0,'102.129.61.228','Mozilla/5.0 (X11; Ubuntu; Linux i686; rv:114.0) Gecko/20100101 Firefox/114.0',1,1,'new',0,'{\"edit_post_id\":\"17\"}','2025-06-10 14:27:20','2025-06-10 14:27:26','2025-06-10 16:27:20','2025-06-10 16:27:26'),(16,'submission','5ba932f2-c634-4c1d-9e14-8a3ba355c429',89,17,'https://goldenstallionagency.com/contact-hospitality-web-design-south-africa/','Contact Golden Stallion Agency | Hospitality Web Design South Africa - Golden Stallion Agency','514fef72','New Form',0,0,'45.38.70.103','Mozilla/5.0 (Macintosh; Intel Mac OS X 12_5) AppleWebKit/537.36 (KHTML, like Gecko) Chrome/114.0.0.0 Safari/537.36 OPR/89.0.4447.51',1,0,'new',0,'{\"edit_post_id\":\"17\"}','2025-06-16 20:44:48','2025-06-16 20:44:48','2025-06-16 22:44:48','2025-06-16 22:44:48'),(17,'submission','3dbd2329-ad19-4324-9206-e650132a6584',95,17,'https://goldenstallionagency.com/contact-hospitality-web-design-south-africa/','Contact Golden Stallion Agency | Hospitality Web Design South Africa - Golden Stallion Agency','514fef72','New Form',0,0,'102.129.59.2','Mozilla/5.0 (Windows NT 10.0; Win64; x64) AppleWebKit/537.36 (KHTML, like Gecko) Chrome/114.0.0.0 YaBrowser/22.7.0 Yowser/2.5 Safari/537.36',1,1,'new',0,'{\"edit_post_id\":\"17\"}','2025-06-25 09:43:40','2025-06-25 09:43:47','2025-06-25 11:43:40','2025-06-25 11:43:47'),(18,'submission','3620a6a8-2c75-432f-a079-5094b17c126f',101,17,'https://goldenstallionagency.com/contact-hospitality-web-design-south-africa/','Contact Golden Stallion Agency | Hospitality Web Design South Africa - Golden Stallion Agency','514fef72','New Form',0,0,'152.59.165.46','Mozilla/5.0 (Windows NT 10.0; Win64; x64) AppleWebKit/537.36 (KHTML, like Gecko) Chrome/138.0.0.0 Safari/537.36',1,1,'new',0,'{\"edit_post_id\":\"17\"}','2025-06-27 06:51:44','2025-06-27 06:51:48','2025-06-27 08:51:44','2025-06-27 08:51:48'),(19,'submission','6598d5a5-a746-49fe-9e68-62a9b3beb11c',107,17,'https://goldenstallionagency.com/contact-hospitality-web-design-south-africa/','Contact Golden Stallion Agency | Hospitality Web Design South Africa -','514fef72','New Form',0,0,'143.137.165.207','Mozilla/5.0 (Macintosh; Intel Mac OS X 10_15_7) AppleWebKit/537.36 (KHTML, like Gecko) Chrome/125.0.0.0 Safari/537.36',1,1,'new',0,'{\"edit_post_id\":\"17\"}','2025-08-28 23:59:21','2025-08-28 23:59:27','2025-08-29 01:59:21','2025-08-29 01:59:27'),(20,'submission','cb3679e8-616f-40c8-a97b-6a9bec7c24db',113,17,'','Contact Golden Stallion Agency | Hospitality Web Design South Africa - Golden Stallion Web Agency','514fef72','New Form',0,0,'185.39.19.34','Mozilla/5.0 (Windows NT 10.0; Win64; x64) AppleWebKit/537.36 (KHTML, like Gecko) Chrome/130.0.0.0 Safari/537.36 CCleaner/130.0.0.0',1,1,'new',0,'{\"edit_post_id\":\"17\"}','2025-10-07 00:33:45','2025-10-07 00:33:50','2025-10-07 02:33:45','2025-10-07 02:33:50'),(21,'submission','a63c88c4-d57e-4a64-9655-16a004971f5c',119,17,'https://goldenstallionagency.com/contact-hospitality-web-design-south-africa/','Contact Golden Stallion Agency | Hospitality Web Design South Africa - Golden Stallion Web Agency','514fef72','New Form',0,0,'191.102.155.250','Mozilla/5.0 (Windows NT 10.0; Win64; x64) AppleWebKit/537.36 (KHTML, like Gecko) Chrome/125.0.0.0 Safari/537.36',1,1,'new',0,'{\"edit_post_id\":\"17\"}','2025-10-11 09:11:22','2025-10-11 09:11:29','2025-10-11 11:11:22','2025-10-11 11:11:29'),(22,'submission','18e9eb31-bfb9-420c-a787-60834fe23018',125,17,'https://goldenstallionagency.com/contact-hospitality-web-design-south-africa/','Contact Golden Stallion Agency | Hospitality Web Design South Africa - Golden Stallion Web Agency','514fef72','New Form',0,0,'191.102.155.250','Mozilla/5.0 (Windows NT 10.0; Win64; x64) AppleWebKit/537.36 (KHTML, like Gecko) Chrome/125.0.0.0 Safari/537.36',1,1,'new',0,'{\"edit_post_id\":\"17\"}','2025-10-11 09:11:36','2025-10-11 09:11:42','2025-10-11 11:11:36','2025-10-11 11:11:42'),(23,'submission','aa5bed06-7f80-456b-968b-9486898745fc',131,17,'','Contact Golden Stallion Agency | Hospitality Web Design South Africa - Golden Stallion Web Agency','514fef72','New Form',0,0,'185.39.19.43','Mozilla/5.0 (Windows NT 10.0; Win64; x64) AppleWebKit/537.36 (KHTML, like Gecko) Chrome/131.0.0.0 Safari/537.36',1,1,'new',0,'{\"edit_post_id\":\"17\"}','2025-10-17 04:19:45','2025-10-17 04:19:51','2025-10-17 06:19:45','2025-10-17 06:19:51');

--
-- Table structure for table `wpve_e_submissions_actions_log`
--

CREATE TABLE `wpve_e_submissions_actions_log` (
  `id` bigint(20) unsigned NOT NULL AUTO_INCREMENT,
  `submission_id` bigint(20) unsigned NOT NULL,
  `action_name` varchar(60) NOT NULL,
  `action_label` varchar(60) DEFAULT NULL,
  `status` varchar(20) NOT NULL,
  `log` text DEFAULT NULL,
  `created_at_gmt` datetime NOT NULL,
  `updated_at_gmt` datetime NOT NULL,
  `created_at` datetime NOT NULL,
  `updated_at` datetime NOT NULL,
  PRIMARY KEY (`id`),
  KEY `submission_id_index` (`submission_id`),
  KEY `action_name_index` (`action_name`),
  KEY `status_index` (`status`),
  KEY `created_at_gmt_index` (`created_at_gmt`),
  KEY `updated_at_gmt_index` (`updated_at_gmt`),
  KEY `created_at_index` (`created_at`),
  KEY `updated_at_index` (`updated_at`)
) ENGINE=InnoDB AUTO_INCREMENT=24 DEFAULT CHARSET=utf8mb4 COLLATE=utf8mb4_unicode_520_ci;

--
-- Dumping data for table `wpve_e_submissions_actions_log`
--

INSERT INTO `wpve_e_submissions_actions_log` VALUES (1,1,'email','Email','success',NULL,'2025-01-26 06:09:20','2025-01-26 06:09:20','2025-01-26 08:09:20','2025-01-26 08:09:20'),(2,2,'email','Email','success',NULL,'2025-02-04 10:58:38','2025-02-04 10:58:38','2025-02-04 12:58:38','2025-02-04 12:58:38'),(3,3,'email','Email','success',NULL,'2025-03-09 04:43:21','2025-03-09 04:43:21','2025-03-09 06:43:21','2025-03-09 06:43:21'),(4,4,'email','Email','success',NULL,'2025-03-13 10:50:46','2025-03-13 10:50:46','2025-03-13 12:50:46','2025-03-13 12:50:46'),(5,5,'email','Email','success',NULL,'2025-03-21 19:31:48','2025-03-21 19:31:48','2025-03-21 21:31:48','2025-03-21 21:31:48'),(6,6,'email','Email','success',NULL,'2025-03-25 10:42:47','2025-03-25 10:42:47','2025-03-25 12:42:47','2025-03-25 12:42:47'),(7,7,'email','Email','success',NULL,'2025-03-27 20:53:57','2025-03-27 20:53:57','2025-03-27 22:53:57','2025-03-27 22:53:57'),(8,8,'email','Email','success',NULL,'2025-04-19 10:03:21','2025-04-19 10:03:21','2025-04-19 12:03:21','2025-04-19 12:03:21'),(9,9,'email','Email','success',NULL,'2025-04-19 14:02:26','2025-04-19 14:02:26','2025-04-19 16:02:26','2025-04-19 16:02:26'),(10,10,'email','Email','success',NULL,'2025-04-23 20:19:27','2025-04-23 20:19:27','2025-04-23 22:19:27','2025-04-23 22:19:27'),(11,11,'email','Email','success',NULL,'2025-04-24 15:50:32','2025-04-24 15:50:32','2025-04-24 17:50:32','2025-04-24 17:50:32'),(12,12,'email','Email','success',NULL,'2025-04-25 16:04:53','2025-04-25 16:04:53','2025-04-25 18:04:53','2025-04-25 18:04:53'),(13,13,'email','Email','success',NULL,'2025-05-13 15:45:55','2025-05-13 15:45:55','2025-05-13 17:45:55','2025-05-13 17:45:55'),(14,14,'email','Email','success',NULL,'2025-05-13 21:22:10','2025-05-13 21:22:10','2025-05-13 23:22:10','2025-05-13 23:22:10'),(15,15,'email','Email','success',NULL,'2025-06-10 14:27:26','2025-06-10 14:27:26','2025-06-10 16:27:26','2025-06-10 16:27:26'),(16,16,'email','Email','failed','Your submission failed because of a server error.','2025-06-16 20:44:54','2025-06-16 20:44:54','2025-06-16 22:44:54','2025-06-16 22:44:54'),(17,17,'email','Email','success',NULL,'2025-06-25 09:43:47','2025-06-25 09:43:47','2025-06-25 11:43:47','2025-06-25 11:43:47'),(18,18,'email','Email','success',NULL,'2025-06-27 06:51:48','2025-06-27 06:51:48','2025-06-27 08:51:48','2025-06-27 08:51:48'),(19,19,'email','Email','success',NULL,'2025-08-28 23:59:27','2025-08-28 23:59:27','2025-08-29 01:59:27','2025-08-29 01:59:27'),(20,20,'email','Email','success',NULL,'2025-10-07 00:33:50','2025-10-07 00:33:50','2025-10-07 02:33:50','2025-10-07 02:33:50'),(21,21,'email','Email','success',NULL,'2025-10-11 09:11:29','2025-10-11 09:11:29','2025-10-11 11:11:29','2025-10-11 11:11:29'),(22,22,'email','Email','success',NULL,'2025-10-11 09:11:42','2025-10-11 09:11:42','2025-10-11 11:11:42','2025-10-11 11:11:42'),(23,23,'email','Email','success',NULL,'2025-10-17 04:19:51','2025-10-17 04:19:51','2025-10-17 06:19:51','2025-10-17 06:19:51');

--
-- Table structure for table `wpve_e_submissions_values`
--

CREATE TABLE `wpve_e_submissions_values` (
  `id` bigint(20) unsigned NOT NULL AUTO_INCREMENT,
  `submission_id` bigint(20) unsigned NOT NULL DEFAULT 0,
  `key` varchar(60) DEFAULT NULL,
  `value` longtext DEFAULT NULL,
  PRIMARY KEY (`id`),
  KEY `submission_id_index` (`submission_id`),
  KEY `key_index` (`key`)
) ENGINE=InnoDB AUTO_INCREMENT=134 DEFAULT CHARSET=utf8mb4 COLLATE=utf8mb4_unicode_520_ci;

--
-- Dumping data for table `wpve_e_submissions_values`
--

INSERT INTO `wpve_e_submissions_values` VALUES (1,1,'name','Kevin Barber'),(2,1,'field_f0881b3','Ophelia De Salis'),(3,1,'email','42293332'),(4,1,'field_4d75c61','desalis.ophelia@gmail.com'),(5,1,'field_2a3a752','Get a Custom Logo That Builds Trust (In Minutes)'),(6,1,'message','Hi Goldenstallionagency,\r\n\r\nA great logo doesn’t just look good—it builds trust with your audience. I found this tool that lets you create a custom logo in minutes, giving your brand the professional look it deserves.\r\n\r\nIt’s easy to use, and the results speak for themselves. A good logo can make your business look credible and attract more customers.\r\n\r\nCheck it out when you get a chance!\r\n\r\nTry it now: https://www.marketingclimb.com/brand-logo-maker\r\n\r\nBest,\r\nKevin\r\n\r\n\r\n\r\nUnsubscribe: \r\nhttps://marketersmentor.com/unsubscribe.php?d=goldenstallionagency.com'),(7,2,'name','Joseph C C'),(8,2,'field_f0881b3','Joseph C'),(9,2,'email','18102440753'),(10,2,'field_4d75c61','pat@aneesho.com'),(11,2,'field_2a3a752','Design Work'),(12,2,'message','Do you need help with graphic design - brochures, banners, flyers, advertisements, social media posts, logos etc? \r\n\r\nWe charge a low fixed monthly fee.  Let me know if you\'re interested and would like to see our portfolio.'),(13,3,'name','Kevin Barber'),(14,3,'field_f0881b3','Alejandrina Tolentino'),(15,3,'email','3357809726'),(16,3,'field_4d75c61','alejandrina.tolentino@msn.com'),(17,3,'field_2a3a752','Day 1: Why Your Marketing Is Failing (And How To Fix It Starting Today)'),(18,3,'message','Hi Goldenstallionagency,\r\n\r\nLet’s face it—most marketing strategies today are ineffective, leaving business owners frustrated and wondering where all their money went. \r\n\r\nHere’s the truth: Traditional marketing doesn’t work anymore. It’s about time to shift to direct-response marketing, the proven strategy that generates results in the real world.\r\n\r\nDan Kennedy, one of the leading marketing experts, swears by direct-response marketing, and his strategies have helped thousands of business owners grow their brands. \r\n\r\nLet me show you how to apply it to your business.\r\n\r\nStep 1: Know Your Target Audience\r\n\r\nTargeting everyone is a huge mistake. You must define your ideal customer. Direct-response marketing requires you to speak directly to a specific group of people.\r\n\r\nExample 1:\r\nTarget Audience: Busy professionals\r\n\r\nOffer: “Quick and effective workout plans for busy professionals.”\r\n\r\nThis specific focus allows businesses to craft marketing messages that truly resonate.\r\n\r\nExample 2:\r\nTarget Audience: Aspiring entrepreneurs\r\n\r\nOffer: “The ultimate guide to start your e-commerce store in 30 days—no prior experience required.”\r\n\r\nThis appeals directly to the desires of this niche, making the marketing message much stronger.\r\n\r\nStep 2: Clear and Compelling Offer\r\n\r\nA great product is only as good as the offer. The offer should solve a problem and make it impossible for your ideal customer to say no.\r\n\r\nExample 1:\r\nA fitness coach offered: “Sign up for my program today and receive a free 1-hour coaching session, valued at $300.” This added value made the offer irresistible.\r\n\r\nExample 2:\r\nAn e-commerce store offered: “Free shipping on all orders over $50, plus a free product with every purchase.” The free bonus added to the deal makes it more attractive.\r\n\r\nStep 3: Track Everything\r\n\r\nIf you’re not measuring, you’re guessing. The most successful marketers track their results religiously.\r\n\r\nExample 1:\r\nA car dealership tested their email campaigns and found that subject lines with specific car models drove a 25% higher open rate than generic ones.\r\n\r\nExample 2:\r\nA SaaS company split their traffic between two landing pages: one with a video and one with text. The video version converted 40% more visitors into paying customers.\r\n\r\nYour Action Step:\r\nStart tracking your marketing results—whether it’s email opens, clicks, or conversions. If you don’t track, you can’t improve.\r\n\r\nTomorrow, we’ll dive into crafting irresistible offers and how to create something your customers can’t say no to.\r\n\r\nTo your success,\r\nKevin\r\n\r\nWho is Dan Kennedy?\r\nhttps://books.forbes.com/authors/dan-kennedy/\r\n\r\n\r\n\r\n\r\nUnsubscribe: \r\nhttps://marketersmentor.com/unsubscribe.php?d=goldenstallionagency.com'),(19,4,'name','Thank you for registering - it was incredible and pleasant all the best http://yandex.ru ladonna cucumber'),(20,4,'field_f0881b3','FBI'),(21,4,'email','88899885149'),(22,4,'field_4d75c61','xrum011@24red.ru'),(23,4,'field_2a3a752','Than'),(24,4,'message',''),(25,5,'name','Jayrn Marques'),(26,5,'field_f0881b3','Bruce Gascoigne'),(27,5,'email','527342483'),(28,5,'field_4d75c61','bruce.gascoigne1@gmail.com'),(29,5,'field_2a3a752','Most Entrepreneurs Struggle Because of This'),(30,5,'message',''),(31,6,'email','maranathamanomano92@gmail.com'),(32,7,'name','Pearline Waite'),(33,7,'field_f0881b3','Pearline Waite'),(34,7,'email','89841787'),(35,7,'field_4d75c61','waite.pearline@outlook.com'),(36,7,'field_2a3a752','How This Brand Sold Out in 48 Hours (Without Ads)'),(37,7,'message','Hey Goldenstallionagency,\r\n\r\nImagine launching a product and selling out in 48 hours—without spending a fortune on ads. Sounds like a dream, right?\r\n\r\nThat’s exactly what happened to EcoStride, a sustainable sneaker brand. Instead of relying only on ads, they used a press release to get featured on Yahoo Finance, Google News, and 150+ media sites.\r\n\r\n✅ 11,400+ visitors in 5 days\r\n✅ 300+ sales before ads even started\r\n✅ 100% free organic traffic from media coverage\r\n\r\nAnd the best part? Writing a press release used to be time-consuming and difficult, but now EIN Presswire’s AI Press Release Generator makes it fast and effortless.\r\n\r\nJust enter your details, let AI craft a professional press release, and distribute it to top-tier media instantly.\r\n\r\nLaunch your next product the smart way.\r\n\r\nTry It Today: https://marketersmentor.com/sold-out-product-launch.php?refer=goldenstallionagency.com&real=yes\r\n\r\nTo your success,\r\nPearline\r\n\r\n\r\nUnsubscribe: \r\nhttps://marketersmentor.com/unsubscribe.php?d=goldenstallionagency.com&real=yes'),(38,8,'name','Lupita Chipman'),(39,8,'field_f0881b3','Lupita Chipman'),(40,8,'email','4186969670'),(41,8,'field_4d75c61','lupita.chipman@hotmail.com'),(42,8,'field_2a3a752','The Magic of Speaking Directly to Your Leads'),(43,8,'message',''),(44,9,'name','Martina Paige'),(45,9,'field_f0881b3','Martina Paige'),(46,9,'email','353819035'),(47,9,'field_4d75c61','martina.paige@gmail.com'),(48,9,'field_2a3a752','Stop Losing Sales by Fixing This Common Mistake'),(49,9,'message',''),(50,10,'name','Aaron Dees'),(51,10,'field_f0881b3','Aaron Dees'),(52,10,'email','249128793'),(53,10,'field_4d75c61','aaron.dees@msn.com'),(54,10,'field_2a3a752','What 7-figure marketers read every morning'),(55,10,'message',''),(56,11,'name','Gail Stubbs'),(57,11,'field_f0881b3','Gail Stubbs'),(58,11,'email','413427465'),(59,11,'field_4d75c61','stubbs.gail11@gmail.com'),(60,11,'field_2a3a752','What 7-figure marketers read every morning'),(61,11,'message',''),(62,12,'name','Elba Ridenour'),(63,12,'field_f0881b3','Elba Ridenour'),(64,12,'email','466694721'),(65,12,'field_4d75c61','ridenour.elba@gmail.com'),(66,12,'field_2a3a752','This can\'t wait—need resolution now.'),(67,12,'message','AI is Changing Search—Is Your Business Ready? AI and voice search now power over 50% of online traffic—but most websites aren’t optimized for it. If your site still relies on traditional SEO, you’re already losing visibility to AI-driven search results.\r\n\r\nI help businesses stay searchable, visible, and competitive in this new landscape. Let’s do a free audit and see where you stand.\r\n\r\nEmail me at Admin@Marketer2025.com to book a time, or visit Marketer2025.com to learn more.'),(68,13,'name','Katherin Birdwood'),(69,13,'field_f0881b3','Katherin Birdwood'),(70,13,'email','103476767'),(71,13,'field_4d75c61','katherin.birdwood@yahoo.com'),(72,13,'field_2a3a752','South African Business Data'),(73,13,'message','Hello\r\n\r\nAre you looking for B2B Data in South Africa?\r\n\r\nWe have moved our entire business online and are now providing instant access.\r\n\r\nGet access here:\r\n\r\nhttps://southafricandata.myshopify.com/\r\n\r\nUse this code: 20PERCENT\r\n\r\nTo get a 20 percent discount valid for 24 hours.'),(74,14,'name','Gaston Stonehouse'),(75,14,'field_f0881b3','Gaston Stonehouse'),(76,14,'email','7786905863'),(77,14,'field_4d75c61','stonehouse.gaston@gmail.com'),(78,14,'field_2a3a752','South African Business Data'),(79,14,'message','Hello\r\n\r\nAre you looking for B2B Data in South Africa?\r\n\r\nWe have moved our entire business online and are now providing instant access.\r\n\r\nGet access here:\r\n\r\nhttps://southafricandata.myshopify.com/\r\n\r\nUse this code: 20PERCENT\r\n\r\nTo get a 20 percent discount valid for 24 hours.'),(80,15,'name','Mitchel Walston'),(81,15,'field_f0881b3','South African Data'),(82,15,'email','1992638477'),(83,15,'field_4d75c61','fouriejohan254@gmail.com'),(84,15,'field_2a3a752','South African Data!'),(85,15,'message','Hi,\r\n\r\nWe are running a special till the 11th of June on all business Data in South Africa\r\n\r\n1) Sample: https://docs.google.com/spreadsheets/d/1B_dDF6w4w43uolLNjoF9Zpgu8drQ298k/edit?gid=733247984#gid=733247984\r\n\r\n2) https://southafricandata.myshopify.com/\r\n\r\nDiscount code: 20PERCENT\r\n\r\nValid till the 11th!'),(86,16,'name','Shelia Folse'),(87,16,'field_f0881b3','Shelia Folse'),(88,16,'email','6502617610'),(89,16,'field_4d75c61','folse.shelia@outlook.com'),(90,16,'field_2a3a752','Re: Free SEO for 7-days trial'),(91,16,'message','\" Boost your [\'www.goldenstallionagency.com] with \'Money Robot AI\' – an advanced automated link building software, now available with a 7-day free trial! \"\r\n\r\nSign up today for free trial :-  http://moneyrobot.marketinghelp.online/\r\n\r\n✅ No credit card required\r\n✅ Easy to use\r\n✅ Fully automated SEO solution\r\n\r\nTo know more : https://marketing-help-money-robot.blogspot.com/2025/05/ai-seo-tool-secret-weapon-in-2025.html\r\n\r\n\r\nNote: Kindly ignore if found irrelevant'),(92,17,'name','Johan Fourie'),(93,17,'field_f0881b3','Johan Fourie'),(94,17,'email','0123456789'),(95,17,'field_4d75c61','jfourie842@gmail.com'),(96,17,'field_2a3a752','Dear goldenstallionagency.com Marketing Department!'),(97,17,'message','Hello\r\n\r\nIt is with sad regret to inform you, that Data South Africa is shutting down to the current financial climate.\r\n\r\nIf you are interested in our data, we currently have 265,612 active companies in South Africa.\r\n\r\nWe have made a discount code available: 20PERCENT for a 20% discount and reduced all our prices.\r\n\r\nYou can view and download the data instantly here:\r\n\r\nhttps://southafricandata.myshopify.com/\r\n\r\nRegards,\r\nJohan Fourie'),(98,18,'name','Rupam Chakraborty'),(99,18,'field_f0881b3','Quality Link Builders'),(100,18,'email','8207054065'),(101,18,'field_4d75c61','rupamlinkbuilders@gmail.com'),(102,18,'field_2a3a752','Link Building And Content Writing Service Provider.'),(103,18,'message','Hello,\r\n\r\nAre You Looking For a Guest Posting Service For Strong Backlinks? If yes, then I\'m here to help. Let me show you some of our recently added sites.\r\n\r\nFew Websites:-\r\n\r\nhttps://masonjarbreakfast.com/	DA 52\r\nhttps://www.musicraiser.net/	DA 70\r\nhttps://www.petnewsandviews.com	DA 19\r\nhttps://timebusinessnews.com/	DA 63\r\nhttps://www.ziddu.com	DA 93\r\n\r\n\r\nFor pricing and more details Contact me.'),(104,19,'name','Gary Miller'),(105,19,'field_f0881b3','DominatingKeywords'),(106,19,'email','8054002077'),(107,19,'field_4d75c61','garymiller@dominatingkeywords.com'),(108,19,'field_2a3a752','DominatingKeywords'),(109,19,'message','Forget about the SEO and Pay Per Click. I have something different for you. Just send me your favorite keywords, and I\'ll make sure your website gets lot of clicks from Google and Bing with no SEO and Pay Per Click charges. Let me show you how it works. You\'re going to love the results!'),(110,20,'name','LeeBup'),(111,20,'field_f0881b3','FBI'),(112,20,'email','81512755316'),(113,20,'field_4d75c61','dinanikolskaya99@gmail.com'),(114,20,'field_2a3a752','Hallo, write about your the prices'),(115,20,'message','Dia duit, theastaigh uaim do phraghas a fháil.'),(116,21,'name','Rick Stephens'),(117,21,'field_f0881b3','DominateBanners.com'),(118,21,'email','8054002077'),(119,21,'field_4d75c61','rick.stephens@dominatebanners.com'),(120,21,'field_2a3a752','DominateBanners.com'),(121,21,'message','We can place your website on top position in search engines without PPC.\r\nJust fill Online Quote form on our website or send us your keywords and you\'ll get minimum amount of traffic that our technology can guarantee.\r\nDo online demo on our website and see how your website will appear on top of search engines.'),(122,22,'name','Rick Stephens'),(123,22,'field_f0881b3','DominateBanners.com'),(124,22,'email','8054002077'),(125,22,'field_4d75c61','rick.stephens@dominatebanners.com'),(126,22,'field_2a3a752','DominateBanners.com'),(127,22,'message','We can place your website on top position in search engines without PPC.\r\nJust fill Online Quote form on our website or send us your keywords and you\'ll get minimum amount of traffic that our technology can guarantee.\r\nDo online demo on our website and see how your website will appear on top of search engines.'),(128,23,'name','SimonBup'),(129,23,'field_f0881b3','FBI'),(130,23,'email','89863978921'),(131,23,'field_4d75c61','dinanikolskaya99@gmail.com'),(132,23,'field_2a3a752','Hi i write about price for reseller'),(133,23,'message','Hi, roeddwn i eisiau gwybod eich pris.');

--
-- Table structure for table `wpve_independent_analytics_campaign_urls`
--

CREATE TABLE `wpve_independent_analytics_campaign_urls` (
  `campaign_url_id` bigint(20) unsigned NOT NULL AUTO_INCREMENT,
  `path` varchar(2048) DEFAULT NULL,
  `utm_source` varchar(2048) NOT NULL,
  `utm_medium` varchar(2048) NOT NULL,
  `utm_campaign` varchar(2048) NOT NULL,
  `utm_term` varchar(2048) DEFAULT NULL,
  `utm_content` varchar(2048) DEFAULT NULL,
  `created_at` datetime NOT NULL,
  PRIMARY KEY (`campaign_url_id`)
) ENGINE=InnoDB DEFAULT CHARSET=utf8mb4 COLLATE=utf8mb4_unicode_520_ci;

--
-- Dumping data for table `wpve_independent_analytics_campaign_urls`
--


--
-- Table structure for table `wpve_independent_analytics_campaigns`
--

CREATE TABLE `wpve_independent_analytics_campaigns` (
  `campaign_id` bigint(20) unsigned NOT NULL AUTO_INCREMENT,
  `landing_page_title` varchar(128) DEFAULT NULL,
  `utm_source` varchar(2048) NOT NULL,
  `utm_medium` varchar(2048) NOT NULL,
  `utm_campaign` varchar(2048) NOT NULL,
  `utm_term` varchar(2048) DEFAULT NULL,
  `utm_content` varchar(2048) DEFAULT NULL,
  PRIMARY KEY (`campaign_id`)
) ENGINE=InnoDB DEFAULT CHARSET=utf8mb4 COLLATE=utf8mb4_unicode_520_ci;

--
-- Dumping data for table `wpve_independent_analytics_campaigns`
--


--
-- Table structure for table `wpve_independent_analytics_cities`
--

CREATE TABLE `wpve_independent_analytics_cities` (
  `city_id` bigint(20) unsigned NOT NULL AUTO_INCREMENT,
  `country_id` bigint(20) unsigned NOT NULL,
  `subdivision` varchar(64) DEFAULT NULL,
  `city` varchar(64) NOT NULL,
  PRIMARY KEY (`city_id`),
  UNIQUE KEY `cities_unique_index` (`country_id`,`subdivision`,`city`)
) ENGINE=InnoDB AUTO_INCREMENT=213 DEFAULT CHARSET=utf8mb4 COLLATE=utf8mb4_unicode_520_ci;

--
-- Dumping data for table `wpve_independent_analytics_cities`
--

INSERT INTO `wpve_independent_analytics_cities` VALUES (13,1,'Eastern Cape','East London'),(212,1,'Eastern Cape','Gonubie'),(152,1,'Eastern Cape','Grahamstown'),(98,1,'Eastern Cape','Hankey'),(47,1,'Eastern Cape','Middelburg'),(20,1,'Eastern Cape','Port Elizabeth'),(35,1,'Eastern Cape','Queenstown'),(175,1,'Eastern Cape','Uitenhage'),(151,1,'Eastern Cape','Westville'),(161,1,'Free State','Bloemfontein'),(28,1,'Gauteng','Alberton'),(76,1,'Gauteng','Benoni'),(30,1,'Gauteng','Boksburg'),(63,1,'Gauteng','Brakpan'),(23,1,'Gauteng','Centurion'),(144,1,'Gauteng','Cullinan'),(80,1,'Gauteng','Edenvale'),(18,1,'Gauteng','Germiston'),(3,1,'Gauteng','Johannesburg'),(74,1,'Gauteng','Johannesburg South'),(5,1,'Gauteng','Kempton Park'),(51,1,'Gauteng','Meyerton'),(26,1,'Gauteng','Midrand'),(52,1,'Gauteng','Modderfontein'),(48,1,'Gauteng','Muldersdriseloop'),(4,1,'Gauteng','Pretoria'),(29,1,'Gauteng','Randburg'),(117,1,'Gauteng','Randfontein'),(50,1,'Gauteng','Riverlea'),(17,1,'Gauteng','Roodepoort'),(1,1,'Gauteng','Sandton'),(21,1,'Gauteng','Soweto'),(31,1,'Gauteng','Thembisa'),(147,1,'Gauteng','Vanderbijlpark'),(198,1,'KwaZulu-Natal','Ballitoville'),(38,1,'KwaZulu-Natal','Berea'),(14,1,'KwaZulu-Natal','Durban'),(45,1,'KwaZulu-Natal','Estcourt'),(32,1,'KwaZulu-Natal','Newcastle'),(149,1,'KwaZulu-Natal','Pietermaritzburg'),(58,1,'KwaZulu-Natal','Pinetown'),(211,1,'KwaZulu-Natal','Tongaat Beach'),(200,1,'Limpopo','Bela Bela'),(25,1,'Limpopo','Nkowakowa'),(59,1,'Limpopo','Phalaborwa'),(39,1,'Limpopo','Tzaneen'),(83,1,'Mpumalanga','Kriel'),(62,1,'Mpumalanga','Middelburg'),(158,1,'North West','Fochville'),(156,1,'North West','Ga-Rankuwa'),(145,1,'North West','Klerksdorp'),(44,1,'North West','Rustenburg'),(126,1,'Northern Cape','Kimberley'),(115,1,'Northern Cape','Swartkop'),(15,1,'Orange Free State','Bloemfontein'),(19,1,'Orange Free State','Sasolburg'),(197,1,'Western Cape','Atlantis'),(2,1,'Western Cape','Cape Town'),(41,1,'Western Cape','Hermanus'),(157,1,'Western Cape','Newlands'),(192,1,'Western Cape','Plettenberg Bay'),(136,1,'Western Cape','Prince Albert'),(146,1,'Western Cape','Retreat'),(24,1,'Western Cape','Rondebosch'),(81,1,'Western Cape','Rosebank'),(169,1,'Western Cape','Saldanha'),(33,1,'Western Cape','Stellenbosch'),(70,1,'Western Cape','Wellington'),(162,2,'Arizona','Phoenix'),(94,2,'Arkansas','Little Rock'),(71,2,'California','Hawthorne'),(96,2,'California','Irvine'),(114,2,'California','Los Angeles'),(194,2,'California','Mountain View'),(12,2,'California','San Jose'),(113,2,'Connecticut','Norwalk'),(137,2,'District of Columbia','Bloomingdale'),(139,2,'Florida','Boca Raton'),(180,2,'Florida','Palm Coast'),(133,2,'Georgia','Atlanta'),(170,2,'Georgia','Smyrna'),(179,2,'Indiana','Fort Wayne'),(148,2,'Kentucky','Lexington'),(61,2,'Maine','Lewiston'),(110,2,'Maryland','Baltimore'),(131,2,'Michigan','Detroit'),(127,2,'Minnesota','Rosemount'),(165,2,'Missouri','Columbia'),(85,2,'Nevada','Las Vegas'),(174,2,'New Jersey','Secaucus'),(141,2,'New Jersey','Union City'),(128,2,'New York','New York'),(129,2,'North Carolina','Charlotte'),(186,2,'North Carolina','Greensboro'),(11,2,'Ohio','Columbus'),(207,2,'Ohio','University Heights'),(142,2,'Pennsylvania','Philadelphia'),(167,2,'Texas','Dallas'),(6,2,'Virginia','Ashburn'),(65,2,'Virginia','Dulles'),(134,2,'Virginia','Richmond'),(7,2,'Virginia','Sterling'),(112,2,'Washington','Quincy'),(132,2,'Wyoming','Sheridan'),(150,3,'Baden-Wurttemberg','Hügelsheim'),(143,3,'Lower Saxony','Riede'),(8,3,'North Rhine-Westphalia','Essen'),(182,3,'Saxony','Falkenstein'),(187,4,'New South Wales','Darlington'),(101,4,'New South Wales','Macquarie Park'),(130,4,'Queensland','Arundel'),(9,4,'Queensland','Richmond'),(210,4,'Western Australia','Perth'),(176,5,'Hebei','Chang’an'),(135,5,'Henan','Zhengzhou'),(177,5,'Hubei','Shizishan'),(10,5,'Shanghai','Shanghai'),(60,6,'Kiambu County','Rironi'),(16,6,'Laikipia','Nanyuki'),(66,6,'Nairobi Area','Nairobi'),(69,6,'Nairobi County','Nairobi'),(49,7,'Bulawayo','Bulawayo'),(68,7,'Harare','Chitungwiza'),(22,7,'Harare','Harare'),(202,7,'Midlands Province','Mvuma'),(42,8,'Khomas','Windhoek'),(27,8,'Khomas Region','Windhoek'),(34,9,'Lublin','Nałęczów'),(37,9,'Mazovia','Warsaw'),(40,9,'Podlasie','Wąsosz'),(36,10,'Maseru District','Maseru'),(43,11,'Hhohho','Mbabane'),(108,11,'Hhohho Region','Mbabane'),(120,12,'Gaborone','Gaborone'),(78,12,'Kweneng','Gaphatshwe'),(46,12,'Ngwaketsi','Mosopa'),(118,13,'England','Camberwell'),(138,13,'England','Leeds'),(53,13,'England','London'),(99,13,'England','Rainham'),(54,14,'Dubai','Dubai'),(201,15,'Istanbul','Bahçelievler'),(55,15,'Mersin','Mersin'),(93,16,'Calabarzon','Bacoor'),(90,16,'Calabarzon','Dasmariñas'),(57,16,'Central Luzon','Meycauayan'),(77,16,'Central Luzon','Talaga'),(103,16,'Central Visayas','Toledo City'),(104,16,'Cordillera','Baguio City'),(82,16,'National Capital Region','Mandaluyong'),(56,16,'National Capital Region','Mandaluyong City'),(193,16,'National Capital Region','Pasig'),(67,16,'National Capital Region','San Juan City'),(86,16,'National Capital Region','Taguig'),(100,16,'National Capital Region','Valenzuela'),(73,16,'Northern Mindanao','Barra'),(106,16,'Northern Mindanao','Cagayan de Oro'),(97,16,'Soccsksargen','Koronadal'),(64,17,'British Columbia','Burnaby'),(188,17,'British Columbia','Richmond'),(189,17,'British Columbia','Surrey'),(183,17,'Ontario','Oakville'),(72,18,'Leinster','Dublin'),(91,19,'Anambra','Nnewi'),(75,19,'Delta','Ughelli'),(105,19,'FCT','Kuje'),(79,19,'Lagos','Lagos'),(88,19,'Ogun State','Ijebu Ode'),(89,19,'Ogun State','Ijebu-Igbo'),(84,19,'Osun State','Ilesa'),(87,20,'Islamabad','Islamabad'),(206,20,'Punjab','Chiniot'),(196,20,'Punjab','Faisalabad'),(204,20,'Punjab','Kahna Nau'),(203,20,'Punjab','Khurrianwala'),(199,20,'Punjab','Lahore'),(208,20,'Punjab','Sharqpur Sharif'),(173,20,'Sindh','Karachi'),(92,21,'Littoral','Douala'),(166,22,'Dadra and Nagar Haveli and Daman and Diu','Silvassa'),(160,22,'Haryana','Gurugram'),(163,22,'Karnataka','Bengaluru'),(119,22,'Karnataka','Mangaluru'),(109,22,'Kerala','Nādāpuram'),(122,22,'Maharashtra','Airoli'),(171,22,'Maharashtra','Borivali'),(121,22,'Maharashtra','Mumbai'),(191,22,'Punjab','Kharar'),(95,22,'Punjab','S.A.S Nagar'),(123,22,'Telangana','Hyderabad'),(168,22,'West Bengal','Tamlūk'),(102,23,'Beyrouth','Beirut'),(107,24,'Luxembourg','Luxembourg'),(116,25,'Taiwan','Taichung'),(111,25,'Taiwan','Taipei'),(125,26,'North Holland','Amsterdam'),(178,27,'Dhaka Division','Azimpur'),(140,27,'Dhaka Division','Dhaka'),(154,28,'Gunma','Isesaki'),(153,28,'Kanagawa','Kawasaki'),(172,28,'Osaka','Osaka'),(155,29,'Plaines Wilhems','Ebene CyberCity'),(159,30,'Central Province','Kabwe'),(164,31,'Demerara-Mahaica','Georgetown'),(181,32,'Lombardy','Abbiategrasso'),(184,33,'Budva','Budva'),(185,34,'Nacional','Santo Domingo'),(190,35,'Cairo','Cairo'),(209,36,'Grad Skopje','Skopje'),(195,36,'Kumanovo','Kumanovo'),(205,37,'Cundinamarca','Soacha');

--
-- Table structure for table `wpve_independent_analytics_click_targets`
--

CREATE TABLE `wpve_independent_analytics_click_targets` (
  `click_target_id` bigint(20) unsigned NOT NULL AUTO_INCREMENT,
  `target` varchar(2083) DEFAULT NULL,
  `protocol` enum('mailto','tel','sms') DEFAULT NULL,
  PRIMARY KEY (`click_target_id`)
) ENGINE=InnoDB DEFAULT CHARSET=utf8mb4 COLLATE=utf8mb4_unicode_520_ci;

--
-- Dumping data for table `wpve_independent_analytics_click_targets`
--


--
-- Table structure for table `wpve_independent_analytics_clicked_links`
--

CREATE TABLE `wpve_independent_analytics_clicked_links` (
  `click_id` bigint(20) unsigned NOT NULL AUTO_INCREMENT,
  `link_rule_id` bigint(20) unsigned NOT NULL,
  PRIMARY KEY (`click_id`,`link_rule_id`)
) ENGINE=InnoDB DEFAULT CHARSET=utf8mb4 COLLATE=utf8mb4_unicode_520_ci;

--
-- Dumping data for table `wpve_independent_analytics_clicked_links`
--


--
-- Table structure for table `wpve_independent_analytics_clicks`
--

CREATE TABLE `wpve_independent_analytics_clicks` (
  `click_id` bigint(20) unsigned NOT NULL AUTO_INCREMENT,
  `view_id` bigint(20) unsigned DEFAULT NULL,
  `click_target_id` bigint(20) unsigned DEFAULT NULL,
  `created_at` datetime NOT NULL,
  PRIMARY KEY (`click_id`),
  KEY `view_id` (`view_id`),
  KEY `click_target_id` (`click_target_id`)
) ENGINE=InnoDB DEFAULT CHARSET=utf8mb4 COLLATE=utf8mb4_unicode_520_ci;

--
-- Dumping data for table `wpve_independent_analytics_clicks`
--


--
-- Table structure for table `wpve_independent_analytics_countries`
--

CREATE TABLE `wpve_independent_analytics_countries` (
  `country_id` bigint(20) unsigned NOT NULL AUTO_INCREMENT,
  `country_code` varchar(4) NOT NULL,
  `country` varchar(64) NOT NULL,
  `continent` varchar(16) NOT NULL,
  PRIMARY KEY (`country_id`),
  UNIQUE KEY `countries_unique_index` (`country_code`,`country`,`continent`)
) ENGINE=InnoDB AUTO_INCREMENT=38 DEFAULT CHARSET=utf8mb4 COLLATE=utf8mb4_unicode_520_ci;

--
-- Dumping data for table `wpve_independent_analytics_countries`
--

INSERT INTO `wpve_independent_analytics_countries` VALUES (14,'AE','United Arab Emirates','Asia'),(4,'AU','Australia','Oceania'),(27,'BD','Bangladesh','Asia'),(12,'BW','Botswana','Africa'),(17,'CA','Canada','North America'),(21,'CM','Cameroon','Africa'),(5,'CN','China','Asia'),(37,'CO','Colombia','South America'),(3,'DE','Germany','Europe'),(34,'DO','Dominican Republic','North America'),(35,'EG','Egypt','Africa'),(13,'GB','United Kingdom','Europe'),(31,'GY','Guyana','South America'),(18,'IE','Ireland','Europe'),(22,'IN','India','Asia'),(32,'IT','Italy','Europe'),(28,'JP','Japan','Asia'),(6,'KE','Kenya','Africa'),(23,'LB','Lebanon','Asia'),(10,'LS','Lesotho','Africa'),(24,'LU','Luxembourg','Europe'),(33,'ME','Montenegro','Europe'),(36,'MK','North Macedonia','Europe'),(29,'MU','Mauritius','Africa'),(8,'NA','Namibia','Africa'),(19,'NG','Nigeria','Africa'),(26,'NL','The Netherlands','Europe'),(16,'PH','Philippines','Asia'),(20,'PK','Pakistan','Asia'),(9,'PL','Poland','Europe'),(11,'SZ','Eswatini','Africa'),(15,'TR','Turkey','Asia'),(25,'TW','Taiwan','Asia'),(2,'US','United States','North America'),(1,'ZA','South Africa','Africa'),(30,'ZM','Zambia','Africa'),(7,'ZW','Zimbabwe','Africa');

--
-- Table structure for table `wpve_independent_analytics_device_browsers`
--

CREATE TABLE `wpve_independent_analytics_device_browsers` (
  `device_browser_id` bigint(20) unsigned NOT NULL AUTO_INCREMENT,
  `device_browser` varchar(64) NOT NULL,
  PRIMARY KEY (`device_browser_id`),
  UNIQUE KEY `device_browser` (`device_browser`)
) ENGINE=InnoDB AUTO_INCREMENT=14 DEFAULT CHARSET=utf8mb4 COLLATE=utf8mb4_unicode_520_ci;

--
-- Dumping data for table `wpve_independent_analytics_device_browsers`
--

INSERT INTO `wpve_independent_analytics_device_browsers` VALUES (2,'Chrome'),(5,'Facebook'),(8,'Facebook Lite'),(9,'Firefox'),(6,'Google Search App'),(4,'Instagram'),(13,'LinkedIn'),(11,'Meta Business Suite'),(7,'Microsoft Edge'),(1,'Opera'),(3,'Safari'),(10,'TikTok'),(12,'Ultralite');

--
-- Table structure for table `wpve_independent_analytics_device_oss`
--

CREATE TABLE `wpve_independent_analytics_device_oss` (
  `device_os_id` bigint(20) unsigned NOT NULL AUTO_INCREMENT,
  `device_os` varchar(64) NOT NULL,
  PRIMARY KEY (`device_os_id`),
  UNIQUE KEY `device_os` (`device_os`)
) ENGINE=InnoDB AUTO_INCREMENT=9 DEFAULT CHARSET=utf8mb4 COLLATE=utf8mb4_unicode_520_ci;

--
-- Dumping data for table `wpve_independent_analytics_device_oss`
--

INSERT INTO `wpve_independent_analytics_device_oss` VALUES (1,'Android'),(8,'Chrome OS'),(6,'GNU/Linux'),(3,'iOS'),(5,'iPadOS'),(4,'Mac'),(7,'Ubuntu'),(2,'Windows');

--
-- Table structure for table `wpve_independent_analytics_device_types`
--

CREATE TABLE `wpve_independent_analytics_device_types` (
  `device_type_id` bigint(20) unsigned NOT NULL AUTO_INCREMENT,
  `device_type` varchar(64) NOT NULL,
  PRIMARY KEY (`device_type_id`),
  UNIQUE KEY `device_type` (`device_type`)
) ENGINE=InnoDB AUTO_INCREMENT=4 DEFAULT CHARSET=utf8mb4 COLLATE=utf8mb4_unicode_520_ci;

--
-- Dumping data for table `wpve_independent_analytics_device_types`
--

INSERT INTO `wpve_independent_analytics_device_types` VALUES (2,'Desktop'),(1,'Mobile'),(3,'Tablet');

--
-- Table structure for table `wpve_independent_analytics_form_submissions`
--

CREATE TABLE `wpve_independent_analytics_form_submissions` (
  `form_submission_id` bigint(20) unsigned NOT NULL AUTO_INCREMENT,
  `form_id` bigint(20) unsigned NOT NULL,
  `session_id` bigint(20) unsigned NOT NULL,
  `view_id` bigint(20) unsigned NOT NULL,
  `initial_view_id` bigint(20) unsigned NOT NULL,
  `created_at` datetime NOT NULL,
  PRIMARY KEY (`form_submission_id`)
) ENGINE=InnoDB AUTO_INCREMENT=7 DEFAULT CHARSET=utf8mb4 COLLATE=utf8mb4_unicode_520_ci;

--
-- Dumping data for table `wpve_independent_analytics_form_submissions`
--

INSERT INTO `wpve_independent_analytics_form_submissions` VALUES (1,1,655,829,829,'2025-02-04 10:58:38'),(2,2,790,1053,1053,'2025-03-25 10:42:47'),(3,1,1034,1448,1447,'2025-06-27 06:51:48'),(4,1,1173,1654,1653,'2025-08-28 23:59:27'),(5,1,1367,1967,1966,'2025-10-11 09:11:29'),(6,1,1367,1967,1966,'2025-10-11 09:11:42');

--
-- Table structure for table `wpve_independent_analytics_forms`
--

CREATE TABLE `wpve_independent_analytics_forms` (
  `form_id` bigint(20) unsigned NOT NULL AUTO_INCREMENT,
  `plugin_id` bigint(20) unsigned NOT NULL,
  `plugin_form_id` bigint(20) unsigned NOT NULL,
  `cached_form_title` varchar(64) NOT NULL,
  PRIMARY KEY (`form_id`),
  UNIQUE KEY `plugin_id` (`plugin_id`,`plugin_form_id`)
) ENGINE=InnoDB AUTO_INCREMENT=3 DEFAULT CHARSET=utf8mb4 COLLATE=utf8mb4_unicode_520_ci;

--
-- Dumping data for table `wpve_independent_analytics_forms`
--

INSERT INTO `wpve_independent_analytics_forms` VALUES (1,8,1364193138,'New Form'),(2,8,187873336,'New Form');

--
-- Table structure for table `wpve_independent_analytics_link_rules`
--

CREATE TABLE `wpve_independent_analytics_link_rules` (
  `link_rule_id` bigint(20) unsigned NOT NULL AUTO_INCREMENT,
  `name` varchar(255) NOT NULL,
  `type` varchar(255) NOT NULL,
  `value` varchar(255) NOT NULL,
  `is_active` tinyint(1) NOT NULL DEFAULT 1,
  `position` int(10) unsigned DEFAULT 0,
  `created_at` datetime NOT NULL,
  PRIMARY KEY (`link_rule_id`)
) ENGINE=InnoDB AUTO_INCREMENT=5 DEFAULT CHARSET=utf8mb4 COLLATE=utf8mb4_unicode_520_ci;

--
-- Dumping data for table `wpve_independent_analytics_link_rules`
--

INSERT INTO `wpve_independent_analytics_link_rules` VALUES (1,'PDF','extension','pdf',1,0,'2024-12-19 08:30:14'),(2,'Zip','extension','zip',1,1,'2024-12-19 08:30:14'),(3,'Email','protocol','mailto',1,2,'2024-12-19 08:30:14'),(4,'Phone number','protocol','tel',1,3,'2024-12-19 08:30:14');

--
-- Table structure for table `wpve_independent_analytics_orders`
--

CREATE TABLE `wpve_independent_analytics_orders` (
  `order_id` bigint(20) unsigned NOT NULL AUTO_INCREMENT,
  `is_included_in_analytics` tinyint(1) NOT NULL,
  `woocommerce_order_id` bigint(20) unsigned DEFAULT NULL,
  `woocommerce_order_status` varchar(64) DEFAULT NULL,
  `surecart_order_id` varchar(36) DEFAULT NULL,
  `surecart_order_status` varchar(64) DEFAULT NULL,
  `edd_order_id` bigint(20) unsigned DEFAULT NULL,
  `edd_order_status` varchar(64) DEFAULT NULL,
  `pmpro_order_id` bigint(20) unsigned DEFAULT NULL,
  `pmpro_order_status` varchar(64) DEFAULT NULL,
  `view_id` bigint(20) unsigned NOT NULL,
  `initial_view_id` bigint(20) unsigned NOT NULL,
  `total` int(11) NOT NULL,
  `total_refunded` int(11) NOT NULL,
  `total_refunds` smallint(6) NOT NULL,
  `is_discounted` tinyint(1) NOT NULL,
  `created_at` datetime NOT NULL,
  PRIMARY KEY (`order_id`),
  UNIQUE KEY `orders_woocommerce_order_id_index` (`woocommerce_order_id`),
  UNIQUE KEY `orders_surecart_order_id_index` (`surecart_order_id`),
  UNIQUE KEY `edd_order_id` (`edd_order_id`),
  UNIQUE KEY `pmpro_order_id` (`pmpro_order_id`),
  KEY `view_id` (`view_id`),
  KEY `initial_view_id` (`initial_view_id`),
  KEY `created_at` (`created_at`)
) ENGINE=InnoDB DEFAULT CHARSET=utf8mb4 COLLATE=utf8mb4_unicode_520_ci;

--
-- Dumping data for table `wpve_independent_analytics_orders`
--


--
-- Table structure for table `wpve_independent_analytics_referrers`
--

CREATE TABLE `wpve_independent_analytics_referrers` (
  `id` bigint(20) unsigned NOT NULL AUTO_INCREMENT,
  `domain` varchar(128) NOT NULL,
  `type` enum('Ad','Direct','Referrer','Search','Social') DEFAULT NULL,
  `referrer` varchar(128) DEFAULT NULL,
  PRIMARY KEY (`id`),
  UNIQUE KEY `referrers_domain_index` (`domain`)
) ENGINE=InnoDB AUTO_INCREMENT=22 DEFAULT CHARSET=utf8mb4 COLLATE=utf8mb4_unicode_520_ci;

--
-- Dumping data for table `wpve_independent_analytics_referrers`
--

INSERT INTO `wpve_independent_analytics_referrers` VALUES (1,'','Direct','Direct'),(2,'www.facebook.com','Social','Facebook'),(3,'goldenstallionagency.com','Referrer','goldenstallionagency.com'),(4,'instagram.com','Social','Instagram'),(5,'www.google.com','Search','Google'),(6,'linktr.ee','Referrer','linktr.ee'),(7,'l.wl.co','Referrer','l.wl.co'),(8,'search.yahoo.com','Search','Yahoo'),(9,'calendly.com','Referrer','calendly.com'),(10,'www.payfast.co.za','Referrer','payfast.co.za'),(11,'mojo.afrihost.com','Referrer','mojo.afrihost.com'),(12,'google.com','Referrer','google.com'),(13,'meta.com','Referrer','meta.com'),(14,'twitter.com','Social','Twitter'),(15,'www.manyget.com','Referrer','manyget.com'),(16,'www.linkedin.com','Social','LinkedIn'),(17,'lnkd.in','Referrer','lnkd.in'),(18,'www.hotfrog.co.za','Referrer','hotfrog.co.za'),(19,'seasnake.aserv.site','Referrer','seasnake.aserv.site'),(20,'com.slack','Referrer','com.slack'),(21,'www.goldenstallionagency.com','Referrer','goldenstallionagency.com');

--
-- Table structure for table `wpve_independent_analytics_reports`
--

CREATE TABLE `wpve_independent_analytics_reports` (
  `report_id` bigint(20) unsigned NOT NULL AUTO_INCREMENT,
  `user_created_report` tinyint(1) NOT NULL DEFAULT 1,
  `name` varchar(255) NOT NULL,
  `type` varchar(64) NOT NULL,
  `exact_start` datetime DEFAULT NULL,
  `exact_end` datetime DEFAULT NULL,
  `relative_range_id` varchar(64) DEFAULT NULL,
  `sort_column` varchar(64) DEFAULT NULL,
  `sort_direction` varchar(64) DEFAULT NULL,
  `group_name` varchar(64) DEFAULT NULL,
  `quick_stats` text DEFAULT NULL,
  `chart_interval` varchar(64) DEFAULT NULL,
  `columns` text DEFAULT NULL,
  `filters` text DEFAULT NULL,
  `position` int(11) DEFAULT NULL,
  `primary_chart_metric_id` varchar(255) DEFAULT NULL,
  `secondary_chart_metric_id` varchar(255) DEFAULT NULL,
  PRIMARY KEY (`report_id`)
) ENGINE=InnoDB AUTO_INCREMENT=17 DEFAULT CHARSET=utf8mb4 COLLATE=utf8mb4_unicode_520_ci;

--
-- Dumping data for table `wpve_independent_analytics_reports`
--

INSERT INTO `wpve_independent_analytics_reports` VALUES (1,0,'Blog Posts','views',NULL,NULL,NULL,NULL,NULL,NULL,NULL,NULL,NULL,'[{\"inclusion\":\"include\",\"column\":\"type\",\"operator\":\"is\",\"operand\":\"post\"}]',NULL,NULL,NULL),(2,0,'Top Landing Pages','views',NULL,NULL,NULL,'entrances','desc',NULL,NULL,NULL,'[\"title\",\"visitors\",\"views\",\"average_view_duration\",\"bounce_rate\",\"entrances\",\"url\",\"type\"]',NULL,NULL,NULL,NULL),(3,0,'Fastest-Growing Pages','views',NULL,NULL,NULL,'visitors_growth','desc',NULL,NULL,NULL,'[\"title\",\"visitors\",\"views\",\"average_view_duration\",\"bounce_rate\",\"visitors_growth\",\"url\",\"type\"]','[{\"inclusion\":\"exclude\",\"column\":\"visitors\",\"operator\":\"lesser\",\"operand\":\"5\"}]',NULL,NULL,NULL),(4,0,'Today','views',NULL,NULL,'TODAY',NULL,NULL,NULL,NULL,NULL,NULL,NULL,NULL,NULL,NULL),(5,0,'Search Engine Traffic','referrers',NULL,NULL,NULL,NULL,NULL,NULL,NULL,NULL,NULL,'[{\"inclusion\":\"include\",\"column\":\"referrer_type\",\"operator\":\"is\",\"operand\":\"Search\"}]',NULL,NULL,NULL),(6,0,'Social Media Traffic','referrers',NULL,NULL,NULL,NULL,NULL,NULL,NULL,NULL,NULL,'[{\"inclusion\":\"include\",\"column\":\"referrer_type\",\"operator\":\"is\",\"operand\":\"Social\"}]',NULL,NULL,NULL),(7,0,'Fastest-Growing Referrers','referrers',NULL,NULL,NULL,'visitors_growth','desc',NULL,NULL,NULL,'[\"referrer\",\"referrer_type\",\"visitors\",\"views\",\"average_session_duration\",\"bounce_rate\",\"visitors_growth\"]','[{\"inclusion\":\"exclude\",\"column\":\"visitors\",\"operator\":\"lesser\",\"operand\":\"5\"}]',NULL,NULL,NULL),(8,0,'Last 7 Days','referrers',NULL,NULL,'LAST_SEVEN',NULL,NULL,NULL,NULL,NULL,NULL,NULL,NULL,NULL,NULL),(9,0,'Cities','geo',NULL,NULL,NULL,NULL,NULL,'city',NULL,NULL,NULL,NULL,NULL,NULL,NULL),(10,0,'European Countries','geo',NULL,NULL,NULL,NULL,NULL,NULL,NULL,NULL,NULL,'[{\"inclusion\":\"include\",\"column\":\"continent\",\"operator\":\"exact\",\"operand\":\"Europe\"}]',NULL,NULL,NULL),(11,0,'Browsers','devices',NULL,NULL,NULL,NULL,NULL,'browser',NULL,NULL,NULL,NULL,NULL,NULL,NULL),(12,0,'OS','devices',NULL,NULL,NULL,NULL,NULL,'os',NULL,NULL,NULL,NULL,NULL,NULL,NULL),(13,0,'PDFs','clicks',NULL,NULL,NULL,'link_clicks','desc',NULL,NULL,NULL,NULL,'[{\"inclusion\":\"include\",\"column\":\"link_name\",\"operator\":\"is\",\"operand\":\"1\"}]',NULL,NULL,NULL),(14,0,'Zips','clicks',NULL,NULL,NULL,'link_clicks','desc',NULL,NULL,NULL,NULL,'[{\"inclusion\":\"include\",\"column\":\"link_name\",\"operator\":\"is\",\"operand\":\"2\"}]',NULL,NULL,NULL),(15,0,'Emails','clicks',NULL,NULL,NULL,'link_clicks','desc',NULL,NULL,NULL,NULL,'[{\"inclusion\":\"include\",\"column\":\"link_name\",\"operator\":\"is\",\"operand\":\"3\"}]',NULL,NULL,NULL),(16,0,'Phone numbers','clicks',NULL,NULL,NULL,'link_clicks','desc',NULL,NULL,NULL,NULL,'[{\"inclusion\":\"include\",\"column\":\"link_name\",\"operator\":\"is\",\"operand\":\"4\"}]',NULL,NULL,NULL);

--
-- Table structure for table `wpve_independent_analytics_resources`
--

CREATE TABLE `wpve_independent_analytics_resources` (
  `id` bigint(20) unsigned NOT NULL AUTO_INCREMENT,
  `resource` varchar(256) NOT NULL,
  `singular_id` bigint(20) unsigned DEFAULT NULL,
  `author_id` bigint(20) unsigned DEFAULT NULL,
  `virtual_page_id` varchar(64) DEFAULT NULL,
  `date_archive` varchar(256) DEFAULT NULL,
  `search_query` varchar(256) DEFAULT NULL,
  `post_type` varchar(256) DEFAULT NULL,
  `term_id` bigint(20) unsigned DEFAULT NULL,
  `not_found_url` varchar(2083) DEFAULT NULL,
  `cached_title` varchar(256) DEFAULT NULL,
  `cached_url` varchar(2083) DEFAULT NULL,
  `cached_type` varchar(256) DEFAULT NULL,
  `cached_type_label` varchar(256) DEFAULT NULL,
  `cached_author_id` bigint(20) unsigned DEFAULT NULL,
  `cached_author` varchar(256) DEFAULT NULL,
  `cached_category` varchar(256) DEFAULT NULL,
  `cached_date` date DEFAULT NULL,
  PRIMARY KEY (`id`),
  KEY `cached_author_id` (`cached_author_id`)
) ENGINE=InnoDB AUTO_INCREMENT=26 DEFAULT CHARSET=utf8mb4 COLLATE=utf8mb4_unicode_520_ci;

--
-- Dumping data for table `wpve_independent_analytics_resources`
--

INSERT INTO `wpve_independent_analytics_resources` VALUES (1,'singular',8,NULL,NULL,NULL,NULL,NULL,NULL,NULL,'hospitality website design in South Africa','https://goldenstallionagency.com/','page','Page',2,'devadmin',NULL,'2024-12-19'),(2,'singular',10,NULL,NULL,NULL,NULL,NULL,NULL,NULL,'Services','https://goldenstallionagency.com/services/','page','Page',1,'devadmin',NULL,'2024-12-19'),(3,'singular',15,NULL,NULL,NULL,NULL,NULL,NULL,NULL,'About Golden Stallion Agency | Expert Hospitality Website Design','https://goldenstallionagency.com/about-expert-hospitality-website-design/','page','Page',2,'devadmin',NULL,'2024-12-19'),(4,'singular',12,NULL,NULL,NULL,NULL,NULL,NULL,NULL,'Our Work | hospitality website portfolio South Africa &#8211; Golden Stallion Agency','https://goldenstallionagency.com/hospitality-website-portfolio-south-africa-golden-stallion-agency/','page','Page',2,'devadmin',NULL,'2024-12-19'),(5,'singular',17,NULL,NULL,NULL,NULL,NULL,NULL,NULL,'Contact Golden Stallion Agency | Hospitality Web Design South Africa','https://goldenstallionagency.com/contact-hospitality-web-design-south-africa/','page','Page',2,'devadmin',NULL,'2024-12-19'),(6,'singular',505,NULL,NULL,NULL,NULL,NULL,NULL,NULL,'Website Design','https://goldenstallionagency.com/?page_id=505','page','Page',2,'devadmin',NULL,'2024-12-20'),(7,'singular',649,NULL,NULL,NULL,NULL,NULL,NULL,NULL,'Thank you','https://goldenstallionagency.com/thank-you/','page','Page',1,'devadmin',NULL,'2025-01-16'),(8,'singular',522,NULL,NULL,NULL,NULL,NULL,NULL,NULL,'Web Development','https://goldenstallionagency.com/?page_id=522','page','Page',2,'devadmin',NULL,'2024-12-20'),(9,'singular',532,NULL,NULL,NULL,NULL,NULL,NULL,NULL,'Digital Marketing','https://goldenstallionagency.com/digital-marketing/','page','Page',2,'devadmin',NULL,'2024-12-20'),(10,'singular',527,NULL,NULL,NULL,NULL,NULL,NULL,NULL,'SEO (Search Engine Optimization)','https://goldenstallionagency.com/seo/','page','Page',2,'devadmin',NULL,'2024-12-20'),(11,'singular',537,NULL,NULL,NULL,NULL,NULL,NULL,NULL,'Website Maintenance','https://goldenstallionagency.com/website-maintenance/','page','Page',2,'devadmin',NULL,'2024-12-20'),(12,'404',NULL,NULL,NULL,NULL,NULL,NULL,NULL,'/?page_id=280','404','https://goldenstallionagency.com/?page_id=280','not-found','404',NULL,NULL,NULL,NULL),(13,'404',NULL,NULL,NULL,NULL,NULL,NULL,NULL,'/portfolio/','404','https://goldenstallionagency.com/portfolio/','not-found','404',NULL,NULL,NULL,NULL),(14,'singular',146,NULL,NULL,NULL,NULL,NULL,NULL,NULL,'Terms and conditions','https://goldenstallionagency.com/terms-and-conditions/','page','Page',2,'devadmin',NULL,'2024-12-19'),(15,'404',NULL,NULL,NULL,NULL,NULL,NULL,NULL,'/hospitality-website-portfolio-south-africa-golden-stallion-agenc%20y/','404','https://goldenstallionagency.com/hospitality-website-portfolio-south-africa-golden-stallion-agenc%20y/','not-found','404',NULL,NULL,NULL,NULL),(16,'singular',148,NULL,NULL,NULL,NULL,NULL,NULL,NULL,'Privacy Policy','https://goldenstallionagency.com/privacy-policy/','page','Page',2,'devadmin',NULL,'2024-12-19'),(17,'singular',780,NULL,NULL,NULL,NULL,NULL,NULL,NULL,'Landing Page','https://goldenstallionagency.com/landing-page/','page','Page',3,'Golden Stallion Agency',NULL,'2025-07-29'),(18,'404',NULL,NULL,NULL,NULL,NULL,NULL,NULL,'/?page_id=311','404','https://goldenstallionagency.com/?page_id=311','not-found','404',NULL,NULL,NULL,NULL),(19,'404',NULL,NULL,NULL,NULL,NULL,NULL,NULL,'/wp-login/','404','https://goldenstallionagency.com/wp-login/','not-found','404',NULL,NULL,NULL,NULL),(20,'404',NULL,NULL,NULL,NULL,NULL,NULL,NULL,'/wpadmin','404','https://goldenstallionagency.com/wpadmin','not-found','404',NULL,NULL,NULL,NULL),(21,'singular',1313,NULL,NULL,NULL,NULL,NULL,NULL,NULL,'Landing copy','https://goldenstallionagency.com/landing-copy/','page','Page',3,'Golden Stallion Agency',NULL,'2025-09-26'),(22,'singular',1616,NULL,NULL,NULL,NULL,NULL,NULL,NULL,'Website Design &#038; Website Development','https://goldenstallionagency.com/website-design-and-website-development/','page','Page',3,'Golden Stallion Agency',NULL,'2025-09-30'),(23,'404',NULL,NULL,NULL,NULL,NULL,NULL,NULL,'/sapp-wp-signon.php?pass=ee7mjsjcluqt9x1wkmiaaxhql5kzwiqq','404','https://goldenstallionagency.com/sapp-wp-signon.php?pass=ee7mjsjcluqt9x1wkmiaaxhql5kzwiqq','not-found','404',NULL,NULL,NULL,NULL),(24,'404',NULL,NULL,NULL,NULL,NULL,NULL,NULL,'/sapp-wp-signon.php?pass=itdnttybqonprgqbfwhqfkpnbap2fbiw','404','https://goldenstallionagency.com/sapp-wp-signon.php?pass=itdnttybqonprgqbfwhqfkpnbap2fbiw','not-found','404',NULL,NULL,NULL,NULL),(25,'singular',1819,NULL,NULL,NULL,NULL,NULL,NULL,NULL,'Boutique Salon Sees 3x More Bookings','https://goldenstallionagency.com/case-study/boutique-salon-sees-3x-more-bookings/','case-study','Case Study',3,'Golden Stallion Agency',NULL,'2025-10-14');

--
-- Table structure for table `wpve_independent_analytics_sessions`
--

CREATE TABLE `wpve_independent_analytics_sessions` (
  `session_id` bigint(20) unsigned NOT NULL AUTO_INCREMENT,
  `old_visitor_id` varchar(32) DEFAULT NULL,
  `visitor_id` bigint(20) unsigned DEFAULT NULL,
  `initial_view_id` bigint(20) unsigned DEFAULT NULL,
  `referrer_id` bigint(20) unsigned DEFAULT NULL,
  `campaign_id` bigint(20) unsigned DEFAULT NULL,
  `created_at` datetime NOT NULL,
  `legacy_view` tinyint(1) NOT NULL DEFAULT 0,
  `final_view_id` bigint(20) unsigned DEFAULT NULL,
  `ended_at` datetime DEFAULT NULL,
  `city_id` bigint(20) unsigned DEFAULT NULL,
  `country_id` bigint(20) unsigned DEFAULT NULL,
  `total_views` int(11) DEFAULT NULL,
  `device_type_id` bigint(20) unsigned DEFAULT NULL,
  `device_os_id` bigint(20) unsigned DEFAULT NULL,
  `device_browser_id` bigint(20) unsigned DEFAULT NULL,
  `is_first_session` tinyint(1) DEFAULT NULL,
  PRIMARY KEY (`session_id`),
  UNIQUE KEY `sessions_summary_index` (`created_at`,`session_id`,`visitor_id`,`referrer_id`,`total_views`),
  UNIQUE KEY `sessions_country_summary_index` (`created_at`,`session_id`,`visitor_id`,`country_id`,`total_views`),
  UNIQUE KEY `sessions_city_summary_index` (`created_at`,`session_id`,`visitor_id`,`city_id`,`total_views`),
  UNIQUE KEY `sessions_device_type_summary_index` (`created_at`,`session_id`,`visitor_id`,`device_type_id`,`total_views`),
  UNIQUE KEY `sessions_device_browser_summary_index` (`created_at`,`session_id`,`visitor_id`,`device_browser_id`,`total_views`),
  UNIQUE KEY `sessions_device_os_summary_index` (`created_at`,`session_id`,`visitor_id`,`device_os_id`,`total_views`),
  UNIQUE KEY `sessions_campaign_summary_index` (`created_at`,`session_id`,`visitor_id`,`campaign_id`,`total_views`),
  KEY `visitor_id` (`old_visitor_id`),
  KEY `initial_view_id` (`initial_view_id`),
  KEY `referrer_id` (`referrer_id`),
  KEY `campaign_id` (`campaign_id`),
  KEY `sessions_created_at_index` (`created_at`),
  KEY `city_id` (`city_id`),
  KEY `country_id` (`country_id`),
  KEY `device_type_id` (`device_type_id`),
  KEY `device_os_id` (`device_os_id`),
  KEY `device_browser_id` (`device_browser_id`),
  KEY `new_bigint_visitor_id` (`visitor_id`)
) ENGINE=InnoDB AUTO_INCREMENT=1399 DEFAULT CHARSET=utf8mb4 COLLATE=utf8mb4_unicode_520_ci;

--
-- Dumping data for table `wpve_independent_analytics_sessions`
--

INSERT INTO `wpve_independent_analytics_sessions` VALUES (1,NULL,1,1,1,NULL,'2024-12-19 10:54:51',0,NULL,NULL,1,1,1,1,1,1,1),(2,NULL,2,2,1,NULL,'2024-12-19 10:55:52',0,NULL,NULL,1,1,1,1,1,1,1),(3,NULL,2,3,1,NULL,'2024-12-19 10:56:50',0,NULL,NULL,1,1,1,1,1,1,0),(4,NULL,2,4,1,NULL,'2024-12-19 10:57:36',0,NULL,NULL,1,1,1,1,1,1,0),(5,NULL,2,5,1,NULL,'2024-12-19 10:58:17',0,NULL,NULL,1,1,1,1,1,1,0),(6,NULL,2,6,1,NULL,'2024-12-19 11:02:13',0,NULL,NULL,1,1,1,1,1,1,0),(7,NULL,2,7,1,NULL,'2024-12-19 11:35:16',0,NULL,NULL,1,1,1,1,1,1,0),(8,NULL,8,8,1,NULL,'2024-12-19 14:25:43',0,NULL,NULL,2,1,1,1,1,1,1),(9,NULL,8,9,1,NULL,'2024-12-19 14:25:55',0,NULL,NULL,2,1,1,1,1,1,0),(10,NULL,10,10,1,NULL,'2024-12-19 14:26:28',0,NULL,NULL,2,1,1,2,2,1,1),(11,NULL,8,11,1,NULL,'2024-12-19 14:35:52',0,NULL,NULL,2,1,1,1,1,1,0),(12,NULL,8,12,1,NULL,'2024-12-19 14:36:41',0,NULL,NULL,2,1,1,1,1,1,0),(13,NULL,8,13,1,NULL,'2024-12-19 14:37:34',0,NULL,NULL,2,1,1,1,1,1,0),(14,NULL,8,14,1,NULL,'2024-12-19 14:42:31',0,NULL,NULL,2,1,1,1,1,1,0),(15,NULL,8,15,1,NULL,'2024-12-19 14:47:28',0,NULL,NULL,2,1,1,1,1,1,0),(16,NULL,8,16,1,NULL,'2024-12-19 14:47:35',0,NULL,NULL,2,1,1,1,1,1,0),(17,NULL,8,17,1,NULL,'2024-12-19 14:48:32',0,NULL,NULL,2,1,1,1,1,1,0),(18,NULL,8,18,1,NULL,'2024-12-19 14:48:40',0,NULL,NULL,2,1,1,1,1,1,0),(19,NULL,8,19,1,NULL,'2024-12-19 14:50:27',0,NULL,NULL,2,1,1,1,1,1,0),(20,NULL,8,20,1,NULL,'2024-12-19 14:51:00',0,NULL,NULL,2,1,1,1,1,1,0),(21,NULL,8,21,1,NULL,'2024-12-19 14:52:53',0,NULL,NULL,2,1,1,1,1,1,0),(22,NULL,8,22,1,NULL,'2024-12-19 14:53:17',0,NULL,NULL,2,1,1,1,1,1,0),(23,NULL,8,23,1,NULL,'2024-12-19 14:53:41',0,NULL,NULL,2,1,1,1,1,1,0),(24,NULL,8,24,1,NULL,'2024-12-19 14:55:09',0,NULL,NULL,2,1,1,1,1,1,0),(25,NULL,8,25,1,NULL,'2024-12-19 15:01:02',0,NULL,NULL,2,1,1,1,1,1,0),(26,NULL,8,26,1,NULL,'2024-12-19 15:02:54',0,NULL,NULL,2,1,1,1,1,1,0),(27,NULL,8,27,1,NULL,'2024-12-19 15:03:51',0,30,'2024-12-19 15:09:18',2,1,4,1,1,1,0),(28,NULL,31,31,1,NULL,'2024-12-20 06:14:39',0,32,'2024-12-20 06:15:13',2,1,2,2,2,1,1),(29,NULL,33,33,1,NULL,'2024-12-20 07:30:48',0,NULL,NULL,2,1,1,1,1,1,1),(30,NULL,33,34,1,NULL,'2024-12-20 07:32:19',0,NULL,NULL,2,1,1,1,1,1,0),(31,NULL,33,35,1,NULL,'2024-12-20 07:33:46',0,NULL,NULL,2,1,1,1,1,1,0),(32,NULL,33,36,1,NULL,'2024-12-20 07:34:46',0,39,'2024-12-20 07:38:51',2,1,4,1,1,1,0),(33,NULL,33,40,1,NULL,'2024-12-20 08:45:32',0,NULL,NULL,2,1,1,1,1,1,0),(34,NULL,33,41,1,NULL,'2024-12-20 08:45:36',0,NULL,NULL,2,1,1,1,1,1,0),(35,NULL,42,42,1,NULL,'2024-12-20 08:46:12',0,NULL,NULL,2,1,1,1,1,1,1),(36,NULL,42,43,1,NULL,'2024-12-20 08:46:15',0,NULL,NULL,2,1,1,1,1,1,0),(37,NULL,42,44,1,NULL,'2024-12-20 08:46:53',0,NULL,NULL,2,1,1,1,1,1,0),(38,NULL,42,45,1,NULL,'2024-12-20 08:47:04',0,NULL,NULL,2,1,1,1,1,1,0),(39,NULL,46,46,1,NULL,'2024-12-20 08:51:16',0,NULL,NULL,1,1,1,1,1,1,1),(40,NULL,46,47,1,NULL,'2024-12-20 08:51:38',0,NULL,NULL,1,1,1,1,1,1,0),(41,NULL,46,48,1,NULL,'2024-12-20 08:53:54',0,53,'2024-12-20 08:55:56',1,1,6,1,1,1,0),(42,NULL,47,54,1,NULL,'2024-12-20 16:04:02',0,NULL,NULL,2,1,1,1,1,1,1),(43,NULL,48,55,1,NULL,'2024-12-20 16:05:08',0,NULL,NULL,3,1,1,2,2,2,1),(44,NULL,48,56,1,NULL,'2024-12-20 16:11:44',0,NULL,NULL,3,1,1,2,2,2,0),(45,NULL,48,57,1,NULL,'2024-12-20 20:04:23',0,NULL,NULL,3,1,1,2,2,2,0),(46,NULL,47,58,1,NULL,'2024-12-20 20:40:17',0,NULL,NULL,2,1,1,1,1,1,0),(47,NULL,47,59,1,NULL,'2024-12-20 21:38:00',0,NULL,NULL,2,1,1,1,1,1,0),(48,NULL,48,60,1,NULL,'2024-12-21 11:32:37',0,NULL,NULL,3,1,1,2,2,2,0),(49,NULL,54,61,1,NULL,'2024-12-21 12:15:09',0,NULL,NULL,3,1,1,1,1,2,1),(50,NULL,54,62,1,NULL,'2024-12-21 15:26:04',0,NULL,NULL,3,1,1,1,1,2,0),(51,NULL,56,63,1,NULL,'2024-12-27 08:28:11',0,NULL,NULL,4,1,1,1,3,3,1),(52,NULL,57,64,1,NULL,'2025-01-16 14:34:22',0,NULL,NULL,1,1,1,2,2,1,1),(53,NULL,57,65,1,NULL,'2025-01-16 14:34:35',0,67,'2025-01-16 14:34:47',1,1,3,2,2,1,0),(54,NULL,57,68,1,NULL,'2025-01-16 14:35:03',0,69,'2025-01-16 14:35:09',1,1,2,2,2,1,0),(55,NULL,63,70,1,NULL,'2025-01-16 17:33:41',0,71,'2025-01-16 17:33:42',2,1,2,1,1,1,1),(56,NULL,65,72,1,NULL,'2025-01-16 17:34:12',0,NULL,NULL,2,1,1,1,1,1,1),(57,NULL,66,73,1,NULL,'2025-01-16 18:17:59',0,75,'2025-01-16 18:21:22',5,1,3,2,2,2,1),(58,NULL,69,76,1,NULL,'2025-01-16 18:24:28',0,NULL,NULL,5,1,1,1,1,2,1),(59,NULL,65,77,1,NULL,'2025-01-17 07:27:11',0,NULL,NULL,2,1,1,1,1,1,0),(60,NULL,71,78,1,NULL,'2025-01-17 07:51:18',0,NULL,NULL,6,2,1,2,4,2,1),(61,NULL,72,79,2,NULL,'2025-01-17 09:09:38',0,NULL,NULL,7,2,1,2,2,2,1),(62,NULL,73,80,3,NULL,'2025-01-17 13:03:04',0,81,'2025-01-17 13:03:35',8,3,2,1,3,4,1),(63,NULL,75,82,4,NULL,'2025-01-17 17:35:21',0,NULL,NULL,1,1,1,1,3,4,1),(64,NULL,76,83,4,NULL,'2025-01-17 21:20:42',0,84,'2025-01-17 21:21:32',1,1,2,1,3,4,1),(65,NULL,78,85,1,NULL,'2025-01-18 00:18:35',0,88,'2025-01-18 00:21:23',9,4,4,2,4,2,1),(66,NULL,82,89,1,NULL,'2025-01-18 12:28:49',0,NULL,NULL,10,5,1,2,4,2,1),(67,NULL,83,90,1,NULL,'2025-01-18 12:29:09',0,NULL,NULL,10,5,1,2,4,2,1),(68,NULL,84,91,2,NULL,'2025-01-21 12:37:42',0,NULL,NULL,7,2,1,2,2,2,1),(69,NULL,85,92,1,NULL,'2025-01-21 14:14:28',0,NULL,NULL,6,2,1,2,2,2,1),(70,NULL,86,93,1,NULL,'2025-01-21 14:14:40',0,NULL,NULL,11,2,1,2,2,2,1),(71,NULL,87,94,1,NULL,'2025-01-21 14:17:06',0,NULL,NULL,12,2,1,2,2,2,1),(72,NULL,88,95,5,NULL,'2025-01-22 14:16:38',0,NULL,NULL,1,1,1,2,4,2,1),(73,NULL,89,96,2,NULL,'2025-01-23 13:23:21',0,NULL,NULL,7,2,1,3,1,5,1),(74,NULL,90,97,4,NULL,'2025-01-23 13:26:14',0,NULL,NULL,1,1,1,1,3,4,1),(75,NULL,91,98,4,NULL,'2025-01-23 13:26:23',0,NULL,NULL,2,1,1,1,3,4,1),(76,NULL,92,99,4,NULL,'2025-01-23 13:27:01',0,NULL,NULL,13,1,1,1,1,4,1),(77,NULL,93,100,4,NULL,'2025-01-23 13:27:07',0,NULL,NULL,5,1,1,1,3,4,1),(78,NULL,94,101,4,NULL,'2025-01-23 13:27:23',0,NULL,NULL,14,1,1,1,3,4,1),(79,NULL,95,102,4,NULL,'2025-01-23 13:28:28',0,105,'2025-01-23 13:29:19',NULL,NULL,2,1,3,4,1),(80,NULL,96,103,4,NULL,'2025-01-23 13:28:47',0,NULL,NULL,15,1,1,1,3,4,1),(81,NULL,97,104,2,NULL,'2025-01-23 13:28:57',0,NULL,NULL,7,2,1,1,1,5,1),(82,NULL,99,106,4,NULL,'2025-01-23 13:29:21',0,107,'2025-01-23 13:29:45',16,6,2,1,3,4,1),(83,NULL,101,108,4,NULL,'2025-01-23 13:30:02',0,NULL,NULL,2,1,1,1,1,4,1),(84,NULL,102,109,4,NULL,'2025-01-23 13:30:22',0,NULL,NULL,17,1,1,1,1,4,1),(85,NULL,103,110,4,NULL,'2025-01-23 13:30:37',0,NULL,NULL,18,1,1,1,3,4,1),(86,NULL,104,111,4,NULL,'2025-01-23 13:31:09',0,NULL,NULL,4,1,1,1,1,4,1),(87,NULL,105,112,3,NULL,'2025-01-23 13:31:26',0,NULL,NULL,19,1,1,1,3,4,1),(88,NULL,106,113,4,NULL,'2025-01-23 13:31:28',0,NULL,NULL,20,1,1,1,1,4,1),(89,NULL,107,114,4,NULL,'2025-01-23 13:32:12',0,NULL,NULL,2,1,1,1,1,4,1),(90,NULL,108,115,4,NULL,'2025-01-23 13:32:28',0,NULL,NULL,21,1,1,1,1,4,1),(91,NULL,109,116,1,NULL,'2025-01-23 13:32:37',0,NULL,NULL,19,1,1,1,3,4,1),(92,NULL,110,117,6,NULL,'2025-01-23 13:32:44',0,NULL,NULL,1,1,1,1,1,4,1),(93,NULL,111,118,4,NULL,'2025-01-23 13:32:51',0,NULL,NULL,1,1,1,1,1,4,1),(94,NULL,112,119,4,NULL,'2025-01-23 13:33:16',0,NULL,NULL,20,1,1,1,3,4,1),(95,NULL,113,120,4,NULL,'2025-01-23 13:33:28',0,NULL,NULL,22,7,1,1,3,4,1),(96,NULL,114,121,4,NULL,'2025-01-23 13:33:31',0,NULL,NULL,23,1,1,1,1,4,1),(97,NULL,115,122,4,NULL,'2025-01-23 13:33:35',0,NULL,NULL,24,1,1,1,3,4,1),(98,NULL,110,123,4,NULL,'2025-01-23 13:34:28',0,137,'2025-01-23 13:38:17',1,1,6,1,1,4,0),(99,NULL,117,124,4,NULL,'2025-01-23 13:34:43',0,NULL,NULL,1,1,1,1,1,4,1),(100,NULL,119,126,4,NULL,'2025-01-23 13:34:52',0,NULL,NULL,3,1,1,1,1,4,1),(101,NULL,121,128,4,NULL,'2025-01-23 13:35:18',0,NULL,NULL,25,1,1,1,3,4,1),(102,NULL,122,129,4,NULL,'2025-01-23 13:35:23',0,133,'2025-01-23 13:35:57',26,1,2,1,1,4,1),(103,NULL,123,130,1,NULL,'2025-01-23 13:35:26',0,NULL,NULL,25,1,1,1,3,4,1),(104,NULL,124,131,6,NULL,'2025-01-23 13:35:39',0,NULL,NULL,1,1,1,1,1,4,1),(105,NULL,125,132,4,NULL,'2025-01-23 13:35:39',0,NULL,NULL,3,1,1,1,3,4,1),(106,NULL,128,135,4,NULL,'2025-01-23 13:37:49',0,NULL,NULL,NULL,NULL,1,1,1,4,1),(107,NULL,131,138,4,NULL,'2025-01-23 13:38:22',0,NULL,NULL,2,1,1,1,3,4,1),(108,NULL,132,139,4,NULL,'2025-01-23 13:38:36',0,141,'2025-01-23 13:38:59',3,1,3,1,1,4,1),(109,NULL,135,142,4,NULL,'2025-01-23 13:39:17',0,NULL,NULL,27,8,1,1,1,4,1),(110,NULL,136,143,4,NULL,'2025-01-23 13:39:22',0,NULL,NULL,1,1,1,1,1,4,1),(111,NULL,137,144,4,NULL,'2025-01-23 13:39:23',0,NULL,NULL,1,1,1,1,3,4,1),(112,NULL,138,145,4,NULL,'2025-01-23 13:39:40',0,NULL,NULL,2,1,1,1,3,4,1),(113,NULL,139,146,4,NULL,'2025-01-23 13:40:11',0,NULL,NULL,4,1,1,1,1,4,1),(114,NULL,140,147,4,NULL,'2025-01-23 13:40:24',0,NULL,NULL,5,1,1,1,1,4,1),(115,NULL,141,148,4,NULL,'2025-01-23 13:42:16',0,157,'2025-01-23 13:44:59',2,1,3,1,1,4,1),(116,NULL,142,149,4,NULL,'2025-01-23 13:42:20',0,NULL,NULL,1,1,1,1,3,4,1),(117,NULL,143,150,4,NULL,'2025-01-23 13:42:21',0,153,'2025-01-23 13:43:39',3,1,2,1,3,4,1),(118,NULL,144,151,4,NULL,'2025-01-23 13:42:33',0,NULL,NULL,3,1,1,1,3,4,1),(119,NULL,145,152,4,NULL,'2025-01-23 13:43:21',0,NULL,NULL,23,1,1,1,3,4,1),(120,NULL,148,155,4,NULL,'2025-01-23 13:44:35',0,NULL,NULL,28,1,1,1,3,4,1),(121,NULL,149,156,1,NULL,'2025-01-23 13:44:39',0,NULL,NULL,NULL,NULL,1,1,3,3,1),(122,NULL,151,158,4,NULL,'2025-01-23 13:45:39',0,NULL,NULL,29,1,1,1,3,4,1),(123,NULL,152,159,4,NULL,'2025-01-23 13:46:20',0,NULL,NULL,30,1,1,1,3,4,1),(124,NULL,153,160,4,NULL,'2025-01-23 13:49:35',0,162,'2025-01-23 13:49:59',31,1,3,1,3,4,1),(125,NULL,156,163,4,NULL,'2025-01-23 13:50:19',0,NULL,NULL,NULL,NULL,1,1,1,4,1),(126,NULL,157,164,4,NULL,'2025-01-23 13:50:22',0,NULL,NULL,3,1,1,1,1,4,1),(127,NULL,158,165,4,NULL,'2025-01-23 13:52:18',0,NULL,NULL,21,1,1,1,3,4,1),(128,NULL,159,166,4,NULL,'2025-01-23 13:52:44',0,NULL,NULL,32,1,1,1,3,4,1),(129,NULL,160,167,4,NULL,'2025-01-23 13:54:20',0,NULL,NULL,29,1,1,1,3,4,1),(130,NULL,161,168,4,NULL,'2025-01-23 13:54:24',0,NULL,NULL,1,1,1,1,3,4,1),(131,NULL,162,169,4,NULL,'2025-01-23 13:54:33',0,NULL,NULL,1,1,1,1,3,4,1),(132,NULL,163,170,4,NULL,'2025-01-23 13:56:07',0,174,'2025-01-23 13:56:31',2,1,3,1,3,4,1),(133,NULL,164,171,6,NULL,'2025-01-23 13:56:15',0,NULL,NULL,3,1,1,1,1,4,1),(134,NULL,166,173,4,NULL,'2025-01-23 13:56:26',0,177,'2025-01-23 13:57:05',32,1,2,3,3,4,1),(135,NULL,168,175,1,NULL,'2025-01-23 13:56:45',0,NULL,NULL,2,1,1,1,3,4,1),(136,NULL,169,176,4,NULL,'2025-01-23 13:56:57',0,NULL,NULL,33,1,1,1,3,4,1),(137,NULL,171,178,4,NULL,'2025-01-23 13:57:31',0,182,'2025-01-23 14:00:28',32,1,3,3,3,4,1),(138,NULL,172,179,4,NULL,'2025-01-23 13:57:32',0,NULL,NULL,21,1,1,1,1,4,1),(139,NULL,174,181,4,NULL,'2025-01-23 13:59:33',0,NULL,NULL,29,1,1,1,3,4,1),(140,NULL,176,183,4,NULL,'2025-01-23 14:01:43',0,NULL,NULL,34,9,1,1,3,4,1),(141,NULL,177,184,4,NULL,'2025-01-23 14:02:29',0,188,'2025-01-23 14:03:30',3,1,3,1,3,4,1),(142,NULL,178,185,4,NULL,'2025-01-23 14:03:07',0,NULL,NULL,4,1,1,1,3,4,1),(143,NULL,179,186,4,NULL,'2025-01-23 14:03:13',0,NULL,NULL,14,1,1,1,1,4,1),(144,NULL,182,189,4,NULL,'2025-01-23 14:03:43',0,191,'2025-01-23 14:04:14',2,1,3,1,1,4,1),(145,NULL,185,192,1,NULL,'2025-01-23 14:04:36',0,NULL,NULL,3,1,1,1,3,4,1),(146,NULL,186,193,4,NULL,'2025-01-23 14:04:54',0,NULL,NULL,4,1,1,1,1,4,1),(147,NULL,187,194,4,NULL,'2025-01-23 14:05:52',0,196,'2025-01-23 14:06:09',2,1,3,2,4,3,1),(148,NULL,190,197,4,NULL,'2025-01-23 14:07:00',0,NULL,NULL,1,1,1,1,3,4,1),(149,NULL,191,198,4,NULL,'2025-01-23 14:08:27',0,NULL,NULL,35,1,1,1,3,4,1),(150,NULL,192,199,4,NULL,'2025-01-23 14:08:33',0,NULL,NULL,1,1,1,1,1,4,1),(151,NULL,193,200,4,NULL,'2025-01-23 14:08:53',0,NULL,NULL,1,1,1,1,1,4,1),(152,NULL,194,201,4,NULL,'2025-01-23 14:09:23',0,NULL,NULL,18,1,1,1,3,4,1),(153,NULL,195,202,4,NULL,'2025-01-23 14:09:28',0,NULL,NULL,36,10,1,1,3,4,1),(154,NULL,196,203,4,NULL,'2025-01-23 14:09:43',0,208,'2025-01-23 14:11:24',37,9,2,1,3,4,1),(155,NULL,197,204,4,NULL,'2025-01-23 14:10:34',0,NULL,NULL,38,1,1,1,1,4,1),(156,NULL,198,205,4,NULL,'2025-01-23 14:10:44',0,207,'2025-01-23 14:11:00',39,1,2,1,3,4,1),(157,NULL,199,206,4,NULL,'2025-01-23 14:10:47',0,NULL,NULL,1,1,1,1,1,4,1),(158,NULL,202,209,4,NULL,'2025-01-23 14:12:19',0,NULL,NULL,3,1,1,1,1,4,1),(159,NULL,203,210,6,NULL,'2025-01-23 14:15:44',0,NULL,NULL,1,1,1,1,3,4,1),(160,NULL,204,211,4,NULL,'2025-01-23 14:16:59',0,NULL,NULL,40,9,1,1,3,4,1),(161,NULL,205,212,1,NULL,'2025-01-23 14:17:51',0,NULL,NULL,40,9,1,1,3,4,1),(162,NULL,206,213,4,NULL,'2025-01-23 14:17:56',0,NULL,NULL,41,1,1,1,3,4,1),(163,NULL,207,214,4,NULL,'2025-01-23 14:18:13',0,NULL,NULL,2,1,1,1,3,4,1),(164,NULL,208,215,4,NULL,'2025-01-23 14:21:06',0,NULL,NULL,4,1,1,1,1,4,1),(165,NULL,209,216,4,NULL,'2025-01-23 14:22:45',0,NULL,NULL,2,1,1,1,1,4,1),(166,NULL,210,217,4,NULL,'2025-01-23 14:25:27',0,218,'2025-01-23 14:26:11',29,1,2,1,3,4,1),(167,NULL,212,219,4,NULL,'2025-01-23 14:30:15',0,NULL,NULL,2,1,1,1,3,4,1),(168,NULL,213,220,4,NULL,'2025-01-23 14:31:21',0,NULL,NULL,38,1,1,1,3,4,1),(169,NULL,214,221,4,NULL,'2025-01-23 14:31:56',0,NULL,NULL,23,1,1,1,3,4,1),(170,NULL,215,222,4,NULL,'2025-01-23 14:31:57',0,NULL,NULL,42,8,1,1,1,4,1),(171,NULL,216,223,4,NULL,'2025-01-23 14:32:00',0,NULL,NULL,4,1,1,1,3,4,1),(172,NULL,217,224,4,NULL,'2025-01-23 14:32:54',0,NULL,NULL,14,1,1,1,3,4,1),(173,NULL,218,225,4,NULL,'2025-01-23 14:33:07',0,NULL,NULL,2,1,1,1,1,4,1),(174,NULL,219,226,4,NULL,'2025-01-23 14:34:38',0,261,'2025-01-23 14:47:48',4,1,2,1,3,4,1),(175,NULL,220,227,6,NULL,'2025-01-23 14:35:37',0,NULL,NULL,29,1,1,1,3,4,1),(176,NULL,221,228,4,NULL,'2025-01-23 14:35:49',0,NULL,NULL,38,1,1,1,1,4,1),(177,NULL,222,229,4,NULL,'2025-01-23 14:35:56',0,NULL,NULL,2,1,1,1,1,4,1),(178,NULL,223,230,4,NULL,'2025-01-23 14:36:25',0,NULL,NULL,43,11,1,1,3,4,1),(179,NULL,224,231,4,NULL,'2025-01-23 14:36:26',0,NULL,NULL,4,1,1,1,3,4,1),(180,NULL,225,232,4,NULL,'2025-01-23 14:36:36',0,NULL,NULL,3,1,1,1,3,4,1),(181,NULL,226,233,4,NULL,'2025-01-23 14:37:46',0,NULL,NULL,25,1,1,1,3,4,1),(182,NULL,227,234,4,NULL,'2025-01-23 14:37:54',0,NULL,NULL,44,1,1,1,1,4,1),(183,NULL,228,235,1,NULL,'2025-01-23 14:38:35',0,NULL,NULL,2,1,1,2,2,1,1),(184,NULL,229,236,4,NULL,'2025-01-23 14:39:38',0,NULL,NULL,29,1,1,1,3,4,1),(185,NULL,229,237,6,NULL,'2025-01-23 14:40:27',0,243,'2025-01-23 14:42:16',29,1,3,1,3,4,0),(186,NULL,231,238,4,NULL,'2025-01-23 14:41:21',0,NULL,NULL,45,1,1,1,1,4,1),(187,NULL,232,239,4,NULL,'2025-01-23 14:41:21',0,NULL,NULL,1,1,1,1,1,4,1),(188,NULL,233,240,4,NULL,'2025-01-23 14:41:38',0,NULL,NULL,46,12,1,1,3,4,1),(189,NULL,235,242,4,NULL,'2025-01-23 14:42:08',0,250,'2025-01-23 14:43:36',4,1,3,1,1,4,1),(190,NULL,237,244,4,NULL,'2025-01-23 14:42:44',0,NULL,NULL,47,1,1,1,1,4,1),(191,NULL,238,245,4,NULL,'2025-01-23 14:42:47',0,NULL,NULL,1,1,1,1,3,4,1),(192,NULL,229,246,4,NULL,'2025-01-23 14:42:53',0,253,'2025-01-23 14:44:14',29,1,6,1,3,4,0),(193,NULL,247,254,4,NULL,'2025-01-23 14:44:33',0,NULL,NULL,NULL,NULL,1,1,1,4,1),(194,NULL,248,255,4,NULL,'2025-01-23 14:47:02',0,260,'2025-01-23 14:47:44',26,1,3,1,1,4,1),(195,NULL,249,256,4,NULL,'2025-01-23 14:47:12',0,NULL,NULL,1,1,1,3,5,4,1),(196,NULL,250,257,4,NULL,'2025-01-23 14:47:17',0,259,'2025-01-23 14:47:42',5,1,2,1,3,4,1),(197,NULL,255,262,4,NULL,'2025-01-23 14:47:48',0,NULL,NULL,3,1,1,1,3,4,1),(198,NULL,256,263,4,NULL,'2025-01-23 14:48:29',0,NULL,NULL,48,1,1,1,3,4,1),(199,NULL,257,264,4,NULL,'2025-01-23 14:49:24',0,NULL,NULL,3,1,1,1,3,4,1),(200,NULL,258,265,1,NULL,'2025-01-23 14:49:31',0,NULL,NULL,3,1,1,1,3,4,1),(201,NULL,259,266,5,NULL,'2025-01-23 14:50:18',0,NULL,NULL,3,1,1,1,3,3,1),(202,NULL,260,267,4,NULL,'2025-01-23 14:50:46',0,NULL,NULL,3,1,1,1,3,4,1),(203,NULL,261,268,4,NULL,'2025-01-23 14:50:49',0,NULL,NULL,18,1,1,1,3,4,1),(204,NULL,262,269,4,NULL,'2025-01-23 14:50:59',0,NULL,NULL,38,1,1,1,1,4,1),(205,NULL,263,270,4,NULL,'2025-01-23 14:51:04',0,NULL,NULL,49,7,1,1,3,4,1),(206,NULL,264,271,4,NULL,'2025-01-23 14:51:12',0,NULL,NULL,17,1,1,1,3,4,1),(207,NULL,265,272,4,NULL,'2025-01-23 14:52:20',0,NULL,NULL,3,1,1,1,3,4,1),(208,NULL,266,273,4,NULL,'2025-01-23 14:53:11',0,NULL,NULL,28,1,1,1,3,4,1),(209,NULL,267,274,4,NULL,'2025-01-23 14:54:27',0,NULL,NULL,42,8,1,1,3,4,1),(210,NULL,268,275,4,NULL,'2025-01-23 14:54:29',0,NULL,NULL,2,1,1,1,3,4,1),(211,NULL,269,276,4,NULL,'2025-01-23 14:58:00',0,NULL,NULL,NULL,NULL,1,1,3,4,1),(212,NULL,153,277,4,NULL,'2025-01-23 14:58:48',0,NULL,NULL,31,1,1,1,3,4,0),(213,NULL,271,278,1,NULL,'2025-01-23 14:58:53',0,NULL,NULL,31,1,1,1,3,4,1),(214,NULL,272,279,4,NULL,'2025-01-23 15:04:20',0,281,'2025-01-23 15:04:29',29,1,2,1,3,4,1),(215,NULL,273,280,6,NULL,'2025-01-23 15:04:29',0,NULL,NULL,2,1,1,2,2,2,1),(216,NULL,275,282,4,NULL,'2025-01-23 15:05:29',0,NULL,NULL,49,7,1,1,3,4,1),(217,NULL,276,283,1,NULL,'2025-01-23 15:05:36',0,NULL,NULL,49,7,1,1,3,4,1),(218,NULL,277,284,4,NULL,'2025-01-23 15:05:52',0,NULL,NULL,NULL,NULL,1,1,3,4,1),(219,NULL,278,285,4,NULL,'2025-01-23 15:12:19',0,NULL,NULL,26,1,1,1,3,4,1),(220,NULL,279,286,4,NULL,'2025-01-23 15:13:59',0,NULL,NULL,20,1,1,1,3,4,1),(221,NULL,280,287,4,NULL,'2025-01-23 15:15:20',0,NULL,NULL,1,1,1,1,3,4,1),(222,NULL,281,288,4,NULL,'2025-01-23 15:16:10',0,NULL,NULL,29,1,1,1,3,4,1),(223,NULL,282,289,4,NULL,'2025-01-23 15:16:55',0,NULL,NULL,50,1,1,1,3,4,1),(224,NULL,283,290,4,NULL,'2025-01-23 15:18:32',0,310,'2025-01-23 15:41:52',2,1,2,1,3,4,1),(225,NULL,284,291,1,NULL,'2025-01-23 15:18:52',0,NULL,NULL,2,1,1,1,3,6,1),(226,NULL,285,292,4,NULL,'2025-01-23 15:19:26',0,NULL,NULL,3,1,1,1,3,4,1),(227,NULL,286,293,4,NULL,'2025-01-23 15:20:00',0,NULL,NULL,2,1,1,1,1,4,1),(228,NULL,287,294,4,NULL,'2025-01-23 15:20:00',0,NULL,NULL,28,1,1,1,3,4,1),(229,NULL,288,295,4,NULL,'2025-01-23 15:21:55',0,NULL,NULL,28,1,1,1,3,4,1),(230,NULL,289,296,4,NULL,'2025-01-23 15:25:52',0,NULL,NULL,38,1,1,1,3,4,1),(231,NULL,290,297,4,NULL,'2025-01-23 15:26:17',0,299,'2025-01-23 15:27:11',27,8,2,1,3,4,1),(232,NULL,291,298,4,NULL,'2025-01-23 15:26:47',0,NULL,NULL,24,1,1,1,1,4,1),(233,NULL,293,300,4,NULL,'2025-01-23 15:27:13',0,NULL,NULL,30,1,1,1,3,4,1),(234,NULL,294,301,4,NULL,'2025-01-23 15:29:32',0,NULL,NULL,1,1,1,1,3,4,1),(235,NULL,295,302,4,NULL,'2025-01-23 15:30:30',0,NULL,NULL,3,1,1,1,1,2,1),(236,NULL,296,303,4,NULL,'2025-01-23 15:31:34',0,NULL,NULL,3,1,1,1,3,4,1),(237,NULL,297,304,4,NULL,'2025-01-23 15:36:25',0,306,'2025-01-23 15:37:00',4,1,3,1,3,4,1),(238,NULL,300,307,4,NULL,'2025-01-23 15:37:10',0,NULL,NULL,45,1,1,1,3,4,1),(239,NULL,301,308,4,NULL,'2025-01-23 15:39:22',0,NULL,NULL,1,1,1,1,3,4,1),(240,NULL,302,309,4,NULL,'2025-01-23 15:40:13',0,NULL,NULL,1,1,1,1,1,4,1),(241,NULL,304,311,4,NULL,'2025-01-23 15:42:28',0,NULL,NULL,2,1,1,1,1,4,1),(242,NULL,305,312,4,NULL,'2025-01-23 15:42:56',0,NULL,NULL,43,11,1,1,3,4,1),(243,NULL,306,313,4,NULL,'2025-01-23 15:46:43',0,NULL,NULL,3,1,1,1,1,4,1),(244,NULL,307,314,4,NULL,'2025-01-23 15:46:43',0,318,'2025-01-23 15:48:51',5,1,2,1,3,4,1),(245,NULL,308,315,4,NULL,'2025-01-23 15:47:03',0,NULL,NULL,50,1,1,1,3,4,1),(246,NULL,309,316,4,NULL,'2025-01-23 15:47:16',0,NULL,NULL,3,1,1,1,1,4,1),(247,NULL,310,317,4,NULL,'2025-01-23 15:47:26',0,NULL,NULL,29,1,1,1,1,4,1),(248,NULL,312,319,4,NULL,'2025-01-23 15:50:35',0,NULL,NULL,26,1,1,1,3,4,1),(249,NULL,313,320,4,NULL,'2025-01-23 15:54:45',0,NULL,NULL,2,1,1,1,1,4,1),(250,NULL,314,321,4,NULL,'2025-01-23 15:55:36',0,NULL,NULL,3,1,1,1,1,4,1),(251,NULL,315,322,4,NULL,'2025-01-23 15:56:20',0,NULL,NULL,4,1,1,1,3,4,1),(252,NULL,316,323,4,NULL,'2025-01-23 15:57:51',0,NULL,NULL,3,1,1,1,3,4,1),(253,NULL,317,324,4,NULL,'2025-01-23 15:59:09',0,NULL,NULL,33,1,1,1,3,4,1),(254,NULL,318,325,4,NULL,'2025-01-23 16:00:01',0,NULL,NULL,3,1,1,1,3,4,1),(255,NULL,319,326,4,NULL,'2025-01-23 16:05:37',0,NULL,NULL,26,1,1,1,3,4,1),(256,NULL,320,327,4,NULL,'2025-01-23 16:05:44',0,NULL,NULL,26,1,1,1,3,3,1),(257,NULL,321,328,4,NULL,'2025-01-23 16:07:27',0,NULL,NULL,29,1,1,1,1,4,1),(258,NULL,322,329,1,NULL,'2025-01-23 16:08:59',0,NULL,NULL,3,1,1,2,2,2,1),(259,NULL,323,330,6,NULL,'2025-01-23 16:10:05',0,NULL,NULL,29,1,1,1,3,4,1),(260,NULL,324,331,4,NULL,'2025-01-23 16:11:11',0,NULL,NULL,3,1,1,1,3,4,1),(261,NULL,325,332,1,NULL,'2025-01-23 16:11:25',0,NULL,NULL,3,1,1,1,3,4,1),(262,NULL,326,333,4,NULL,'2025-01-23 16:15:41',0,338,'2025-01-23 16:17:09',4,1,3,1,1,4,1),(263,NULL,327,334,4,NULL,'2025-01-23 16:15:57',0,335,'2025-01-23 16:16:12',3,1,2,1,3,4,1),(264,NULL,330,337,4,NULL,'2025-01-23 16:17:06',0,NULL,NULL,3,1,1,1,3,4,1),(265,NULL,332,339,4,NULL,'2025-01-23 16:19:18',0,NULL,NULL,1,1,1,1,3,4,1),(266,NULL,333,340,4,NULL,'2025-01-23 16:21:38',0,NULL,NULL,3,1,1,1,3,4,1),(267,NULL,149,341,1,NULL,'2025-01-23 16:23:07',0,NULL,NULL,NULL,NULL,1,1,3,3,0),(268,NULL,335,342,4,NULL,'2025-01-23 16:23:23',0,NULL,NULL,1,1,1,1,1,4,1),(269,NULL,336,343,4,NULL,'2025-01-23 16:32:06',0,NULL,NULL,2,1,1,1,1,4,1),(270,NULL,337,344,4,NULL,'2025-01-23 16:34:37',0,NULL,NULL,2,1,1,1,3,4,1),(271,NULL,338,345,4,NULL,'2025-01-23 16:36:27',0,NULL,NULL,3,1,1,1,1,4,1),(272,NULL,339,346,4,NULL,'2025-01-23 16:40:58',0,NULL,NULL,4,1,1,1,1,4,1),(273,NULL,340,347,4,NULL,'2025-01-23 16:42:42',0,NULL,NULL,2,1,1,1,3,4,1),(274,NULL,341,348,4,NULL,'2025-01-23 16:43:26',0,NULL,NULL,51,1,1,1,3,4,1),(275,NULL,342,349,4,NULL,'2025-01-23 16:45:58',0,NULL,NULL,2,1,1,1,3,4,1),(276,NULL,343,350,4,NULL,'2025-01-23 16:50:03',0,NULL,NULL,50,1,1,1,3,4,1),(277,NULL,344,351,4,NULL,'2025-01-23 16:50:53',0,NULL,NULL,1,1,1,1,3,4,1),(278,NULL,345,352,4,NULL,'2025-01-23 16:52:40',0,NULL,NULL,2,1,1,1,1,4,1),(279,NULL,346,353,4,NULL,'2025-01-23 16:53:09',0,NULL,NULL,29,1,1,1,3,4,1),(280,NULL,347,354,6,NULL,'2025-01-23 16:54:37',0,NULL,NULL,4,1,1,1,1,4,1),(281,NULL,348,355,4,NULL,'2025-01-23 16:54:37',0,NULL,NULL,33,1,1,1,1,4,1),(282,NULL,349,356,4,NULL,'2025-01-23 16:57:28',0,NULL,NULL,2,1,1,1,3,4,1),(283,NULL,350,357,4,NULL,'2025-01-23 17:00:02',0,NULL,NULL,3,1,1,1,3,4,1),(284,NULL,351,358,4,NULL,'2025-01-23 17:03:13',0,NULL,NULL,5,1,1,1,3,4,1),(285,NULL,352,359,4,NULL,'2025-01-23 17:03:32',0,NULL,NULL,3,1,1,1,3,4,1),(286,NULL,353,360,1,NULL,'2025-01-23 17:03:45',0,NULL,NULL,5,1,1,1,3,4,1),(287,NULL,354,361,4,NULL,'2025-01-23 17:04:27',0,NULL,NULL,26,1,1,1,3,4,1),(288,NULL,355,362,4,NULL,'2025-01-23 17:09:36',0,NULL,NULL,5,1,1,1,3,4,1),(289,NULL,356,363,1,NULL,'2025-01-23 17:10:02',0,NULL,NULL,5,1,1,1,3,4,1),(290,NULL,357,364,4,NULL,'2025-01-23 17:13:54',0,NULL,NULL,26,1,1,1,1,2,1),(291,NULL,358,365,4,NULL,'2025-01-23 17:16:31',0,NULL,NULL,3,1,1,1,1,4,1),(292,NULL,359,366,4,NULL,'2025-01-23 17:19:12',0,NULL,NULL,23,1,1,1,3,4,1),(293,NULL,360,367,4,NULL,'2025-01-23 17:25:19',0,NULL,NULL,52,1,1,1,1,4,1),(294,NULL,361,368,1,NULL,'2025-01-23 17:26:47',0,NULL,NULL,3,1,1,1,1,2,1),(295,NULL,362,369,4,NULL,'2025-01-23 17:29:04',0,NULL,NULL,1,1,1,1,1,4,1),(296,NULL,363,370,4,NULL,'2025-01-23 17:30:16',0,372,'2025-01-23 17:30:58',1,1,3,1,1,4,1),(297,NULL,366,373,5,NULL,'2025-01-23 17:32:59',0,375,'2025-01-23 17:35:07',1,1,2,1,1,2,1),(298,NULL,367,374,4,NULL,'2025-01-23 17:33:13',0,NULL,NULL,5,1,1,1,3,4,1),(299,NULL,369,376,4,NULL,'2025-01-23 17:49:30',0,NULL,NULL,30,1,1,1,3,4,1),(300,NULL,370,377,4,NULL,'2025-01-23 17:52:08',0,382,'2025-01-23 17:57:46',1,1,2,1,1,4,1),(301,NULL,371,378,2,NULL,'2025-01-23 17:53:06',0,NULL,NULL,7,2,1,1,1,5,1),(302,NULL,372,379,4,NULL,'2025-01-23 17:55:19',0,NULL,NULL,14,1,1,1,3,4,1),(303,NULL,373,380,4,NULL,'2025-01-23 17:56:40',0,NULL,NULL,38,1,1,1,1,4,1),(304,NULL,374,381,4,NULL,'2025-01-23 17:57:32',0,385,'2025-01-23 18:00:39',4,1,3,2,2,2,1),(305,NULL,376,383,6,NULL,'2025-01-23 17:59:44',0,NULL,NULL,53,13,1,1,1,4,1),(306,NULL,379,386,4,NULL,'2025-01-23 18:02:55',0,NULL,NULL,26,1,1,1,1,4,1),(307,NULL,380,387,6,NULL,'2025-01-23 18:05:36',0,NULL,NULL,NULL,NULL,1,1,3,4,1),(308,NULL,381,388,1,NULL,'2025-01-23 18:11:35',0,NULL,NULL,30,1,1,1,3,4,1),(309,NULL,382,389,4,NULL,'2025-01-23 18:17:39',0,NULL,NULL,23,1,1,1,3,4,1),(310,NULL,383,390,4,NULL,'2025-01-23 18:21:14',0,392,'2025-01-23 18:25:41',54,14,2,1,3,4,1),(311,NULL,384,391,4,NULL,'2025-01-23 18:24:55',0,NULL,NULL,3,1,1,1,1,4,1),(312,NULL,386,393,4,NULL,'2025-01-23 18:26:45',0,NULL,NULL,55,15,1,1,3,4,1),(313,NULL,387,394,4,NULL,'2025-01-23 18:27:45',0,NULL,NULL,56,16,1,1,1,4,1),(314,NULL,388,395,4,NULL,'2025-01-23 18:27:55',0,NULL,NULL,23,1,1,1,3,4,1),(315,NULL,389,396,4,NULL,'2025-01-23 18:31:10',0,NULL,NULL,4,1,1,1,3,3,1),(316,NULL,390,397,4,NULL,'2025-01-23 18:33:05',0,NULL,NULL,57,16,1,1,1,4,1),(317,NULL,391,398,4,NULL,'2025-01-23 18:35:56',0,NULL,NULL,2,1,1,1,3,4,1),(318,NULL,392,399,1,NULL,'2025-01-23 18:36:32',0,NULL,NULL,2,1,1,1,1,1,1),(319,NULL,393,400,1,NULL,'2025-01-23 18:38:45',0,NULL,NULL,2,1,1,1,1,1,1),(320,NULL,394,401,4,NULL,'2025-01-23 18:39:50',0,NULL,NULL,33,1,1,1,3,4,1),(321,NULL,395,402,4,NULL,'2025-01-23 18:50:43',0,NULL,NULL,3,1,1,1,1,4,1),(322,NULL,396,403,4,NULL,'2025-01-23 18:52:29',0,NULL,NULL,4,1,1,1,1,4,1),(323,NULL,397,404,4,NULL,'2025-01-23 18:52:30',0,NULL,NULL,58,1,1,1,1,4,1),(324,NULL,398,405,4,NULL,'2025-01-23 19:04:20',0,NULL,NULL,3,1,1,1,3,4,1),(325,NULL,399,406,4,NULL,'2025-01-23 19:09:06',0,NULL,NULL,59,1,1,2,2,2,1),(326,NULL,400,407,4,NULL,'2025-01-23 19:10:56',0,NULL,NULL,2,1,1,1,3,4,1),(327,NULL,401,408,4,NULL,'2025-01-23 19:21:37',0,NULL,NULL,50,1,1,1,1,4,1),(328,NULL,402,409,4,NULL,'2025-01-23 19:26:50',0,412,'2025-01-23 19:27:22',2,1,3,1,1,4,1),(329,NULL,404,411,4,NULL,'2025-01-23 19:27:15',0,NULL,NULL,4,1,1,1,1,4,1),(330,NULL,406,413,4,NULL,'2025-01-23 19:34:57',0,NULL,NULL,4,1,1,1,1,4,1),(331,NULL,407,414,5,NULL,'2025-01-23 19:36:07',0,NULL,NULL,29,1,1,1,3,3,1),(332,NULL,408,415,4,NULL,'2025-01-23 19:40:32',0,418,'2025-01-23 19:43:01',39,1,2,1,3,4,1),(333,NULL,409,416,6,NULL,'2025-01-23 19:41:04',0,NULL,NULL,4,1,1,2,2,7,1),(334,NULL,410,417,4,NULL,'2025-01-23 19:42:52',0,NULL,NULL,29,1,1,1,3,4,1),(335,NULL,412,419,4,NULL,'2025-01-23 19:44:13',0,NULL,NULL,29,1,1,1,3,4,1),(336,NULL,413,420,4,NULL,'2025-01-23 19:53:06',0,NULL,NULL,2,1,1,1,1,4,1),(337,NULL,414,421,6,NULL,'2025-01-23 19:55:36',0,NULL,NULL,1,1,1,1,1,2,1),(338,NULL,415,422,4,NULL,'2025-01-23 20:00:08',0,424,'2025-01-23 20:08:32',1,1,2,1,3,4,1),(339,NULL,416,423,4,NULL,'2025-01-23 20:02:03',0,NULL,NULL,5,1,1,1,3,4,1),(340,NULL,418,425,4,NULL,'2025-01-23 20:17:52',0,NULL,NULL,4,1,1,1,1,4,1),(341,NULL,419,426,4,NULL,'2025-01-23 20:27:18',0,NULL,NULL,60,6,1,1,1,4,1),(342,NULL,420,427,5,NULL,'2025-01-23 20:28:29',0,NULL,NULL,3,1,1,1,1,2,1),(343,NULL,421,428,4,NULL,'2025-01-23 20:31:56',0,NULL,NULL,38,1,1,1,1,4,1),(344,NULL,422,429,4,NULL,'2025-01-23 20:32:38',0,NULL,NULL,26,1,1,1,3,4,1),(345,NULL,423,430,1,NULL,'2025-01-23 20:44:29',0,NULL,NULL,3,1,1,1,3,3,1),(346,NULL,423,431,4,NULL,'2025-01-23 20:44:44',0,NULL,NULL,3,1,1,1,3,3,0),(347,NULL,425,432,4,NULL,'2025-01-23 20:47:53',0,NULL,NULL,1,1,1,1,3,4,1),(348,NULL,426,433,4,NULL,'2025-01-23 21:08:10',0,NULL,NULL,4,1,1,1,3,4,1),(349,NULL,427,434,4,NULL,'2025-01-23 21:15:09',0,435,'2025-01-23 21:15:36',32,1,2,1,3,4,1),(350,NULL,429,436,4,NULL,'2025-01-23 21:28:51',0,NULL,NULL,29,1,1,1,1,4,1),(351,NULL,430,437,4,NULL,'2025-01-23 21:43:21',0,NULL,NULL,61,2,1,1,1,4,1),(352,NULL,431,438,4,NULL,'2025-01-23 21:48:48',0,439,'2025-01-23 21:49:14',29,1,2,1,3,4,1),(353,NULL,433,440,1,NULL,'2025-01-23 21:49:37',0,NULL,NULL,29,1,1,1,3,4,1),(354,NULL,434,441,4,NULL,'2025-01-23 22:32:37',0,NULL,NULL,3,1,1,2,4,2,1),(355,NULL,435,442,4,NULL,'2025-01-23 22:59:19',0,NULL,NULL,5,1,1,1,1,4,1),(356,NULL,436,443,4,NULL,'2025-01-23 23:02:39',0,NULL,NULL,62,1,1,1,3,4,1),(357,NULL,437,444,4,NULL,'2025-01-23 23:11:38',0,NULL,NULL,3,1,1,1,3,4,1),(358,NULL,438,445,4,NULL,'2025-01-23 23:30:26',0,NULL,NULL,3,1,1,1,3,4,1),(359,NULL,439,446,1,NULL,'2025-01-23 23:31:05',0,NULL,NULL,3,1,1,1,3,4,1),(360,NULL,103,447,4,NULL,'2025-01-23 23:32:37',0,NULL,NULL,18,1,1,1,3,4,0),(361,NULL,441,448,4,NULL,'2025-01-23 23:41:16',0,450,'2025-01-23 23:43:10',NULL,NULL,3,1,3,4,1),(362,NULL,444,451,4,NULL,'2025-01-24 00:09:03',0,453,'2025-01-24 00:09:40',1,1,2,1,3,4,1),(363,NULL,445,452,4,NULL,'2025-01-24 00:09:13',0,NULL,NULL,63,1,1,1,1,4,1),(364,NULL,447,454,4,NULL,'2025-01-24 00:21:19',0,NULL,NULL,52,1,1,1,3,4,1),(365,NULL,448,455,4,NULL,'2025-01-24 00:38:32',0,NULL,NULL,NULL,NULL,1,1,1,4,1),(366,NULL,449,456,4,NULL,'2025-01-24 00:45:54',0,NULL,NULL,64,17,1,1,3,4,1),(367,NULL,450,457,4,NULL,'2025-01-24 00:46:35',0,NULL,NULL,2,1,1,1,3,4,1),(368,NULL,451,458,4,NULL,'2025-01-24 00:54:49',0,459,'2025-01-24 00:54:58',65,2,2,1,3,4,1),(369,NULL,453,460,1,NULL,'2025-01-24 00:55:10',0,NULL,NULL,65,2,1,1,3,4,1),(370,NULL,454,461,4,NULL,'2025-01-24 00:57:13',0,NULL,NULL,23,1,1,1,3,4,1),(371,NULL,455,462,4,NULL,'2025-01-24 01:01:04',0,NULL,NULL,66,6,1,1,1,4,1),(372,NULL,456,463,4,NULL,'2025-01-24 01:19:41',0,NULL,NULL,31,1,1,1,3,3,1),(373,NULL,457,464,4,NULL,'2025-01-24 01:30:12',0,465,'2025-01-24 01:31:26',5,1,2,1,1,4,1),(374,NULL,457,466,6,NULL,'2025-01-24 01:31:49',0,NULL,NULL,5,1,1,1,1,4,0),(375,NULL,457,467,4,NULL,'2025-01-24 01:32:38',0,468,'2025-01-24 01:33:33',5,1,2,1,1,4,0),(376,NULL,462,469,4,NULL,'2025-01-24 02:48:11',0,NULL,NULL,67,16,1,1,3,4,1),(377,NULL,103,470,4,NULL,'2025-01-24 02:50:30',0,NULL,NULL,18,1,1,1,3,4,0),(378,NULL,464,471,1,NULL,'2025-01-24 02:51:07',0,NULL,NULL,18,1,1,1,3,3,1),(379,NULL,465,472,4,NULL,'2025-01-24 03:07:35',0,NULL,NULL,1,1,1,1,1,4,1),(380,NULL,466,473,4,NULL,'2025-01-24 03:31:50',0,475,'2025-01-24 03:33:46',31,1,3,1,1,4,1),(381,NULL,469,476,4,NULL,'2025-01-24 03:47:43',0,NULL,NULL,1,1,1,1,1,4,1),(382,NULL,470,477,4,NULL,'2025-01-24 04:17:54',0,NULL,NULL,1,1,1,1,3,4,1),(383,NULL,471,478,6,NULL,'2025-01-24 04:29:42',0,NULL,NULL,15,1,1,1,3,3,1),(384,NULL,472,479,4,NULL,'2025-01-24 04:41:23',0,NULL,NULL,5,1,1,1,1,4,1),(385,NULL,473,480,4,NULL,'2025-01-24 04:48:49',0,NULL,NULL,2,1,1,1,1,4,1),(386,NULL,474,481,4,NULL,'2025-01-24 04:52:30',0,NULL,NULL,4,1,1,1,3,4,1),(387,NULL,475,482,4,NULL,'2025-01-24 05:22:57',0,NULL,NULL,4,1,1,1,1,4,1),(388,NULL,476,483,4,NULL,'2025-01-24 05:32:52',0,NULL,NULL,4,1,1,1,1,4,1),(389,NULL,477,484,4,NULL,'2025-01-24 05:44:51',0,485,'2025-01-24 05:45:32',4,1,2,1,1,4,1),(390,NULL,479,486,4,NULL,'2025-01-24 05:47:59',0,NULL,NULL,68,7,1,1,3,4,1),(391,NULL,480,487,4,NULL,'2025-01-24 05:56:48',0,NULL,NULL,3,1,1,2,2,7,1),(392,NULL,481,488,4,NULL,'2025-01-24 06:00:52',0,NULL,NULL,2,1,1,1,3,4,1),(393,NULL,482,489,4,NULL,'2025-01-24 06:01:49',0,NULL,NULL,1,1,1,1,3,4,1),(394,NULL,482,490,6,NULL,'2025-01-24 06:02:58',0,NULL,NULL,1,1,1,1,3,4,0),(395,NULL,484,491,4,NULL,'2025-01-24 06:04:24',0,NULL,NULL,4,1,1,1,3,4,1),(396,NULL,485,492,4,NULL,'2025-01-24 06:06:23',0,NULL,NULL,26,1,1,1,3,4,1),(397,NULL,486,493,4,NULL,'2025-01-24 06:09:34',0,497,'2025-01-24 06:21:36',1,1,3,1,1,4,1),(398,NULL,487,494,4,NULL,'2025-01-24 06:17:11',0,NULL,NULL,2,1,1,1,1,4,1),(399,NULL,488,495,4,NULL,'2025-01-24 06:19:15',0,NULL,NULL,3,1,1,1,3,4,1),(400,NULL,491,498,4,NULL,'2025-01-24 06:22:47',0,NULL,NULL,3,1,1,1,3,4,1),(401,NULL,492,499,4,NULL,'2025-01-24 06:23:05',0,505,'2025-01-24 06:37:25',29,1,2,1,1,4,1),(402,NULL,493,500,4,NULL,'2025-01-24 06:30:43',0,501,'2025-01-24 06:30:59',42,8,2,1,1,4,1),(403,NULL,495,502,4,NULL,'2025-01-24 06:32:29',0,NULL,NULL,3,1,1,1,1,4,1),(404,NULL,496,503,4,NULL,'2025-01-24 06:32:54',0,NULL,NULL,3,1,1,1,3,4,1),(405,NULL,497,504,4,NULL,'2025-01-24 06:33:03',0,NULL,NULL,18,1,1,1,3,4,1),(406,NULL,499,506,4,NULL,'2025-01-24 06:54:14',0,NULL,NULL,4,1,1,1,1,4,1),(407,NULL,500,507,4,NULL,'2025-01-24 06:54:30',0,NULL,NULL,5,1,1,1,1,2,1),(408,NULL,501,508,4,NULL,'2025-01-24 06:54:51',0,NULL,NULL,2,1,1,1,1,4,1),(409,NULL,502,509,4,NULL,'2025-01-24 07:04:42',0,511,'2025-01-24 07:05:08',3,1,3,1,3,4,1),(410,NULL,505,512,4,NULL,'2025-01-24 07:11:35',0,NULL,NULL,3,1,1,1,3,4,1),(411,NULL,506,513,4,NULL,'2025-01-24 07:20:20',0,NULL,NULL,69,6,1,1,1,4,1),(412,NULL,507,514,4,NULL,'2025-01-24 07:23:02',0,NULL,NULL,2,1,1,1,1,4,1),(413,NULL,508,515,4,NULL,'2025-01-24 07:26:49',0,NULL,NULL,1,1,1,1,3,4,1),(414,NULL,509,516,4,NULL,'2025-01-24 07:29:26',0,NULL,NULL,3,1,1,1,1,4,1),(415,NULL,510,517,4,NULL,'2025-01-24 07:37:32',0,NULL,NULL,28,1,1,1,1,4,1),(416,NULL,511,518,4,NULL,'2025-01-24 07:47:14',0,NULL,NULL,70,1,1,1,1,4,1),(417,NULL,512,519,4,NULL,'2025-01-24 07:57:22',0,NULL,NULL,2,1,1,1,3,4,1),(418,NULL,513,520,4,NULL,'2025-01-24 08:06:50',0,NULL,NULL,1,1,1,1,1,4,1),(419,NULL,514,521,4,NULL,'2025-01-24 08:09:50',0,NULL,NULL,1,1,1,1,3,4,1),(420,NULL,515,522,4,NULL,'2025-01-24 08:11:18',0,NULL,NULL,5,1,1,2,4,2,1),(421,NULL,516,523,4,NULL,'2025-01-24 08:26:00',0,NULL,NULL,71,2,1,1,3,4,1),(422,NULL,517,524,4,NULL,'2025-01-24 08:32:39',0,NULL,NULL,3,1,1,1,3,4,1),(423,NULL,518,525,4,NULL,'2025-01-24 08:37:31',0,NULL,NULL,29,1,1,1,1,4,1),(424,NULL,519,526,4,NULL,'2025-01-24 09:01:42',0,NULL,NULL,NULL,NULL,1,1,1,4,1),(425,NULL,520,527,4,NULL,'2025-01-24 09:22:22',0,NULL,NULL,29,1,1,1,3,4,1),(426,NULL,521,528,2,NULL,'2025-01-24 09:24:53',0,NULL,NULL,72,18,1,1,3,5,1),(427,NULL,522,529,4,NULL,'2025-01-24 09:36:46',0,533,'2025-01-24 09:38:48',73,16,5,1,1,4,1),(428,NULL,359,534,4,NULL,'2025-01-24 09:42:12',0,NULL,NULL,23,1,1,1,3,4,0),(429,NULL,528,535,1,NULL,'2025-01-24 09:42:50',0,NULL,NULL,23,1,1,1,3,4,1),(430,NULL,529,536,4,NULL,'2025-01-24 09:55:25',0,NULL,NULL,2,1,1,1,3,4,1),(431,NULL,530,537,1,NULL,'2025-01-24 09:55:48',0,NULL,NULL,2,1,1,1,3,4,1),(432,NULL,393,538,1,NULL,'2025-01-24 09:56:58',0,NULL,NULL,2,1,1,1,1,1,0),(433,NULL,532,539,4,NULL,'2025-01-24 09:57:46',0,540,'2025-01-24 09:59:18',23,1,2,1,3,4,1),(434,NULL,534,541,4,NULL,'2025-01-24 10:02:28',0,NULL,NULL,3,1,1,1,1,4,1),(435,NULL,535,542,4,NULL,'2025-01-24 10:10:35',0,543,'2025-01-24 10:11:07',1,1,2,1,3,4,1),(436,NULL,537,544,4,NULL,'2025-01-24 10:37:05',0,NULL,NULL,3,1,1,1,3,4,1),(437,NULL,538,545,1,NULL,'2025-01-24 10:37:15',0,NULL,NULL,3,1,1,1,3,4,1),(438,NULL,539,546,4,NULL,'2025-01-24 10:37:29',0,NULL,NULL,74,1,1,1,1,4,1),(439,NULL,540,547,4,NULL,'2025-01-24 10:47:22',0,NULL,NULL,3,1,1,1,1,4,1),(440,NULL,541,548,4,NULL,'2025-01-24 11:03:41',0,NULL,NULL,75,19,1,1,3,4,1),(441,NULL,542,549,4,NULL,'2025-01-24 11:26:39',0,NULL,NULL,29,1,1,1,1,4,1),(442,NULL,543,550,4,NULL,'2025-01-24 11:34:37',0,NULL,NULL,2,1,1,1,3,4,1),(443,NULL,544,551,4,NULL,'2025-01-24 11:37:10',0,NULL,NULL,2,1,1,1,1,4,1),(444,NULL,545,552,4,NULL,'2025-01-24 11:42:18',0,NULL,NULL,76,1,1,1,1,4,1),(445,NULL,546,553,4,NULL,'2025-01-24 11:49:05',0,NULL,NULL,2,1,1,1,1,4,1),(446,NULL,547,554,4,NULL,'2025-01-24 11:52:42',0,556,'2025-01-24 11:53:45',14,1,3,1,3,4,1),(447,NULL,550,557,4,NULL,'2025-01-24 12:06:37',0,NULL,NULL,2,1,1,1,3,4,1),(448,NULL,551,558,4,NULL,'2025-01-24 12:09:19',0,NULL,NULL,29,1,1,1,3,4,1),(449,NULL,552,559,4,NULL,'2025-01-24 12:10:24',0,NULL,NULL,29,1,1,2,2,2,1),(450,NULL,553,560,4,NULL,'2025-01-24 12:10:43',0,566,'2025-01-24 12:22:52',2,1,2,1,3,4,1),(451,NULL,554,561,4,NULL,'2025-01-24 12:12:11',0,NULL,NULL,NULL,NULL,1,1,3,4,1),(452,NULL,555,562,4,NULL,'2025-01-24 12:12:24',0,NULL,NULL,77,16,1,1,3,4,1),(453,NULL,556,563,4,NULL,'2025-01-24 12:15:30',0,NULL,NULL,3,1,1,1,3,4,1),(454,NULL,557,564,4,NULL,'2025-01-24 12:21:35',0,565,'2025-01-24 12:22:18',39,1,2,1,1,4,1),(455,NULL,553,567,6,NULL,'2025-01-24 12:23:09',0,NULL,NULL,2,1,1,1,3,4,0),(456,NULL,561,568,4,NULL,'2025-01-24 12:25:15',0,NULL,NULL,26,1,1,1,3,4,1),(457,NULL,562,569,4,NULL,'2025-01-24 12:38:41',0,NULL,NULL,50,1,1,1,1,4,1),(458,NULL,563,570,4,NULL,'2025-01-24 12:46:21',0,NULL,NULL,2,1,1,1,3,4,1),(459,NULL,564,571,4,NULL,'2025-01-24 12:56:11',0,NULL,NULL,2,1,1,1,3,4,1),(460,NULL,565,572,4,NULL,'2025-01-24 13:15:18',0,NULL,NULL,44,1,1,3,1,4,1),(461,NULL,566,573,4,NULL,'2025-01-24 13:16:06',0,NULL,NULL,2,1,1,1,3,4,1),(462,NULL,567,574,4,NULL,'2025-01-24 13:17:04',0,NULL,NULL,1,1,1,1,1,4,1),(463,NULL,568,575,4,NULL,'2025-01-24 13:40:22',0,NULL,NULL,5,1,1,1,3,4,1),(464,NULL,569,576,7,NULL,'2025-01-24 13:54:01',0,NULL,NULL,69,6,1,2,2,2,1),(465,NULL,570,577,4,NULL,'2025-01-24 14:10:06',0,NULL,NULL,1,1,1,1,3,4,1),(466,NULL,571,578,4,NULL,'2025-01-24 14:28:02',0,NULL,NULL,2,1,1,1,3,4,1),(467,NULL,572,579,4,NULL,'2025-01-24 14:36:26',0,NULL,NULL,78,12,1,1,1,4,1),(468,NULL,573,580,4,NULL,'2025-01-24 15:23:22',0,581,'2025-01-24 15:23:52',2,1,2,1,1,4,1),(469,NULL,575,582,4,NULL,'2025-01-24 15:33:10',0,NULL,NULL,4,1,1,1,3,4,1),(470,NULL,576,583,5,NULL,'2025-01-24 15:36:11',0,584,'2025-01-24 15:36:47',79,19,2,1,3,3,1),(471,NULL,578,585,4,NULL,'2025-01-24 15:36:55',0,NULL,NULL,4,1,1,1,1,4,1),(472,NULL,579,586,4,NULL,'2025-01-24 15:50:36',0,NULL,NULL,69,6,1,1,1,4,1),(473,NULL,580,587,4,NULL,'2025-01-24 15:55:08',0,NULL,NULL,3,1,1,1,1,2,1),(474,NULL,581,588,4,NULL,'2025-01-24 15:56:28',0,NULL,NULL,3,1,1,1,3,4,1),(475,NULL,582,589,4,NULL,'2025-01-24 16:05:25',0,NULL,NULL,2,1,1,1,3,4,1),(476,NULL,583,590,5,NULL,'2025-01-24 16:24:45',0,591,'2025-01-24 16:26:26',24,1,2,2,2,2,1),(477,NULL,585,592,4,NULL,'2025-01-24 16:45:23',0,NULL,NULL,1,1,1,1,1,4,1),(478,NULL,586,593,2,NULL,'2025-01-24 16:51:19',0,NULL,NULL,7,2,1,1,1,5,1),(479,NULL,587,594,4,NULL,'2025-01-24 17:06:20',0,NULL,NULL,38,1,1,1,1,4,1),(480,NULL,588,595,4,NULL,'2025-01-24 17:18:10',0,NULL,NULL,3,1,1,1,3,4,1),(481,NULL,589,596,4,NULL,'2025-01-24 17:24:14',0,NULL,NULL,26,1,1,1,1,4,1),(482,NULL,590,597,4,NULL,'2025-01-24 17:41:39',0,NULL,NULL,17,1,1,1,1,4,1),(483,NULL,591,598,1,NULL,'2025-01-24 17:51:19',0,NULL,NULL,79,19,1,1,3,3,1),(484,NULL,592,599,4,NULL,'2025-01-24 18:03:59',0,NULL,NULL,80,1,1,1,3,4,1),(485,NULL,593,600,4,NULL,'2025-01-24 18:04:36',0,NULL,NULL,33,1,1,1,3,4,1),(486,NULL,594,601,7,NULL,'2025-01-24 18:05:17',0,603,'2025-01-24 18:08:24',33,1,3,1,3,3,1),(487,NULL,597,604,4,NULL,'2025-01-24 18:09:50',0,NULL,NULL,2,1,1,1,3,4,1),(488,NULL,598,605,4,NULL,'2025-01-24 18:14:37',0,NULL,NULL,81,1,1,1,3,4,1),(489,NULL,599,606,4,NULL,'2025-01-24 18:16:25',0,NULL,NULL,81,1,1,1,3,4,1),(490,NULL,600,607,4,NULL,'2025-01-24 18:18:57',0,NULL,NULL,2,1,1,1,1,4,1),(491,NULL,601,608,4,NULL,'2025-01-24 18:20:28',0,NULL,NULL,82,16,1,1,3,4,1),(492,NULL,602,609,4,NULL,'2025-01-24 18:21:07',0,610,'2025-01-24 18:21:32',1,1,2,1,3,4,1),(493,NULL,604,611,4,NULL,'2025-01-24 18:22:23',0,NULL,NULL,4,1,1,1,1,4,1),(494,NULL,605,612,4,NULL,'2025-01-24 18:24:18',0,NULL,NULL,3,1,1,1,3,4,1),(495,NULL,606,613,4,NULL,'2025-01-24 18:28:54',0,NULL,NULL,3,1,1,1,3,4,1),(496,NULL,607,614,4,NULL,'2025-01-24 18:29:29',0,NULL,NULL,3,1,1,2,2,7,1),(497,NULL,608,615,4,NULL,'2025-01-24 18:29:35',0,NULL,NULL,1,1,1,1,3,4,1),(498,NULL,609,616,4,NULL,'2025-01-24 18:33:55',0,NULL,NULL,NULL,NULL,1,1,3,4,1),(499,NULL,610,617,4,NULL,'2025-01-24 18:34:44',0,NULL,NULL,3,1,1,1,3,4,1),(500,NULL,611,618,4,NULL,'2025-01-24 18:44:44',0,NULL,NULL,23,1,1,1,3,4,1),(501,NULL,612,619,4,NULL,'2025-01-24 18:53:44',0,NULL,NULL,56,16,1,1,3,4,1),(502,NULL,613,620,5,NULL,'2025-01-24 18:54:01',0,625,'2025-01-24 18:58:53',56,16,5,2,2,2,1),(503,NULL,617,624,4,NULL,'2025-01-24 18:58:02',0,NULL,NULL,21,1,1,1,3,4,1),(504,NULL,619,626,4,NULL,'2025-01-24 19:19:14',0,NULL,NULL,83,1,1,1,3,4,1),(505,NULL,620,627,4,NULL,'2025-01-24 19:36:51',0,NULL,NULL,63,1,1,1,1,4,1),(506,NULL,621,628,4,NULL,'2025-01-24 19:37:16',0,NULL,NULL,14,1,1,1,3,4,1),(507,NULL,622,629,4,NULL,'2025-01-24 19:43:55',0,NULL,NULL,1,1,1,1,1,4,1),(508,NULL,622,630,6,NULL,'2025-01-24 19:44:56',0,NULL,NULL,1,1,1,1,1,4,0),(509,NULL,624,631,4,NULL,'2025-01-24 20:30:37',0,NULL,NULL,1,1,1,1,3,4,1),(510,NULL,625,632,4,NULL,'2025-01-24 20:32:31',0,633,'2025-01-24 20:34:33',26,1,2,1,1,4,1),(511,NULL,627,634,4,NULL,'2025-01-24 20:39:54',0,NULL,NULL,2,1,1,1,3,4,1),(512,NULL,628,635,4,NULL,'2025-01-24 20:49:48',0,NULL,NULL,84,19,1,1,1,4,1),(513,NULL,629,636,4,NULL,'2025-01-24 20:54:21',0,NULL,NULL,26,1,1,1,3,4,1),(514,NULL,630,637,4,NULL,'2025-01-24 21:24:09',0,NULL,NULL,38,1,1,1,1,4,1),(515,NULL,631,638,4,NULL,'2025-01-24 21:43:08',0,639,'2025-01-24 21:47:35',5,1,2,1,3,4,1),(516,NULL,633,640,4,NULL,'2025-01-24 22:22:46',0,NULL,NULL,14,1,1,1,1,4,1),(517,NULL,634,641,4,NULL,'2025-01-24 23:01:45',0,NULL,NULL,4,1,1,1,1,4,1),(518,NULL,552,642,4,NULL,'2025-01-25 00:47:42',0,NULL,NULL,29,1,1,2,2,2,0),(519,NULL,636,643,4,NULL,'2025-01-25 01:05:20',0,NULL,NULL,85,2,1,1,1,4,1),(520,NULL,637,644,4,NULL,'2025-01-25 01:24:56',0,NULL,NULL,20,1,1,1,3,4,1),(521,NULL,638,645,4,NULL,'2025-01-25 01:45:15',0,NULL,NULL,86,16,1,1,3,4,1),(522,NULL,639,646,4,NULL,'2025-01-25 02:01:37',0,NULL,NULL,33,1,1,1,3,4,1),(523,NULL,640,647,4,NULL,'2025-01-25 02:02:05',0,NULL,NULL,87,20,1,1,1,4,1),(524,NULL,641,648,4,NULL,'2025-01-25 02:22:40',0,NULL,NULL,29,1,1,1,3,4,1),(525,NULL,642,649,4,NULL,'2025-01-25 05:00:46',0,NULL,NULL,1,1,1,1,3,4,1),(526,NULL,643,650,4,NULL,'2025-01-25 05:44:06',0,NULL,NULL,21,1,1,1,3,4,1),(527,NULL,644,651,4,NULL,'2025-01-25 05:51:09',0,NULL,NULL,50,1,1,1,1,4,1),(528,NULL,645,652,4,NULL,'2025-01-25 06:00:07',0,653,'2025-01-25 06:00:37',2,1,2,1,3,4,1),(529,NULL,647,654,4,NULL,'2025-01-25 06:10:27',0,NULL,NULL,4,1,1,1,3,4,1),(530,NULL,648,655,2,NULL,'2025-01-25 06:14:38',0,NULL,NULL,7,2,1,1,1,5,1),(531,NULL,649,656,4,NULL,'2025-01-25 06:51:52',0,657,'2025-01-25 06:57:26',82,16,2,2,2,2,1),(532,NULL,651,658,4,NULL,'2025-01-25 09:48:42',0,NULL,NULL,79,19,1,1,3,4,1),(533,NULL,652,659,4,NULL,'2025-01-25 10:12:42',0,NULL,NULL,88,19,1,1,3,4,1),(534,NULL,653,660,4,NULL,'2025-01-25 10:35:18',0,NULL,NULL,89,19,1,1,1,4,1),(535,NULL,654,661,4,NULL,'2025-01-25 10:35:23',0,NULL,NULL,79,19,1,1,1,4,1),(536,NULL,655,662,4,NULL,'2025-01-25 10:47:56',0,NULL,NULL,2,1,1,1,3,4,1),(537,NULL,655,663,6,NULL,'2025-01-25 10:48:40',0,NULL,NULL,2,1,1,1,3,4,0),(538,NULL,657,664,6,NULL,'2025-01-25 12:58:17',0,NULL,NULL,29,1,1,1,3,4,1),(539,NULL,658,665,4,NULL,'2025-01-25 13:47:25',0,NULL,NULL,79,19,1,1,1,4,1),(540,NULL,554,666,4,NULL,'2025-01-25 14:48:19',0,NULL,NULL,NULL,NULL,1,1,3,4,0),(541,NULL,660,667,4,NULL,'2025-01-25 15:11:28',0,NULL,NULL,79,19,1,1,3,4,1),(542,NULL,661,668,1,NULL,'2025-01-25 17:35:12',0,NULL,NULL,90,16,1,1,3,2,1),(543,NULL,662,669,5,NULL,'2025-01-25 17:41:03',0,NULL,NULL,1,1,1,1,3,3,1),(544,NULL,663,670,1,NULL,'2025-01-25 18:47:59',0,NULL,NULL,3,1,1,2,2,7,1),(545,NULL,664,671,4,NULL,'2025-01-25 19:14:23',0,NULL,NULL,91,19,1,1,3,4,1),(546,NULL,552,672,4,NULL,'2025-01-25 19:19:05',0,NULL,NULL,29,1,1,2,2,2,0),(547,NULL,666,673,6,NULL,'2025-01-25 19:57:05',0,NULL,NULL,91,19,1,1,3,4,1),(548,NULL,667,674,4,NULL,'2025-01-25 20:10:19',0,676,'2025-01-25 20:10:46',79,19,3,1,1,4,1),(549,NULL,670,677,4,NULL,'2025-01-25 20:38:40',0,NULL,NULL,92,21,1,1,1,4,1),(550,NULL,671,678,6,NULL,'2025-01-25 21:02:33',0,NULL,NULL,2,1,1,1,3,4,1),(551,NULL,672,679,1,NULL,'2025-01-25 21:02:48',0,NULL,NULL,2,1,1,1,3,4,1),(552,NULL,552,680,4,NULL,'2025-01-25 23:05:03',0,NULL,NULL,29,1,1,2,2,2,0),(553,NULL,674,681,4,NULL,'2025-01-25 23:16:59',0,NULL,NULL,93,16,1,1,1,4,1),(554,NULL,675,682,4,NULL,'2025-01-26 00:23:21',0,NULL,NULL,79,19,1,1,3,4,1),(555,NULL,676,683,4,NULL,'2025-01-26 02:04:23',0,NULL,NULL,94,2,1,1,3,4,1),(556,NULL,677,684,2,NULL,'2025-01-26 02:08:28',0,NULL,NULL,7,2,1,1,1,5,1),(557,NULL,678,685,2,NULL,'2025-01-26 02:08:46',0,NULL,NULL,7,2,1,3,1,5,1),(558,NULL,679,686,4,NULL,'2025-01-26 02:09:53',0,NULL,NULL,95,22,1,1,1,4,1),(559,NULL,680,687,4,NULL,'2025-01-26 02:42:42',0,NULL,NULL,5,1,1,1,1,4,1),(560,NULL,681,688,4,NULL,'2025-01-26 05:08:06',0,NULL,NULL,96,2,1,1,3,4,1),(561,NULL,683,689,4,NULL,'2025-01-26 07:28:36',0,NULL,NULL,56,16,1,1,1,4,1),(562,NULL,684,690,4,NULL,'2025-01-26 07:52:31',0,692,'2025-01-26 07:52:34',82,16,2,1,1,2,1),(563,NULL,685,691,4,NULL,'2025-01-26 07:52:33',0,NULL,NULL,82,16,1,1,1,4,1),(564,NULL,687,693,4,NULL,'2025-01-26 09:02:14',0,NULL,NULL,79,19,1,1,3,4,1),(565,NULL,688,694,2,NULL,'2025-01-26 13:06:09',0,NULL,NULL,72,18,1,1,1,8,1),(566,NULL,689,695,2,NULL,'2025-01-26 13:08:44',0,NULL,NULL,7,2,1,1,1,5,1),(567,NULL,690,696,4,NULL,'2025-01-26 13:37:17',0,NULL,NULL,97,16,1,1,1,4,1),(568,NULL,691,697,4,NULL,'2025-01-26 14:32:05',0,698,'2025-01-26 14:33:25',82,16,2,1,1,4,1),(569,NULL,374,699,1,NULL,'2025-01-26 15:19:36',0,NULL,NULL,4,1,1,2,2,2,0),(570,NULL,694,700,4,NULL,'2025-01-26 16:43:38',0,NULL,NULL,53,13,1,1,3,4,1),(571,NULL,695,701,4,NULL,'2025-01-26 17:44:00',0,NULL,NULL,29,1,1,2,2,2,1),(572,NULL,696,702,4,NULL,'2025-01-26 18:48:57',0,NULL,NULL,98,1,1,1,3,4,1),(573,NULL,697,703,4,NULL,'2025-01-26 22:05:56',0,NULL,NULL,99,13,1,1,1,4,1),(574,NULL,698,704,1,NULL,'2025-01-26 23:45:39',0,705,'2025-01-26 23:45:59',100,16,2,1,3,4,1),(575,NULL,700,706,4,NULL,'2025-01-27 00:33:49',0,NULL,NULL,89,19,1,1,1,4,1),(576,NULL,701,707,1,NULL,'2025-01-27 01:29:27',0,NULL,NULL,101,4,1,2,4,2,1),(577,NULL,702,708,4,NULL,'2025-01-27 03:27:20',0,NULL,NULL,56,16,1,1,3,4,1),(578,NULL,703,709,4,NULL,'2025-01-27 07:03:50',0,NULL,NULL,56,16,1,2,2,2,1),(579,NULL,704,710,4,NULL,'2025-01-27 07:17:10',0,NULL,NULL,2,1,1,1,3,4,1),(580,NULL,705,711,4,NULL,'2025-01-27 11:25:29',0,NULL,NULL,102,23,1,1,1,4,1),(581,NULL,706,712,4,NULL,'2025-01-27 11:25:53',0,NULL,NULL,79,19,1,1,3,4,1),(582,NULL,707,713,4,NULL,'2025-01-27 12:35:56',0,NULL,NULL,5,1,1,1,1,4,1),(583,NULL,708,714,4,NULL,'2025-01-27 12:46:56',0,NULL,NULL,29,1,1,1,3,4,1),(584,NULL,709,715,4,NULL,'2025-01-27 12:49:57',0,NULL,NULL,18,1,1,1,1,4,1),(585,NULL,710,716,4,NULL,'2025-01-27 13:20:27',0,NULL,NULL,54,14,1,1,1,4,1),(586,NULL,711,717,4,NULL,'2025-01-27 13:54:10',0,NULL,NULL,103,16,1,2,4,2,1),(587,NULL,712,718,4,NULL,'2025-01-27 15:32:19',0,719,'2025-01-27 15:32:31',104,16,2,1,3,4,1),(588,NULL,714,720,4,NULL,'2025-01-27 15:37:41',0,NULL,NULL,79,19,1,1,3,4,1),(589,NULL,715,721,4,NULL,'2025-01-27 15:52:10',0,NULL,NULL,69,6,1,1,1,4,1),(590,NULL,716,722,4,NULL,'2025-01-27 16:06:43',0,NULL,NULL,79,19,1,1,1,4,1),(591,NULL,717,723,4,NULL,'2025-01-27 17:19:53',0,NULL,NULL,21,1,1,1,1,4,1),(592,NULL,718,724,4,NULL,'2025-01-27 18:22:25',0,NULL,NULL,29,1,1,1,3,4,1),(593,NULL,719,725,4,NULL,'2025-01-27 18:50:50',0,NULL,NULL,105,19,1,1,1,4,1),(594,NULL,720,726,4,NULL,'2025-01-27 21:24:20',0,NULL,NULL,106,16,1,1,3,4,1),(595,NULL,721,727,4,NULL,'2025-01-27 21:49:00',0,NULL,NULL,1,1,1,1,3,4,1),(596,NULL,722,728,4,NULL,'2025-01-27 23:17:12',0,NULL,NULL,107,24,1,1,3,4,1),(597,NULL,723,729,4,NULL,'2025-01-27 23:54:23',0,NULL,NULL,108,11,1,1,3,4,1),(598,NULL,724,730,2,NULL,'2025-01-27 23:56:03',0,NULL,NULL,7,2,1,1,1,5,1),(599,NULL,725,731,1,NULL,'2025-01-28 05:40:49',0,NULL,NULL,1,1,1,2,2,2,1),(600,NULL,726,732,1,NULL,'2025-01-28 05:53:44',0,NULL,NULL,29,1,1,2,6,9,1),(601,NULL,727,733,4,NULL,'2025-01-28 06:29:24',0,NULL,NULL,109,22,1,1,3,4,1),(602,NULL,728,734,5,NULL,'2025-01-28 08:06:55',0,NULL,NULL,4,1,1,1,3,3,1),(603,NULL,729,735,5,NULL,'2025-01-28 10:29:10',0,737,'2025-01-28 10:30:07',1,1,3,1,3,3,1),(604,NULL,732,738,5,NULL,'2025-01-28 11:17:48',0,NULL,NULL,NULL,NULL,1,1,3,3,1),(605,NULL,733,739,2,NULL,'2025-01-28 13:34:43',0,NULL,NULL,72,18,1,1,1,5,1),(606,NULL,734,740,1,NULL,'2025-01-28 14:10:52',0,NULL,NULL,2,1,1,1,1,1,1),(607,NULL,735,741,1,NULL,'2025-01-28 14:11:38',0,NULL,NULL,2,1,1,1,1,1,1),(608,NULL,736,742,1,NULL,'2025-01-28 16:03:27',0,NULL,NULL,110,2,1,2,2,2,1),(609,NULL,737,743,4,NULL,'2025-01-28 17:49:19',0,744,'2025-01-28 17:52:48',4,1,2,1,3,4,1),(610,NULL,739,745,1,NULL,'2025-01-28 17:54:55',0,746,'2025-01-28 17:55:19',2,1,2,1,3,3,1),(611,NULL,741,747,1,NULL,'2025-01-28 17:56:43',0,NULL,NULL,4,1,1,1,3,3,1),(612,NULL,742,748,6,NULL,'2025-01-28 19:12:15',0,749,'2025-01-28 19:13:10',111,25,2,1,3,4,1),(613,NULL,744,750,4,NULL,'2025-01-28 21:58:00',0,NULL,NULL,3,1,1,1,1,4,1),(614,NULL,745,751,5,NULL,'2025-01-29 05:17:33',0,757,'2025-01-29 05:27:09',3,1,7,2,4,3,1),(615,NULL,752,758,4,NULL,'2025-01-29 06:07:20',0,768,'2025-01-29 06:18:37',1,1,11,1,3,4,1),(616,NULL,763,769,1,NULL,'2025-01-29 07:09:31',0,NULL,NULL,23,1,1,1,3,3,1),(617,NULL,764,770,5,NULL,'2025-01-29 07:59:15',0,NULL,NULL,52,1,1,2,2,2,1),(618,NULL,765,771,4,NULL,'2025-01-29 08:34:37',0,773,'2025-01-29 08:36:01',2,1,3,1,3,4,1),(619,NULL,768,774,1,NULL,'2025-01-29 08:49:49',0,NULL,NULL,3,1,1,2,2,2,1),(620,NULL,769,775,5,NULL,'2025-01-29 09:40:58',0,NULL,NULL,3,1,1,1,3,2,1),(621,NULL,769,776,5,NULL,'2025-01-29 13:40:53',0,NULL,NULL,3,1,1,1,3,2,0),(622,NULL,771,777,1,NULL,'2025-01-29 14:45:39',0,NULL,NULL,23,1,1,2,4,2,1),(623,NULL,772,778,1,NULL,'2025-01-29 20:11:15',0,NULL,NULL,29,1,1,2,7,9,1),(624,NULL,772,779,1,NULL,'2025-01-30 02:11:32',0,NULL,NULL,29,1,1,2,7,9,0),(625,NULL,734,780,1,NULL,'2025-01-30 07:49:53',0,NULL,NULL,2,1,1,1,1,1,0),(626,NULL,734,781,1,NULL,'2025-01-30 09:24:33',0,NULL,NULL,2,1,1,1,1,1,0),(627,NULL,776,782,1,NULL,'2025-01-30 09:59:40',0,NULL,NULL,1,1,1,2,6,9,1),(628,NULL,777,783,1,NULL,'2025-01-30 11:15:26',0,NULL,NULL,4,1,1,2,2,2,1),(629,NULL,778,784,1,NULL,'2025-01-30 13:41:27',0,785,'2025-01-30 13:55:01',2,1,2,2,2,1,1),(630,NULL,780,786,1,NULL,'2025-01-30 14:17:58',0,NULL,NULL,112,2,1,2,2,2,1),(631,NULL,781,787,1,NULL,'2025-01-30 14:23:28',0,NULL,NULL,113,2,1,2,6,2,1),(632,NULL,782,788,1,NULL,'2025-01-30 14:24:35',0,NULL,NULL,114,2,1,2,2,2,1),(633,NULL,729,789,1,NULL,'2025-01-30 14:48:55',0,NULL,NULL,1,1,1,1,3,3,0),(634,NULL,784,790,1,NULL,'2025-01-30 15:07:34',0,NULL,NULL,3,1,1,1,1,2,1),(635,NULL,785,791,5,NULL,'2025-01-30 18:46:43',0,NULL,NULL,2,1,1,2,4,2,1),(636,NULL,786,792,1,NULL,'2025-01-30 18:47:14',0,NULL,NULL,3,1,1,2,2,2,1),(637,NULL,787,793,1,NULL,'2025-01-31 06:36:50',0,794,'2025-01-31 06:36:54',NULL,NULL,2,1,3,3,1),(638,NULL,789,795,5,NULL,'2025-01-31 08:38:21',0,NULL,NULL,32,1,1,1,3,6,1),(639,NULL,790,796,5,NULL,'2025-01-31 09:15:39',0,801,'2025-01-31 09:16:47',3,1,6,2,2,2,1),(640,NULL,796,802,4,NULL,'2025-01-31 12:48:54',0,NULL,NULL,1,1,1,1,1,10,1),(641,NULL,797,803,2,NULL,'2025-02-02 07:37:40',0,NULL,NULL,72,18,1,1,1,2,1),(642,NULL,798,804,4,NULL,'2025-02-02 09:59:37',0,NULL,NULL,115,1,1,1,3,3,1),(643,NULL,799,805,2,NULL,'2025-02-02 19:01:26',0,NULL,NULL,7,2,1,1,1,5,1),(644,NULL,800,806,1,NULL,'2025-02-03 10:37:43',0,NULL,NULL,3,1,1,1,3,3,1),(645,NULL,801,807,5,NULL,'2025-02-03 10:58:58',0,810,'2025-02-03 10:59:57',1,1,4,2,2,2,1),(646,NULL,805,811,1,NULL,'2025-02-03 11:21:45',0,NULL,NULL,4,1,1,1,3,3,1),(647,NULL,806,812,1,NULL,'2025-02-03 13:19:26',0,NULL,NULL,4,1,1,1,3,3,1),(648,NULL,800,813,1,NULL,'2025-02-03 18:08:42',0,NULL,NULL,3,1,1,1,3,3,0),(649,NULL,808,814,5,NULL,'2025-02-04 07:51:17',0,818,'2025-02-04 07:55:42',3,1,5,2,2,9,1),(650,NULL,813,819,1,NULL,'2025-02-04 09:18:06',0,NULL,NULL,2,1,1,1,1,1,1),(651,NULL,814,820,1,NULL,'2025-02-04 09:35:46',0,NULL,NULL,3,1,1,2,2,7,1),(652,NULL,790,821,1,NULL,'2025-02-04 09:35:56',0,822,'2025-02-04 09:36:31',3,1,2,2,2,2,0),(653,NULL,817,823,1,NULL,'2025-02-04 09:52:19',0,825,'2025-02-04 09:53:05',4,1,3,1,3,3,1),(654,NULL,800,826,1,NULL,'2025-02-04 09:53:07',0,828,'2025-02-04 09:57:40',3,1,3,1,3,3,0),(655,NULL,823,829,1,NULL,'2025-02-04 10:48:38',0,NULL,NULL,95,22,1,2,2,7,1),(656,NULL,800,830,1,NULL,'2025-02-04 11:30:10',0,NULL,NULL,3,1,1,1,3,3,0),(657,NULL,800,831,1,NULL,'2025-02-04 15:33:32',0,832,'2025-02-04 15:35:25',3,1,2,1,3,3,0),(658,NULL,828,833,5,NULL,'2025-02-04 17:37:18',0,NULL,NULL,2,1,1,2,4,2,1),(659,NULL,800,834,1,NULL,'2025-02-04 17:56:49',0,NULL,NULL,3,1,1,1,3,3,0),(660,NULL,800,835,1,NULL,'2025-02-04 20:27:06',0,NULL,NULL,3,1,1,1,3,3,0),(661,NULL,831,836,1,NULL,'2025-02-05 09:44:30',0,838,'2025-02-05 09:51:05',NULL,NULL,3,1,3,3,1),(662,NULL,831,839,1,NULL,'2025-02-05 10:36:04',0,NULL,NULL,NULL,NULL,1,1,3,3,0),(663,NULL,835,840,5,NULL,'2025-02-05 10:48:14',0,847,'2025-02-05 11:02:25',116,25,8,1,3,3,1),(664,NULL,843,848,2,NULL,'2025-02-05 20:39:35',0,NULL,NULL,72,18,1,1,3,5,1),(665,NULL,844,849,2,NULL,'2025-02-06 12:57:32',0,NULL,NULL,7,2,1,1,1,5,1),(666,NULL,845,850,2,NULL,'2025-02-06 13:02:42',0,NULL,NULL,72,18,1,1,1,5,1),(667,NULL,846,851,2,NULL,'2025-02-06 15:07:45',0,NULL,NULL,7,2,1,1,1,5,1),(668,NULL,847,852,6,NULL,'2025-02-06 15:12:49',0,NULL,NULL,4,1,1,1,1,4,1),(669,NULL,848,853,4,NULL,'2025-02-06 16:04:26',0,854,'2025-02-06 16:04:35',117,1,2,1,1,4,1),(670,NULL,850,855,1,NULL,'2025-02-06 16:07:08',0,NULL,NULL,1,1,1,2,2,2,1),(671,NULL,851,856,6,NULL,'2025-02-06 20:54:36',0,NULL,NULL,3,1,1,1,3,4,1),(672,NULL,852,857,5,NULL,'2025-02-06 22:02:49',0,NULL,NULL,118,13,1,1,1,2,1),(673,NULL,835,858,1,NULL,'2025-02-07 07:18:01',0,859,'2025-02-07 07:18:10',116,25,2,1,3,3,0),(674,NULL,855,860,2,NULL,'2025-02-08 15:52:18',0,NULL,NULL,7,2,1,NULL,1,5,1),(675,NULL,856,861,1,NULL,'2025-02-08 17:46:41',0,NULL,NULL,2,1,1,2,2,1,1),(676,NULL,857,862,5,NULL,'2025-02-09 20:42:56',0,865,'2025-02-09 20:44:58',NULL,NULL,4,1,3,3,1),(677,NULL,857,866,1,NULL,'2025-02-09 21:40:26',0,NULL,NULL,NULL,NULL,1,1,3,3,0),(678,NULL,862,867,8,NULL,'2025-02-10 13:23:56',0,871,'2025-02-10 13:25:49',29,1,5,2,4,2,1),(679,NULL,867,872,1,NULL,'2025-02-11 13:10:39',0,NULL,NULL,1,1,1,2,2,1,1),(680,NULL,868,873,5,NULL,'2025-02-11 18:44:11',0,876,'2025-02-11 18:46:08',115,1,4,2,2,2,1),(681,NULL,872,877,1,NULL,'2025-02-12 09:17:16',0,NULL,NULL,3,1,1,2,2,9,1),(682,NULL,873,878,1,NULL,'2025-02-12 09:18:25',0,NULL,NULL,3,1,1,2,4,3,1),(683,NULL,874,879,5,NULL,'2025-02-12 10:27:36',0,880,'2025-02-12 10:48:11',119,22,2,2,2,2,1),(684,NULL,876,881,4,NULL,'2025-02-12 11:59:59',0,NULL,NULL,1,1,1,1,3,3,1),(685,NULL,877,882,1,NULL,'2025-02-12 16:18:44',0,NULL,NULL,23,1,1,1,3,3,1),(686,NULL,878,883,1,NULL,'2025-02-12 16:41:12',0,901,'2025-02-12 17:00:55',1,1,19,2,2,1,1),(687,NULL,878,902,1,NULL,'2025-02-12 17:44:58',0,904,'2025-02-12 17:58:24',1,1,3,2,2,1,0),(688,NULL,900,905,1,NULL,'2025-02-12 18:29:08',0,906,'2025-02-12 18:29:43',38,1,2,1,1,2,1),(689,NULL,877,907,1,NULL,'2025-02-12 19:03:54',0,908,'2025-02-12 19:22:21',23,1,2,1,3,3,0),(690,NULL,877,909,1,NULL,'2025-02-12 20:02:58',0,NULL,NULL,23,1,1,1,3,3,0),(691,NULL,905,910,1,NULL,'2025-02-12 20:07:04',0,NULL,NULL,4,1,1,1,3,3,1),(692,NULL,906,911,1,NULL,'2025-02-12 20:17:56',0,NULL,NULL,1,1,1,2,4,3,1),(693,NULL,905,912,1,NULL,'2025-02-12 21:20:13',0,913,'2025-02-12 21:21:09',4,1,2,1,3,3,0),(694,NULL,877,914,1,NULL,'2025-02-13 02:37:25',0,NULL,NULL,23,1,1,1,3,3,0),(695,NULL,910,915,1,NULL,'2025-02-13 07:21:16',0,917,'2025-02-13 07:21:38',3,1,3,1,3,3,1),(696,NULL,878,918,1,NULL,'2025-02-13 09:58:19',0,NULL,NULL,1,1,1,2,2,1,0),(697,NULL,878,919,1,NULL,'2025-02-13 13:28:44',0,NULL,NULL,1,1,1,2,2,1,0),(698,NULL,915,920,1,NULL,'2025-02-13 21:31:55',0,NULL,NULL,3,1,1,2,2,2,1),(699,NULL,916,921,2,NULL,'2025-02-14 11:58:31',0,NULL,NULL,7,2,1,1,1,5,1),(700,NULL,917,922,2,NULL,'2025-02-14 17:35:41',0,NULL,NULL,7,2,1,1,3,5,1),(701,NULL,918,923,2,NULL,'2025-02-14 23:26:48',0,NULL,NULL,7,2,1,1,1,5,1),(702,NULL,919,924,2,NULL,'2025-02-15 08:56:07',0,NULL,NULL,7,2,1,1,1,5,1),(703,NULL,920,925,6,NULL,'2025-02-15 13:37:11',0,NULL,NULL,29,1,1,1,1,4,1),(704,NULL,921,926,6,NULL,'2025-02-17 09:39:24',0,928,'2025-02-17 09:40:07',3,1,3,1,1,4,1),(705,NULL,924,929,1,NULL,'2025-02-17 15:33:22',0,931,'2025-02-17 16:04:22',3,1,3,1,1,2,1),(706,NULL,927,932,1,NULL,'2025-02-18 07:16:42',0,NULL,NULL,2,1,1,1,1,2,1),(707,NULL,928,933,6,NULL,'2025-02-18 10:16:37',0,NULL,NULL,120,12,1,1,1,4,1),(708,NULL,929,934,2,NULL,'2025-02-18 11:50:00',0,NULL,NULL,7,2,1,1,1,5,1),(709,NULL,930,935,1,NULL,'2025-02-19 00:45:38',0,NULL,NULL,121,22,1,2,2,2,1),(710,NULL,931,936,1,NULL,'2025-02-19 00:46:19',0,NULL,NULL,122,22,1,2,2,2,1),(711,NULL,932,938,1,NULL,'2025-02-19 09:59:57',0,NULL,NULL,123,22,1,2,2,2,1),(712,NULL,932,937,1,NULL,'2025-02-19 09:59:57',0,NULL,NULL,123,22,1,2,2,2,0),(713,NULL,934,939,5,NULL,'2025-02-19 10:30:07',0,940,'2025-02-19 10:31:47',125,26,2,2,2,2,1),(714,NULL,936,941,1,NULL,'2025-02-20 08:35:42',0,NULL,NULL,1,1,1,2,2,1,1),(715,NULL,937,942,2,NULL,'2025-02-20 18:14:21',0,NULL,NULL,7,2,1,1,1,5,1),(716,NULL,938,943,2,NULL,'2025-02-21 17:33:31',0,NULL,NULL,7,2,1,1,1,5,1),(717,NULL,939,944,4,NULL,'2025-02-22 10:06:26',0,NULL,NULL,126,1,1,1,3,4,1),(718,NULL,940,945,1,NULL,'2025-02-22 15:29:27',0,947,'2025-02-22 15:58:16',3,1,2,1,3,3,1),(719,NULL,941,946,1,NULL,'2025-02-22 15:38:41',0,NULL,NULL,3,1,1,2,2,2,1),(720,NULL,943,948,6,NULL,'2025-02-23 20:56:18',0,NULL,NULL,4,1,1,1,3,4,1),(721,NULL,944,949,5,NULL,'2025-02-24 12:13:28',0,NULL,NULL,2,1,1,1,1,2,1),(722,NULL,945,950,1,NULL,'2025-02-25 02:13:21',0,951,'2025-02-25 02:13:41',127,2,2,1,3,4,1),(723,NULL,947,952,1,NULL,'2025-02-25 08:07:58',0,NULL,NULL,1,1,1,2,2,1,1),(724,NULL,948,953,6,NULL,'2025-02-25 10:26:45',0,955,'2025-02-25 10:28:25',1,1,3,1,1,4,1),(725,NULL,951,956,1,NULL,'2025-02-26 09:14:50',0,NULL,NULL,4,1,1,1,3,3,1),(726,NULL,952,957,2,NULL,'2025-02-26 16:40:15',0,NULL,NULL,7,2,1,2,2,2,1),(727,NULL,953,958,2,NULL,'2025-02-26 16:46:44',0,NULL,NULL,72,18,1,1,1,5,1),(728,NULL,954,959,1,NULL,'2025-02-26 19:55:38',0,NULL,NULL,3,1,1,1,3,3,1),(729,NULL,954,960,1,NULL,'2025-02-27 09:59:35',0,NULL,NULL,3,1,1,1,3,3,0),(730,NULL,956,961,6,NULL,'2025-02-27 11:43:53',0,965,'2025-02-27 11:45:31',2,1,5,1,1,2,1),(731,NULL,961,966,1,NULL,'2025-02-27 14:20:10',0,971,'2025-02-27 14:22:45',2,1,6,1,3,3,1),(732,NULL,954,972,1,NULL,'2025-02-27 14:50:30',0,NULL,NULL,3,1,1,1,3,3,0),(733,NULL,968,973,1,NULL,'2025-02-27 17:53:00',0,NULL,NULL,4,1,1,1,3,3,1),(734,NULL,969,974,1,NULL,'2025-02-28 06:46:54',0,NULL,NULL,128,2,1,2,2,2,1),(735,NULL,970,975,5,NULL,'2025-02-28 15:02:21',0,NULL,NULL,3,1,1,1,1,2,1),(736,NULL,970,976,1,NULL,'2025-02-28 15:05:23',0,NULL,NULL,3,1,1,1,1,2,0),(737,NULL,972,977,5,NULL,'2025-03-01 15:57:06',0,NULL,NULL,112,2,1,2,2,7,1),(738,NULL,973,978,5,NULL,'2025-03-02 04:48:27',0,983,'2025-03-02 04:50:52',50,1,6,2,2,2,1),(739,NULL,979,984,1,NULL,'2025-03-02 09:47:54',0,NULL,NULL,5,1,1,2,2,2,1),(740,NULL,980,985,1,NULL,'2025-03-02 09:50:36',0,NULL,NULL,5,1,1,2,2,7,1),(741,NULL,981,986,1,NULL,'2025-03-02 09:50:43',0,NULL,NULL,5,1,1,2,2,2,1),(742,NULL,982,987,2,NULL,'2025-03-05 21:18:49',0,NULL,NULL,7,2,1,1,1,5,1),(743,NULL,983,988,4,NULL,'2025-03-05 22:25:32',0,989,'2025-03-05 22:27:12',26,1,2,2,2,2,1),(744,NULL,985,990,5,NULL,'2025-03-06 07:47:53',0,NULL,NULL,1,1,1,2,4,2,1),(745,NULL,986,991,5,NULL,'2025-03-07 07:53:51',0,993,'2025-03-07 07:54:16',1,1,3,2,4,2,1),(746,NULL,989,994,5,NULL,'2025-03-07 16:59:25',0,995,'2025-03-07 17:00:21',129,2,2,2,2,2,1),(747,NULL,992,996,1,NULL,'2025-03-09 23:49:53',0,997,'2025-03-09 23:50:28',130,4,2,2,4,2,1),(748,NULL,992,998,1,NULL,'2025-03-10 01:26:40',0,NULL,NULL,130,4,1,2,4,2,0),(749,NULL,995,999,5,NULL,'2025-03-10 08:14:05',0,1000,'2025-03-10 08:14:12',26,1,2,2,2,2,1),(750,NULL,997,1001,2,NULL,'2025-03-10 19:33:03',0,NULL,NULL,72,18,1,2,2,2,1),(751,NULL,998,1002,1,NULL,'2025-03-10 19:33:18',0,NULL,NULL,2,1,1,1,3,3,1),(752,NULL,998,1003,1,NULL,'2025-03-10 22:05:00',0,NULL,NULL,2,1,1,1,3,3,0),(753,NULL,1000,1004,7,NULL,'2025-03-11 14:16:18',0,1007,'2025-03-11 14:17:39',4,1,4,1,3,3,1),(754,NULL,1004,1008,1,NULL,'2025-03-11 18:13:07',0,NULL,NULL,1,1,1,1,3,3,1),(755,NULL,1005,1009,5,NULL,'2025-03-11 20:19:22',0,NULL,NULL,3,1,1,1,3,3,1),(756,NULL,1006,1010,2,NULL,'2025-03-11 21:14:52',0,NULL,NULL,7,2,1,1,1,5,1),(757,NULL,1007,1011,1,NULL,'2025-03-12 07:10:55',0,NULL,NULL,3,1,1,2,2,2,1),(758,NULL,1008,1012,9,NULL,'2025-03-12 23:03:46',0,NULL,NULL,131,2,1,1,3,4,1),(759,NULL,1009,1013,5,NULL,'2025-03-13 05:35:13',0,1014,'2025-03-13 05:36:41',2,1,2,2,2,9,1),(760,NULL,1011,1015,4,NULL,'2025-03-13 08:12:05',0,NULL,NULL,1,1,1,2,2,2,1),(761,NULL,1013,1016,2,NULL,'2025-03-13 13:52:15',0,NULL,NULL,72,18,1,1,1,5,1),(762,NULL,1014,1017,2,NULL,'2025-03-13 14:16:38',0,NULL,NULL,7,2,1,1,3,5,1),(763,NULL,1000,1018,1,NULL,'2025-03-13 22:23:25',0,NULL,NULL,4,1,1,1,3,3,0),(764,NULL,1016,1019,2,NULL,'2025-03-14 19:55:01',0,NULL,NULL,7,2,1,1,1,5,1),(765,NULL,1017,1020,2,NULL,'2025-03-14 22:38:36',0,NULL,NULL,7,2,1,1,1,5,1),(766,NULL,1018,1021,2,NULL,'2025-03-15 16:14:58',0,NULL,NULL,72,18,1,1,1,8,1),(767,NULL,1019,1022,2,NULL,'2025-03-16 07:37:43',0,NULL,NULL,7,2,1,1,1,5,1),(768,NULL,1020,1023,1,NULL,'2025-03-16 17:40:11',0,NULL,NULL,4,1,1,2,4,2,1),(769,NULL,1020,1024,5,NULL,'2025-03-16 18:19:53',0,1025,'2025-03-16 18:20:13',4,1,2,2,4,2,0),(770,NULL,1023,1026,4,NULL,'2025-03-17 20:35:40',0,NULL,NULL,132,2,1,2,2,7,1),(771,NULL,1024,1027,2,NULL,'2025-03-18 14:14:37',0,NULL,NULL,7,2,1,1,1,5,1),(772,NULL,1025,1028,2,NULL,'2025-03-18 14:16:57',0,NULL,NULL,72,18,1,1,1,5,1),(773,NULL,1026,1029,4,NULL,'2025-03-18 23:11:00',0,NULL,NULL,29,1,1,1,3,4,1),(774,NULL,1027,1030,2,NULL,'2025-03-19 11:23:53',0,NULL,NULL,72,18,1,1,1,8,1),(775,NULL,1028,1031,9,NULL,'2025-03-19 18:36:02',0,NULL,NULL,133,2,1,2,2,2,1),(776,NULL,1029,1032,4,NULL,'2025-03-21 11:59:54',0,1034,'2025-03-21 12:01:24',134,2,3,1,3,4,1),(777,NULL,1033,1035,2,NULL,'2025-03-23 02:18:41',0,NULL,NULL,7,2,1,1,1,5,1),(778,NULL,1034,1036,2,NULL,'2025-03-23 02:19:17',0,NULL,NULL,7,2,1,2,2,7,1),(779,NULL,1035,1037,2,NULL,'2025-03-23 02:23:59',0,NULL,NULL,7,2,1,1,1,5,1),(780,NULL,1036,1038,1,NULL,'2025-03-24 03:06:56',0,NULL,NULL,135,5,1,2,4,2,1),(781,NULL,1037,1039,1,NULL,'2025-03-24 03:07:12',0,NULL,NULL,135,5,1,2,4,2,1),(782,NULL,1038,1040,1,NULL,'2025-03-24 08:56:38',0,NULL,NULL,NULL,NULL,1,1,3,3,1),(783,NULL,1039,1041,4,NULL,'2025-03-24 12:48:46',0,NULL,NULL,4,1,1,1,3,4,1),(784,NULL,1040,1042,4,NULL,'2025-03-24 13:13:32',0,NULL,NULL,2,1,1,1,1,4,1),(785,NULL,1041,1043,5,NULL,'2025-03-24 15:46:00',0,1045,'2025-03-24 15:47:07',4,1,3,1,1,2,1),(786,NULL,1044,1046,4,NULL,'2025-03-24 16:31:35',0,1047,'2025-03-24 16:31:47',23,1,2,1,3,4,1),(787,NULL,1046,1048,4,NULL,'2025-03-24 18:44:39',0,NULL,NULL,32,1,1,1,3,4,1),(788,NULL,1047,1049,4,NULL,'2025-03-24 19:12:11',0,1051,'2025-03-24 19:15:28',4,1,3,1,1,4,1),(789,NULL,1050,1052,4,NULL,'2025-03-25 03:14:41',0,NULL,NULL,1,1,1,1,3,4,1),(790,NULL,1051,1053,4,NULL,'2025-03-25 10:37:38',0,1056,'2025-03-25 11:01:41',2,1,4,1,1,4,1),(791,NULL,1056,1057,5,NULL,'2025-03-25 11:07:33',0,NULL,NULL,2,1,1,1,3,2,1),(792,NULL,1057,1058,1,NULL,'2025-03-25 13:33:14',0,NULL,NULL,1,1,1,1,3,3,1),(793,NULL,1057,1059,1,NULL,'2025-03-25 14:37:38',0,NULL,NULL,1,1,1,1,3,3,0),(794,NULL,1059,1060,2,NULL,'2025-03-26 06:02:42',0,NULL,NULL,7,2,1,2,2,2,1),(795,NULL,1060,1061,5,NULL,'2025-03-26 16:22:27',0,1062,'2025-03-26 16:22:58',111,25,2,1,3,3,1),(796,NULL,1062,1063,2,NULL,'2025-03-26 19:39:06',0,NULL,NULL,7,2,1,1,1,5,1),(797,NULL,1063,1064,5,NULL,'2025-03-26 20:34:28',0,NULL,NULL,128,2,1,2,2,2,1),(798,NULL,1064,1065,5,NULL,'2025-03-27 09:31:53',0,NULL,NULL,80,1,1,1,1,2,1),(799,NULL,1065,1066,2,NULL,'2025-03-27 16:21:45',0,NULL,NULL,7,2,1,1,1,5,1),(800,NULL,1067,1067,5,NULL,'2025-03-28 14:10:35',0,NULL,NULL,2,1,1,1,1,2,1),(801,NULL,1068,1068,2,NULL,'2025-03-30 20:04:14',0,NULL,NULL,72,18,1,1,1,5,1),(802,NULL,1069,1069,2,NULL,'2025-03-30 20:04:33',0,NULL,NULL,7,2,1,1,1,5,1),(803,NULL,1070,1070,4,NULL,'2025-03-30 21:23:23',0,NULL,NULL,20,1,1,1,3,4,1),(804,NULL,1071,1071,5,NULL,'2025-03-31 12:34:52',0,1081,'2025-03-31 12:50:04',136,1,11,2,2,2,1),(805,NULL,1082,1082,5,NULL,'2025-03-31 16:12:17',0,NULL,NULL,137,2,1,2,2,2,1),(806,NULL,1083,1083,4,NULL,'2025-04-01 08:51:07',0,1085,'2025-04-01 08:51:54',138,13,3,1,3,4,1),(807,NULL,1086,1086,8,NULL,'2025-04-02 17:02:26',0,1094,'2025-04-02 17:07:36',1,1,9,2,2,2,1),(808,NULL,1095,1095,5,NULL,'2025-04-02 19:37:52',0,NULL,NULL,139,2,1,2,4,2,1),(809,NULL,1096,1096,1,NULL,'2025-04-02 21:23:04',0,1098,'2025-04-02 21:48:50',114,2,3,2,4,2,1),(810,NULL,1099,1099,1,NULL,'2025-04-02 21:51:17',0,1100,'2025-04-02 21:51:24',140,27,2,2,4,2,1),(811,NULL,1096,1101,1,NULL,'2025-04-03 07:08:49',0,1102,'2025-04-03 07:08:59',114,2,2,2,4,2,0),(812,NULL,1103,1103,1,NULL,'2025-04-03 12:20:23',0,1105,'2025-04-03 12:21:09',111,25,3,1,3,3,1),(813,NULL,1106,1106,2,NULL,'2025-04-03 15:17:58',0,NULL,NULL,7,2,1,1,3,5,1),(814,NULL,1107,1107,1,NULL,'2025-04-03 17:18:46',0,NULL,NULL,114,2,1,2,4,2,1),(815,NULL,1108,1108,2,NULL,'2025-04-03 18:18:26',0,NULL,NULL,7,2,1,1,1,5,1),(816,NULL,1109,1109,1,NULL,'2025-04-04 13:53:20',0,1110,'2025-04-04 13:56:07',4,1,2,1,3,3,1),(817,NULL,1111,1111,6,NULL,'2025-04-06 19:41:16',0,NULL,NULL,26,1,1,1,3,10,1),(818,NULL,1112,1112,1,NULL,'2025-04-07 06:11:55',0,NULL,NULL,128,2,1,2,2,2,1),(819,NULL,1113,1113,1,NULL,'2025-04-07 13:27:35',0,1114,'2025-04-07 13:28:17',3,1,2,2,2,2,1),(820,NULL,1113,1115,1,NULL,'2025-04-07 18:35:17',0,NULL,NULL,3,1,1,2,2,2,0),(821,NULL,1116,1116,2,NULL,'2025-04-07 20:38:25',0,NULL,NULL,7,2,1,NULL,1,5,1),(822,NULL,1117,1117,5,NULL,'2025-04-08 12:21:23',0,NULL,NULL,4,1,1,1,1,2,1),(823,NULL,1118,1118,4,NULL,'2025-04-08 15:13:49',0,NULL,NULL,141,2,1,1,3,4,1),(824,NULL,1119,1119,2,NULL,'2025-04-08 20:19:48',0,NULL,NULL,7,2,1,1,1,5,1),(825,NULL,1113,1120,1,NULL,'2025-04-08 22:02:22',0,NULL,NULL,3,1,1,2,2,2,0),(826,NULL,1113,1121,1,NULL,'2025-04-08 23:07:58',0,NULL,NULL,3,1,1,2,2,2,0),(827,NULL,1122,1122,1,NULL,'2025-04-08 23:47:33',0,NULL,NULL,4,1,1,1,1,10,1),(828,NULL,1123,1123,1,NULL,'2025-04-09 07:23:33',0,1124,'2025-04-09 07:23:43',NULL,NULL,2,1,3,3,1),(829,NULL,1113,1125,1,NULL,'2025-04-09 09:00:49',0,NULL,NULL,3,1,1,2,2,2,0),(830,NULL,1126,1126,1,NULL,'2025-04-09 13:59:58',0,NULL,NULL,1,1,1,1,3,3,1),(831,NULL,1127,1127,1,NULL,'2025-04-09 14:54:46',0,NULL,NULL,65,2,1,1,1,2,1),(832,NULL,1128,1128,2,NULL,'2025-04-09 20:04:39',0,NULL,NULL,142,2,1,1,3,11,1),(833,NULL,1113,1129,1,NULL,'2025-04-09 21:32:57',0,NULL,NULL,3,1,1,2,2,2,0),(834,NULL,1113,1130,1,NULL,'2025-04-09 22:56:39',0,NULL,NULL,3,1,1,2,2,2,0),(835,NULL,1131,1131,5,NULL,'2025-04-10 00:59:41',0,NULL,NULL,29,1,1,2,2,2,1),(836,NULL,1132,1132,5,NULL,'2025-04-10 01:04:02',0,1133,'2025-04-10 01:04:06',29,1,2,1,3,3,1),(837,NULL,1134,1134,1,NULL,'2025-04-10 08:50:09',0,1135,'2025-04-10 08:50:15',4,1,2,1,3,3,1),(838,NULL,1136,1136,2,NULL,'2025-04-10 09:11:14',0,NULL,NULL,7,2,1,3,1,2,1),(839,NULL,1137,1137,2,NULL,'2025-04-11 03:00:29',0,NULL,NULL,72,18,1,1,3,5,1),(840,NULL,1138,1138,4,NULL,'2025-04-11 07:36:53',0,NULL,NULL,23,1,1,1,3,4,1),(841,NULL,1139,1139,4,NULL,'2025-04-12 19:42:22',0,NULL,NULL,3,1,1,1,3,4,1),(842,NULL,1140,1140,5,NULL,'2025-04-14 13:56:58',0,NULL,NULL,2,1,1,2,4,2,1),(843,NULL,1141,1141,2,NULL,'2025-04-15 10:19:15',0,NULL,NULL,72,18,1,1,1,5,1),(844,NULL,1142,1142,5,NULL,'2025-04-15 17:23:17',0,1143,'2025-04-15 17:23:50',53,13,2,2,2,2,1),(845,NULL,1144,1144,1,NULL,'2025-04-15 18:45:49',0,NULL,NULL,17,1,1,1,3,3,1),(846,NULL,1145,1145,1,NULL,'2025-04-16 06:51:52',0,NULL,NULL,NULL,NULL,1,1,3,3,1),(847,NULL,1146,1146,2,NULL,'2025-04-16 14:50:00',0,NULL,NULL,7,2,1,1,3,5,1),(848,NULL,1147,1147,4,NULL,'2025-04-16 19:03:03',0,NULL,NULL,1,1,1,1,3,4,1),(849,NULL,1148,1148,1,NULL,'2025-04-17 04:29:07',0,1150,'2025-04-17 04:29:33',111,25,3,1,3,3,1),(850,NULL,1151,1151,2,NULL,'2025-04-19 00:59:49',0,NULL,NULL,7,2,1,1,1,5,1),(851,NULL,1153,1152,5,NULL,'2025-04-19 12:58:57',0,NULL,NULL,1,1,1,2,2,2,1),(852,NULL,1155,1153,1,NULL,'2025-04-20 20:36:42',0,1155,'2025-04-20 20:37:41',5,1,2,2,2,2,1),(853,NULL,1156,1154,1,NULL,'2025-04-20 20:37:27',0,1157,'2025-04-20 20:39:41',5,1,3,2,2,2,1),(854,NULL,1160,1158,2,NULL,'2025-04-20 21:47:54',0,NULL,NULL,7,2,1,1,1,8,1),(855,NULL,1016,1159,2,NULL,'2025-04-23 00:35:04',0,NULL,NULL,7,2,1,1,1,5,0),(856,NULL,1162,1160,1,NULL,'2025-04-23 09:19:45',0,NULL,NULL,29,1,1,1,3,3,1),(857,NULL,1162,1161,1,NULL,'2025-04-23 09:52:53',0,NULL,NULL,29,1,1,1,3,3,0),(858,NULL,1166,1162,1,NULL,'2025-04-25 06:13:17',0,1163,'2025-04-25 06:13:46',29,1,2,2,4,3,1),(859,NULL,1131,1164,5,NULL,'2025-04-25 12:50:41',0,NULL,NULL,29,1,1,2,2,2,0),(860,NULL,1169,1165,2,NULL,'2025-04-25 15:59:25',0,NULL,NULL,72,18,1,1,1,5,1),(861,NULL,1171,1166,6,NULL,'2025-04-25 18:39:12',0,1167,'2025-04-25 18:39:36',29,1,2,1,3,10,1),(862,NULL,1162,1168,1,NULL,'2025-04-28 08:57:35',0,1173,'2025-04-28 08:58:31',29,1,6,1,3,3,0),(863,NULL,1179,1174,2,NULL,'2025-04-28 18:35:40',0,NULL,NULL,7,2,1,2,2,2,1),(864,NULL,1180,1175,4,NULL,'2025-04-28 18:46:01',0,1176,'2025-04-28 18:46:46',29,1,2,1,3,4,1),(865,NULL,1182,1177,4,NULL,'2025-04-28 19:31:28',0,NULL,NULL,143,3,1,1,3,4,1),(866,NULL,1183,1178,4,NULL,'2025-04-28 21:11:40',0,1179,'2025-04-28 21:12:45',29,1,2,1,3,4,1),(867,NULL,1185,1180,1,NULL,'2025-05-03 19:07:15',0,NULL,NULL,2,1,1,2,6,9,1),(868,NULL,1186,1181,5,NULL,'2025-05-03 19:22:44',0,NULL,NULL,144,1,1,1,3,3,1),(869,NULL,1187,1182,6,NULL,'2025-05-03 20:10:40',0,1191,'2025-05-03 20:17:24',33,1,9,1,1,10,1),(870,NULL,1189,1184,5,NULL,'2025-05-03 20:13:12',0,NULL,NULL,3,1,1,1,3,2,1),(871,NULL,1197,1192,1,NULL,'2025-05-03 20:44:59',0,1193,'2025-05-03 20:45:01',3,1,2,1,3,3,1),(872,NULL,1199,1194,5,NULL,'2025-05-03 21:32:45',0,1199,'2025-05-03 21:36:08',29,1,6,2,4,2,1),(873,NULL,1205,1200,1,NULL,'2025-05-04 00:06:58',0,NULL,NULL,3,1,1,2,2,2,1),(874,NULL,1206,1201,2,NULL,'2025-05-04 17:52:49',0,NULL,NULL,7,2,1,1,1,8,1),(875,NULL,1207,1202,6,NULL,'2025-05-05 05:52:48',0,NULL,NULL,145,1,1,1,3,10,1),(876,NULL,1208,1203,5,NULL,'2025-05-05 14:18:03',0,NULL,NULL,1,1,1,2,2,1,1),(877,NULL,1209,1204,10,NULL,'2025-05-06 12:04:30',0,NULL,NULL,146,1,1,2,2,2,1),(878,NULL,1210,1205,4,NULL,'2025-05-06 18:10:11',0,NULL,NULL,1,1,1,1,3,4,1),(879,NULL,1210,1206,6,NULL,'2025-05-06 18:12:41',0,1207,'2025-05-06 18:13:01',1,1,2,1,3,4,0),(880,NULL,1213,1208,6,NULL,'2025-05-06 18:13:23',0,NULL,NULL,147,1,1,1,1,12,1),(881,NULL,1214,1209,4,NULL,'2025-05-07 05:26:18',0,NULL,NULL,2,1,1,1,3,4,1),(882,NULL,1215,1210,5,NULL,'2025-05-07 13:52:52',0,NULL,NULL,29,1,1,2,2,2,1),(883,NULL,1216,1211,2,NULL,'2025-05-07 14:14:03',0,NULL,NULL,72,18,1,1,1,5,1),(884,NULL,1217,1212,4,NULL,'2025-05-07 16:07:04',0,1217,'2025-05-07 16:08:36',29,1,6,1,3,4,1),(885,NULL,1197,1218,1,NULL,'2025-05-07 16:23:18',0,NULL,NULL,3,1,1,1,3,3,0),(886,NULL,1224,1219,4,NULL,'2025-05-07 18:27:32',0,NULL,NULL,148,2,1,2,2,2,1),(887,NULL,1225,1220,6,NULL,'2025-05-07 18:46:16',0,1221,'2025-05-07 18:46:33',1,1,2,1,3,10,1),(888,NULL,1227,1222,1,NULL,'2025-05-07 19:25:05',0,1224,'2025-05-07 19:25:37',3,1,2,1,3,3,1),(889,NULL,1227,1223,5,NULL,'2025-05-07 19:25:05',0,NULL,NULL,3,1,1,1,3,3,1),(890,NULL,1230,1225,5,NULL,'2025-05-07 20:03:43',0,1226,'2025-05-07 20:04:31',14,1,2,1,3,3,1),(891,NULL,1230,1227,5,NULL,'2025-05-07 21:33:16',0,NULL,NULL,14,1,1,1,3,3,0),(892,NULL,1233,1228,5,NULL,'2025-05-07 21:43:02',0,1230,'2025-05-07 21:43:23',23,1,3,1,3,6,1),(893,NULL,1236,1231,6,NULL,'2025-05-08 13:28:38',0,NULL,NULL,149,1,1,1,3,10,1),(894,NULL,1237,1232,1,NULL,'2025-05-08 16:14:31',0,NULL,NULL,150,3,1,1,3,2,1),(895,NULL,1239,1233,4,NULL,'2025-05-08 20:49:42',0,NULL,NULL,2,1,1,1,1,2,1),(896,NULL,1238,1234,4,NULL,'2025-05-08 20:49:42',0,NULL,NULL,2,1,1,1,1,4,1),(897,NULL,1239,1235,1,NULL,'2025-05-08 21:04:26',0,1238,'2025-05-08 21:05:39',2,1,4,1,1,2,0),(898,NULL,1244,1239,2,NULL,'2025-05-09 07:45:12',0,NULL,NULL,7,2,1,1,1,5,1),(899,NULL,1245,1240,5,NULL,'2025-05-09 14:52:41',0,NULL,NULL,20,1,1,1,1,2,1),(900,NULL,1246,1241,5,NULL,'2025-05-11 04:38:44',0,NULL,NULL,151,1,1,1,1,2,1),(901,NULL,1247,1242,5,NULL,'2025-05-12 10:49:23',0,NULL,NULL,2,1,1,1,3,3,1),(902,NULL,1248,1243,2,NULL,'2025-05-12 14:32:45',0,NULL,NULL,72,18,1,1,1,5,1),(903,NULL,1249,1244,4,NULL,'2025-05-12 15:53:26',0,1245,'2025-05-12 15:53:51',14,1,2,1,1,4,1),(904,NULL,1247,1246,5,NULL,'2025-05-12 18:49:50',0,NULL,NULL,2,1,1,1,3,3,0),(905,NULL,1252,1247,4,NULL,'2025-05-13 14:11:04',0,NULL,NULL,152,1,1,1,3,3,1),(906,NULL,1254,1248,6,NULL,'2025-05-13 19:06:14',0,NULL,NULL,NULL,NULL,1,1,3,10,1),(907,NULL,1255,1249,5,NULL,'2025-05-13 19:28:56',0,NULL,NULL,26,1,1,1,3,3,1),(908,NULL,1252,1250,4,NULL,'2025-05-13 20:12:24',0,NULL,NULL,152,1,1,1,3,3,0),(909,NULL,1258,1251,2,NULL,'2025-05-14 19:19:14',0,NULL,NULL,72,18,1,2,6,2,1),(910,NULL,1259,1252,1,NULL,'2025-05-15 06:26:53',0,NULL,NULL,153,28,1,1,3,3,1),(911,NULL,1260,1253,1,NULL,'2025-05-15 09:08:19',0,NULL,NULL,154,28,1,1,3,3,1),(912,NULL,1261,1254,5,NULL,'2025-05-15 11:04:17',0,NULL,NULL,155,29,1,1,1,2,1),(913,NULL,1262,1255,5,NULL,'2025-05-15 16:17:50',0,NULL,NULL,4,1,1,2,2,1,1),(914,NULL,1263,1256,4,NULL,'2025-05-16 13:39:42',0,1259,'2025-05-16 13:41:51',1,1,4,1,3,4,1),(915,NULL,1267,1260,5,NULL,'2025-05-16 13:44:29',0,1261,'2025-05-16 13:44:33',1,1,2,2,2,2,1),(916,NULL,1269,1262,1,NULL,'2025-05-16 13:44:34',0,NULL,NULL,3,1,1,1,3,3,1),(917,NULL,1270,1263,2,NULL,'2025-05-16 14:18:20',0,NULL,NULL,72,18,1,1,1,5,1),(918,NULL,1271,1264,2,NULL,'2025-05-16 16:22:16',0,NULL,NULL,7,2,1,1,1,5,1),(919,NULL,1272,1265,1,NULL,'2025-05-17 12:55:36',0,NULL,NULL,156,1,1,1,3,3,1),(920,NULL,1273,1266,1,NULL,'2025-05-18 19:35:16',0,NULL,NULL,3,1,1,1,3,3,1),(921,NULL,1274,1267,11,NULL,'2025-05-19 05:50:19',0,NULL,NULL,2,1,1,2,2,9,1),(922,NULL,1275,1268,5,NULL,'2025-05-19 10:39:46',0,1275,'2025-05-19 10:41:46',3,1,8,1,3,3,1),(923,NULL,1283,1276,4,NULL,'2025-05-19 17:36:28',0,NULL,NULL,23,1,1,1,1,4,1),(924,NULL,1284,1277,2,NULL,'2025-05-19 18:19:38',0,NULL,NULL,7,2,1,2,2,2,1),(925,NULL,1285,1278,4,NULL,'2025-05-19 19:46:40',0,NULL,NULL,12,2,1,1,3,4,1),(926,NULL,1286,1279,4,NULL,'2025-05-19 20:48:58',0,NULL,NULL,1,1,1,1,3,4,1),(927,NULL,1287,1280,1,NULL,'2025-05-20 11:58:57',0,NULL,NULL,1,1,1,2,2,2,1),(928,NULL,1287,1281,5,NULL,'2025-05-20 11:58:57',0,NULL,NULL,1,1,1,2,2,2,1),(929,NULL,1289,1282,1,NULL,'2025-05-20 11:59:38',0,NULL,NULL,1,1,1,2,2,2,1),(930,NULL,1290,1283,5,NULL,'2025-05-20 12:00:54',0,NULL,NULL,1,1,1,1,3,3,1),(931,NULL,1291,1284,5,NULL,'2025-05-20 12:53:52',0,1285,'2025-05-20 12:55:32',157,1,2,2,4,2,1),(932,NULL,1293,1286,4,NULL,'2025-05-20 18:55:26',0,NULL,NULL,158,1,1,1,3,4,1),(933,NULL,1294,1287,2,NULL,'2025-05-20 23:30:56',0,NULL,NULL,72,18,1,1,1,5,1),(934,NULL,1295,1288,6,NULL,'2025-05-21 01:04:18',0,1289,'2025-05-21 01:04:48',159,30,2,1,3,10,1),(935,NULL,1297,1290,1,NULL,'2025-05-21 02:13:27',0,1295,'2025-05-21 02:17:21',160,22,6,2,8,2,1),(936,NULL,1297,1296,5,NULL,'2025-05-21 02:22:46',0,1307,'2025-05-21 03:01:39',160,22,12,2,8,2,0),(937,NULL,1315,1308,4,NULL,'2025-05-21 18:55:12',0,NULL,NULL,4,1,1,1,3,4,1),(938,NULL,1316,1309,6,NULL,'2025-05-21 21:49:42',0,NULL,NULL,1,1,1,1,1,10,1),(939,NULL,1317,1310,2,NULL,'2025-05-22 21:44:13',0,NULL,NULL,7,2,1,1,1,5,1),(940,NULL,1318,1311,5,NULL,'2025-05-22 21:58:06',0,NULL,NULL,12,2,1,2,6,2,1),(941,NULL,1319,1312,5,NULL,'2025-05-23 08:17:54',0,NULL,NULL,2,1,1,2,2,2,1),(942,NULL,1319,1314,1,NULL,'2025-05-23 08:54:40',0,1316,'2025-05-23 08:55:07',2,1,4,2,2,2,0),(943,NULL,1324,1317,5,NULL,'2025-05-24 16:51:43',0,1319,'2025-05-24 16:53:25',12,2,3,2,2,2,1),(944,NULL,1327,1320,5,NULL,'2025-05-24 23:02:48',0,NULL,NULL,52,1,1,1,3,6,1),(945,NULL,1328,1321,4,NULL,'2025-05-25 07:10:08',0,NULL,NULL,161,1,1,1,1,4,1),(946,NULL,1329,1322,5,NULL,'2025-05-25 14:31:44',0,NULL,NULL,3,1,1,1,1,2,1),(947,NULL,1330,1323,1,NULL,'2025-05-25 14:31:52',0,NULL,NULL,3,1,1,2,2,2,1),(948,NULL,1331,1324,1,NULL,'2025-05-25 14:32:32',0,NULL,NULL,4,1,1,2,2,2,1),(949,NULL,1332,1325,1,NULL,'2025-05-25 14:33:29',0,NULL,NULL,3,1,1,2,2,2,1),(950,NULL,1333,1326,1,NULL,'2025-05-25 14:33:51',0,NULL,NULL,3,1,1,2,4,2,1),(951,NULL,1334,1327,1,NULL,'2025-05-25 14:33:54',0,NULL,NULL,1,1,1,2,2,2,1),(952,NULL,1016,1328,2,NULL,'2025-05-25 15:48:47',0,NULL,NULL,7,2,1,1,1,5,0),(953,NULL,1329,1329,5,NULL,'2025-05-25 17:50:54',0,NULL,NULL,3,1,1,1,1,2,0),(954,NULL,1337,1330,5,NULL,'2025-05-25 21:36:32',0,1333,'2025-05-25 21:37:40',4,1,4,1,3,3,1),(955,NULL,1337,1334,1,NULL,'2025-05-25 21:38:00',0,NULL,NULL,4,1,1,1,3,3,0),(956,NULL,1342,1335,6,NULL,'2025-05-26 11:56:36',0,NULL,NULL,3,1,1,1,3,10,1),(957,NULL,1343,1336,1,NULL,'2025-05-26 20:11:51',0,NULL,NULL,5,1,1,2,2,2,1),(958,NULL,1344,1337,2,NULL,'2025-05-27 20:03:03',0,NULL,NULL,7,2,1,1,3,5,1),(959,NULL,1345,1338,6,NULL,'2025-05-28 02:37:54',0,NULL,NULL,162,2,1,1,3,4,1),(960,NULL,1346,1339,5,NULL,'2025-05-28 08:09:33',0,NULL,NULL,32,1,1,2,2,2,1),(961,NULL,1347,1340,4,NULL,'2025-05-28 19:43:56',0,NULL,NULL,1,1,1,1,1,4,1),(962,NULL,1348,1341,1,NULL,'2025-05-29 12:15:42',0,NULL,NULL,163,22,1,2,2,2,1),(963,NULL,1349,1342,1,NULL,'2025-05-29 15:46:56',0,NULL,NULL,163,22,1,2,2,2,1),(964,NULL,1350,1343,1,NULL,'2025-05-29 20:06:11',0,NULL,NULL,5,1,1,2,2,2,1),(965,NULL,1351,1344,2,NULL,'2025-05-29 23:17:07',0,NULL,NULL,7,2,1,1,1,5,1),(966,NULL,1352,1345,1,NULL,'2025-05-30 06:26:57',0,NULL,NULL,56,16,1,2,2,2,1),(967,NULL,1353,1346,1,NULL,'2025-05-30 20:59:22',0,1352,'2025-05-30 21:05:57',1,1,7,2,4,2,1),(968,NULL,1360,1353,1,NULL,'2025-06-02 13:35:35',0,1358,'2025-06-02 13:44:20',3,1,6,2,2,2,1),(969,NULL,1366,1359,5,NULL,'2025-06-02 20:30:04',0,1361,'2025-06-02 20:32:12',21,1,3,1,1,2,1),(970,NULL,1369,1362,2,NULL,'2025-06-02 21:05:18',0,NULL,NULL,7,2,1,2,2,7,1),(971,NULL,1366,1363,5,NULL,'2025-06-02 21:07:40',0,NULL,NULL,21,1,1,1,1,2,0),(972,NULL,1371,1364,5,NULL,'2025-06-03 11:04:46',0,1368,'2025-06-03 11:10:37',2,1,5,2,4,2,1),(973,NULL,1376,1369,1,NULL,'2025-06-04 01:19:59',0,NULL,NULL,29,1,1,1,3,3,1),(974,NULL,1376,1370,1,NULL,'2025-06-04 08:38:16',0,NULL,NULL,29,1,1,1,3,3,0),(975,NULL,1378,1371,2,NULL,'2025-06-04 10:13:45',0,NULL,NULL,7,2,1,1,1,5,1),(976,NULL,1379,1372,2,NULL,'2025-06-04 10:17:04',0,NULL,NULL,7,2,1,1,1,5,1),(977,NULL,1380,1373,2,NULL,'2025-06-04 16:51:24',0,NULL,NULL,72,18,1,1,1,5,1),(978,NULL,1371,1374,1,NULL,'2025-06-04 21:17:26',0,1375,'2025-06-04 21:19:34',2,1,2,2,4,2,0),(979,NULL,1383,1376,5,NULL,'2025-06-04 23:50:30',0,1377,'2025-06-04 23:52:00',2,1,2,1,3,3,1),(980,NULL,1385,1378,1,NULL,'2025-06-05 11:46:39',0,NULL,NULL,26,1,1,2,4,2,1),(981,NULL,1386,1379,12,NULL,'2025-06-05 13:25:01',0,1381,'2025-06-05 13:25:21',3,1,2,1,3,4,1),(982,NULL,1387,1380,1,NULL,'2025-06-05 13:25:03',0,1382,'2025-06-05 13:27:40',3,1,2,1,3,3,1),(983,NULL,1390,1383,13,NULL,'2025-06-07 00:06:30',0,1384,'2025-06-07 00:07:53',3,1,2,1,3,4,1),(984,NULL,1392,1385,5,NULL,'2025-06-07 16:55:52',0,NULL,NULL,164,31,1,1,1,2,1),(985,NULL,1393,1386,5,NULL,'2025-06-07 23:04:32',0,NULL,NULL,4,1,1,1,1,2,1),(986,NULL,1393,1387,5,NULL,'2025-06-07 23:04:32',0,NULL,NULL,4,1,1,1,1,2,1),(987,NULL,1395,1388,5,NULL,'2025-06-08 00:11:05',0,NULL,NULL,2,1,1,1,1,2,1),(988,NULL,1396,1389,5,NULL,'2025-06-08 18:53:49',0,NULL,NULL,2,1,1,1,3,3,1),(989,NULL,1397,1390,2,NULL,'2025-06-08 20:38:37',0,NULL,NULL,72,18,1,2,2,2,1),(990,NULL,1398,1391,2,NULL,'2025-06-08 20:40:11',0,NULL,NULL,7,2,1,1,1,5,1),(991,NULL,1399,1392,2,NULL,'2025-06-08 20:43:21',0,NULL,NULL,72,18,1,1,1,5,1),(992,NULL,1396,1393,5,NULL,'2025-06-08 21:44:52',0,NULL,NULL,2,1,1,1,3,3,0),(993,NULL,1401,1394,5,NULL,'2025-06-09 18:36:47',0,1397,'2025-06-09 18:38:28',26,1,4,2,2,2,1),(994,NULL,1405,1398,1,NULL,'2025-06-09 23:40:09',0,NULL,NULL,165,2,1,1,3,4,1),(995,NULL,1406,1399,1,NULL,'2025-06-10 04:22:03',0,1400,'2025-06-10 04:22:14',1,1,2,2,2,2,1),(996,NULL,1360,1401,1,NULL,'2025-06-10 07:35:38',0,NULL,NULL,3,1,1,2,2,2,0),(997,NULL,1360,1402,1,NULL,'2025-06-10 09:16:28',0,NULL,NULL,3,1,1,2,2,2,0),(998,NULL,1360,1403,1,NULL,'2025-06-10 10:11:00',0,1405,'2025-06-10 10:41:09',3,1,3,2,2,2,0),(999,NULL,1360,1406,1,NULL,'2025-06-10 12:25:43',0,1410,'2025-06-10 12:49:02',3,1,5,2,2,2,0),(1000,NULL,1360,1411,1,NULL,'2025-06-10 13:37:30',0,1412,'2025-06-10 13:56:18',3,1,2,2,2,2,0),(1001,NULL,1420,1413,5,NULL,'2025-06-10 14:03:16',0,NULL,NULL,14,1,1,1,1,2,1),(1002,NULL,1422,1414,2,NULL,'2025-06-10 19:17:53',0,NULL,NULL,7,2,1,1,1,5,1),(1003,NULL,1423,1415,5,NULL,'2025-06-10 23:18:17',0,NULL,NULL,68,7,1,1,1,2,1),(1004,NULL,1360,1416,1,NULL,'2025-06-12 08:50:26',0,NULL,NULL,3,1,1,2,2,2,0),(1005,NULL,1425,1417,2,NULL,'2025-06-12 18:02:55',0,NULL,NULL,7,2,1,1,1,5,1),(1006,NULL,1426,1418,1,NULL,'2025-06-13 21:17:00',0,NULL,NULL,2,1,1,1,3,4,1),(1007,NULL,1428,1420,1,NULL,'2025-06-16 04:01:26',0,NULL,NULL,10,5,1,2,4,2,1),(1008,NULL,82,1419,1,NULL,'2025-06-16 04:01:26',0,NULL,NULL,10,5,1,2,4,2,0),(1009,NULL,1429,1421,2,NULL,'2025-06-16 11:26:00',0,NULL,NULL,7,2,1,2,2,2,1),(1010,NULL,1430,1422,2,NULL,'2025-06-16 11:27:38',0,NULL,NULL,72,18,1,1,1,5,1),(1011,NULL,1431,1423,13,NULL,'2025-06-16 18:01:54',0,NULL,NULL,125,26,1,1,3,4,1),(1012,NULL,1360,1424,1,NULL,'2025-06-17 09:39:05',0,NULL,NULL,3,1,1,2,2,2,0),(1013,NULL,1360,1425,1,NULL,'2025-06-17 13:48:42',0,NULL,NULL,3,1,1,2,2,2,0),(1014,NULL,1435,1426,1,NULL,'2025-06-17 23:20:21',0,NULL,NULL,4,1,1,1,1,2,1),(1015,NULL,1436,1427,2,NULL,'2025-06-19 12:18:25',0,NULL,NULL,72,18,1,1,1,5,1),(1016,NULL,1437,1428,2,NULL,'2025-06-22 14:44:11',0,NULL,NULL,72,18,1,2,2,2,1),(1017,NULL,1438,1429,1,NULL,'2025-06-23 14:10:48',0,1430,'2025-06-23 14:11:24',166,22,2,2,2,2,1),(1018,NULL,1440,1431,1,NULL,'2025-06-24 03:06:13',0,NULL,NULL,167,2,1,2,2,2,1),(1019,NULL,1441,1432,3,NULL,'2025-06-24 03:06:17',0,NULL,NULL,167,2,1,1,3,3,1),(1020,NULL,1360,1433,1,NULL,'2025-06-24 06:48:30',0,NULL,NULL,3,1,1,2,2,2,0),(1021,NULL,1360,1434,1,NULL,'2025-06-24 09:11:53',0,NULL,NULL,3,1,1,2,2,2,0),(1022,NULL,1444,1435,1,NULL,'2025-06-24 13:47:43',0,NULL,NULL,4,1,1,2,4,2,1),(1023,NULL,1444,1436,7,NULL,'2025-06-24 13:47:43',0,NULL,NULL,4,1,1,2,4,2,1),(1024,NULL,1446,1437,1,NULL,'2025-06-24 16:41:33',0,NULL,NULL,1,1,1,1,3,3,1),(1025,NULL,1447,1438,1,NULL,'2025-06-24 17:35:09',0,NULL,NULL,5,1,1,2,2,2,1),(1026,NULL,1360,1439,1,NULL,'2025-06-25 06:55:40',0,NULL,NULL,3,1,1,2,2,2,0),(1027,NULL,1360,1440,5,NULL,'2025-06-25 09:06:42',0,NULL,NULL,3,1,1,2,2,2,0),(1028,NULL,1451,1441,2,NULL,'2025-06-25 18:03:54',0,NULL,NULL,7,2,1,2,2,2,1),(1029,NULL,1452,1442,2,NULL,'2025-06-25 18:04:18',0,NULL,NULL,72,18,1,1,1,5,1),(1030,NULL,1453,1443,4,NULL,'2025-06-26 03:50:11',0,NULL,NULL,2,1,1,1,3,4,1),(1031,NULL,1360,1444,1,NULL,'2025-06-26 08:53:07',0,NULL,NULL,3,1,1,2,2,2,0),(1032,NULL,1360,1445,1,NULL,'2025-06-26 11:10:59',0,NULL,NULL,3,1,1,2,2,2,0),(1033,NULL,1456,1446,4,NULL,'2025-06-26 21:44:33',0,NULL,NULL,26,1,1,1,3,4,1),(1034,NULL,1457,1447,5,NULL,'2025-06-27 06:49:47',0,1448,'2025-06-27 06:51:20',168,22,2,2,2,2,1),(1035,NULL,1460,1449,4,NULL,'2025-06-27 20:02:19',0,NULL,NULL,3,1,1,1,3,4,1),(1036,NULL,1461,1450,4,NULL,'2025-06-28 09:14:43',0,NULL,NULL,169,1,1,1,1,4,1),(1037,NULL,1428,1451,1,NULL,'2025-06-28 18:27:58',0,NULL,NULL,10,5,1,2,4,2,0),(1038,NULL,1463,1452,2,NULL,'2025-06-30 13:57:34',0,NULL,NULL,7,2,1,2,2,2,1),(1039,NULL,1464,1453,6,NULL,'2025-06-30 18:44:54',0,NULL,NULL,170,2,1,2,4,2,1),(1040,NULL,1465,1454,2,NULL,'2025-06-30 23:49:48',0,NULL,NULL,72,18,1,1,1,8,1),(1041,NULL,1466,1455,1,NULL,'2025-07-04 10:31:15',0,NULL,NULL,3,1,1,2,2,2,1),(1042,NULL,1467,1456,4,NULL,'2025-07-06 03:37:35',0,NULL,NULL,1,1,1,1,1,4,1),(1043,NULL,1466,1457,1,NULL,'2025-07-07 08:29:13',0,NULL,NULL,3,1,1,2,2,2,0),(1044,NULL,1469,1458,2,NULL,'2025-07-07 11:30:14',0,NULL,NULL,72,18,1,1,1,8,1),(1045,NULL,1470,1459,1,NULL,'2025-07-07 16:25:56',0,NULL,NULL,171,22,1,2,2,2,1),(1046,NULL,1470,1460,1,NULL,'2025-07-07 20:07:23',0,NULL,NULL,171,22,1,2,2,2,0),(1047,NULL,1466,1461,1,NULL,'2025-07-08 08:18:06',0,NULL,NULL,3,1,1,2,2,2,0),(1048,NULL,1473,1462,5,NULL,'2025-07-08 11:33:53',0,NULL,NULL,22,7,1,1,1,2,1),(1049,NULL,1474,1463,5,NULL,'2025-07-08 12:30:17',0,NULL,NULL,2,1,1,1,3,3,1),(1050,NULL,1474,1464,1,NULL,'2025-07-08 12:57:21',0,1465,'2025-07-08 12:57:40',2,1,2,1,3,3,0),(1051,NULL,1474,1466,1,NULL,'2025-07-08 15:55:06',0,NULL,NULL,2,1,1,1,3,3,0),(1052,NULL,1466,1467,1,NULL,'2025-07-09 09:19:30',0,1469,'2025-07-09 09:57:16',3,1,3,2,2,2,0),(1053,NULL,1466,1470,1,NULL,'2025-07-09 10:37:26',0,NULL,NULL,3,1,1,2,2,2,0),(1054,NULL,1482,1471,1,NULL,'2025-07-10 15:21:11',0,1473,'2025-07-10 15:37:38',2,1,3,1,3,3,1),(1055,NULL,1485,1474,1,NULL,'2025-07-10 20:53:01',0,NULL,NULL,172,28,1,2,2,2,1),(1056,NULL,1466,1475,1,NULL,'2025-07-11 06:22:20',0,NULL,NULL,3,1,1,2,2,2,0),(1057,NULL,1466,1476,1,NULL,'2025-07-11 08:06:25',0,1477,'2025-07-11 08:11:07',3,1,2,2,2,2,0),(1058,NULL,1489,1478,2,NULL,'2025-07-11 12:07:34',0,NULL,NULL,7,2,1,1,1,5,1),(1059,NULL,1490,1479,2,NULL,'2025-07-11 15:23:43',0,NULL,NULL,7,2,1,1,1,5,1),(1060,NULL,1491,1480,2,NULL,'2025-07-11 15:24:12',0,NULL,NULL,7,2,1,1,1,5,1),(1061,NULL,1492,1481,5,NULL,'2025-07-15 08:15:31',0,1483,'2025-07-15 08:17:01',3,1,3,2,4,2,1),(1062,NULL,1492,1484,1,NULL,'2025-07-15 09:04:40',0,1486,'2025-07-15 09:05:31',3,1,3,2,4,2,0),(1063,NULL,1498,1487,1,NULL,'2025-07-15 09:29:34',0,NULL,NULL,3,1,1,2,2,2,1),(1064,NULL,1499,1488,4,NULL,'2025-07-16 19:35:35',0,NULL,NULL,3,1,1,1,3,4,1),(1065,NULL,1500,1489,5,NULL,'2025-07-18 11:02:23',0,NULL,NULL,3,1,1,1,1,2,1),(1066,NULL,1501,1490,2,NULL,'2025-07-18 21:31:17',0,NULL,NULL,7,2,1,1,1,5,1),(1067,NULL,1502,1491,5,NULL,'2025-07-19 17:25:30',0,NULL,NULL,173,20,1,2,2,2,1),(1068,NULL,1503,1492,5,NULL,'2025-07-21 11:46:52',0,NULL,NULL,NULL,NULL,1,1,3,3,1),(1069,NULL,1504,1493,1,NULL,'2025-07-23 07:03:20',0,NULL,NULL,38,1,1,2,4,2,1),(1070,NULL,1505,1494,1,NULL,'2025-07-23 10:09:17',0,1495,'2025-07-23 10:09:39',2,1,2,2,4,2,1),(1071,NULL,1507,1496,1,NULL,'2025-07-23 10:10:47',0,1497,'2025-07-23 10:11:46',3,1,2,2,2,2,1),(1072,NULL,1509,1498,2,NULL,'2025-07-24 10:57:47',0,NULL,NULL,72,18,1,1,1,5,1),(1073,NULL,1510,1499,1,NULL,'2025-07-25 08:31:13',0,NULL,NULL,1,1,1,2,2,2,1),(1074,NULL,1511,1500,1,NULL,'2025-07-25 08:32:32',0,NULL,NULL,3,1,1,2,2,2,1),(1075,NULL,1512,1501,1,NULL,'2025-07-25 08:33:19',0,NULL,NULL,174,2,1,2,2,2,1),(1076,NULL,1513,1502,1,NULL,'2025-07-25 09:21:51',0,NULL,NULL,23,1,1,1,1,2,1),(1077,NULL,1514,1503,1,NULL,'2025-07-25 19:42:59',0,1504,'2025-07-25 19:43:48',3,1,2,1,3,4,1),(1078,NULL,1516,1505,5,NULL,'2025-07-25 19:59:43',0,1512,'2025-07-25 20:05:10',3,1,8,2,2,2,1),(1079,NULL,1524,1513,4,NULL,'2025-07-25 20:35:24',0,NULL,NULL,3,1,1,1,1,4,1),(1080,NULL,1516,1514,1,NULL,'2025-07-25 20:55:25',0,1515,'2025-07-25 20:59:00',3,1,2,2,2,2,0),(1081,NULL,1527,1516,6,NULL,'2025-07-26 07:02:51',0,NULL,NULL,1,1,1,1,3,4,1),(1082,NULL,1528,1517,1,NULL,'2025-07-26 12:13:11',0,NULL,NULL,2,1,1,2,4,2,1),(1083,NULL,1529,1518,13,NULL,'2025-07-26 14:22:15',0,NULL,NULL,23,1,1,1,3,4,1),(1084,NULL,1507,1519,1,NULL,'2025-07-26 20:56:41',0,NULL,NULL,3,1,1,2,2,2,0),(1085,NULL,1516,1520,1,NULL,'2025-07-27 10:01:58',0,1521,'2025-07-27 10:02:09',3,1,2,2,2,2,0),(1086,NULL,1513,1522,1,NULL,'2025-07-28 08:07:16',0,NULL,NULL,23,1,1,1,1,2,0),(1087,NULL,1513,1523,1,NULL,'2025-07-28 12:58:30',0,NULL,NULL,23,1,1,1,1,2,0),(1088,NULL,1535,1524,1,NULL,'2025-07-28 14:24:54',0,NULL,NULL,21,1,1,2,2,2,1),(1089,NULL,1536,1525,1,NULL,'2025-07-29 10:21:05',0,NULL,NULL,2,1,1,2,4,2,1),(1090,NULL,1537,1526,2,NULL,'2025-07-30 18:13:43',0,NULL,NULL,7,2,1,1,3,5,1),(1091,NULL,1538,1527,2,NULL,'2025-07-30 18:15:13',0,NULL,NULL,7,2,1,2,2,2,1),(1092,NULL,1539,1528,5,NULL,'2025-07-30 22:57:34',0,NULL,NULL,3,1,1,1,3,3,1),(1093,NULL,1540,1529,5,NULL,'2025-07-31 16:09:54',0,1530,'2025-07-31 16:11:57',175,1,2,2,2,2,1),(1094,NULL,1542,1531,1,NULL,'2025-07-31 18:38:54',0,1532,'2025-07-31 18:38:56',2,1,2,2,4,2,1),(1095,NULL,1542,1533,1,NULL,'2025-08-01 09:09:14',0,1536,'2025-08-01 09:10:32',2,1,4,2,4,2,0),(1096,NULL,1548,1537,1,NULL,'2025-08-02 04:13:24',0,NULL,NULL,6,2,1,2,6,2,1),(1097,NULL,1549,1538,1,NULL,'2025-08-02 04:14:34',0,NULL,NULL,128,2,1,2,6,2,1),(1098,NULL,1550,1539,1,NULL,'2025-08-02 12:58:23',0,NULL,NULL,1,1,1,2,4,2,1),(1099,NULL,1550,1540,1,NULL,'2025-08-02 15:24:18',0,1541,'2025-08-02 15:32:24',1,1,2,2,4,2,0),(1100,NULL,1553,1542,1,NULL,'2025-08-02 15:47:08',0,NULL,NULL,1,1,1,1,1,2,1),(1101,NULL,1554,1543,6,NULL,'2025-08-02 19:11:36',0,1545,'2025-08-02 19:13:33',29,1,3,2,2,2,1),(1102,NULL,1553,1546,1,NULL,'2025-08-04 10:55:12',0,NULL,NULL,1,1,1,1,1,2,0),(1103,NULL,1558,1547,1,NULL,'2025-08-05 04:06:29',0,NULL,NULL,6,2,1,2,6,2,1),(1104,NULL,1559,1548,2,NULL,'2025-08-05 14:51:28',0,NULL,NULL,7,2,1,1,1,5,1),(1105,NULL,1560,1549,1,NULL,'2025-08-05 22:05:56',0,NULL,NULL,3,1,1,2,2,2,1),(1106,NULL,1560,1550,1,NULL,'2025-08-05 22:56:50',0,1551,'2025-08-05 22:57:29',3,1,2,2,2,2,0),(1107,NULL,1563,1552,5,NULL,'2025-08-06 14:58:07',0,NULL,NULL,3,1,1,2,4,3,1),(1108,NULL,1563,1553,14,NULL,'2025-08-06 14:58:50',0,1554,'2025-08-06 14:59:04',3,1,2,2,4,3,0),(1109,NULL,1566,1555,1,NULL,'2025-08-07 00:58:33',0,NULL,NULL,135,5,1,2,2,2,1),(1110,NULL,1550,1556,1,NULL,'2025-08-07 08:21:42',0,1557,'2025-08-07 08:23:19',1,1,2,2,4,2,0),(1111,NULL,1569,1558,12,NULL,'2025-08-07 10:46:43',0,NULL,NULL,4,1,1,1,3,4,1),(1112,NULL,1570,1559,1,NULL,'2025-08-07 17:05:12',0,1560,'2025-08-07 17:05:16',3,1,2,2,4,2,1),(1113,NULL,1572,1561,4,NULL,'2025-08-10 14:45:11',0,NULL,NULL,17,1,1,2,4,3,1),(1114,NULL,1573,1562,1,NULL,'2025-08-10 22:04:31',0,NULL,NULL,68,7,1,1,3,3,1),(1115,NULL,1574,1563,1,NULL,'2025-08-11 09:30:36',0,NULL,NULL,NULL,NULL,1,1,3,3,1),(1116,NULL,1575,1564,1,NULL,'2025-08-11 09:35:21',0,1565,'2025-08-11 09:35:34',68,7,2,1,3,3,1),(1117,NULL,1577,1566,2,NULL,'2025-08-11 09:39:15',0,NULL,NULL,7,2,1,2,2,7,1),(1118,NULL,1578,1567,1,NULL,'2025-08-11 09:39:15',0,NULL,NULL,68,7,1,1,3,3,1),(1119,NULL,1579,1568,1,NULL,'2025-08-11 19:38:47',0,NULL,NULL,22,7,1,1,3,4,1),(1120,NULL,1580,1569,1,NULL,'2025-08-13 23:55:42',0,NULL,NULL,176,5,1,2,2,7,1),(1121,NULL,1581,1570,1,NULL,'2025-08-14 13:01:18',0,NULL,NULL,2,1,1,1,3,3,1),(1122,NULL,1582,1571,1,NULL,'2025-08-14 15:44:01',0,NULL,NULL,36,10,1,1,3,4,1),(1123,NULL,1583,1572,1,NULL,'2025-08-14 15:44:32',0,NULL,NULL,36,10,1,1,3,4,1),(1124,NULL,1584,1573,1,NULL,'2025-08-14 16:52:26',0,1578,'2025-08-14 16:56:34',4,1,6,1,1,4,1),(1125,NULL,1590,1579,1,NULL,'2025-08-14 16:58:54',0,NULL,NULL,4,1,1,1,1,2,1),(1126,NULL,1591,1580,1,NULL,'2025-08-15 01:16:59',0,NULL,NULL,62,1,1,1,3,4,1),(1127,NULL,1592,1581,2,NULL,'2025-08-15 07:07:43',0,NULL,NULL,72,18,1,1,1,2,1),(1128,NULL,1593,1582,2,NULL,'2025-08-15 11:15:12',0,NULL,NULL,72,18,1,1,3,5,1),(1129,NULL,1594,1583,2,NULL,'2025-08-15 19:19:03',0,NULL,NULL,7,2,1,1,1,2,1),(1130,NULL,1595,1584,1,NULL,'2025-08-16 01:36:13',0,1586,'2025-08-16 01:53:43',1,1,2,1,3,3,1),(1131,NULL,1596,1585,1,NULL,'2025-08-16 01:50:44',0,NULL,NULL,177,5,1,2,2,7,1),(1132,NULL,1598,1587,1,NULL,'2025-08-16 04:56:36',0,1590,'2025-08-16 04:56:49',81,1,2,2,2,2,1),(1133,NULL,1599,1588,1,NULL,'2025-08-16 04:56:41',0,NULL,NULL,1,1,1,2,2,2,1),(1134,NULL,1600,1589,1,NULL,'2025-08-16 04:56:44',0,NULL,NULL,4,1,1,2,2,2,1),(1135,NULL,1602,1591,1,NULL,'2025-08-16 19:27:09',0,NULL,NULL,173,20,1,2,2,2,1),(1136,NULL,1603,1592,1,NULL,'2025-08-16 19:32:05',0,NULL,NULL,151,1,1,1,1,2,1),(1137,NULL,1604,1593,1,NULL,'2025-08-16 20:27:13',0,NULL,NULL,178,27,1,2,2,7,1),(1138,NULL,1605,1594,2,NULL,'2025-08-16 21:18:30',0,NULL,NULL,3,1,1,1,1,5,1),(1139,NULL,1606,1595,14,NULL,'2025-08-16 21:21:19',0,1596,'2025-08-16 21:21:46',179,2,2,2,2,7,1),(1140,NULL,1608,1597,1,NULL,'2025-08-17 01:08:53',0,NULL,NULL,180,2,1,1,1,2,1),(1141,NULL,1609,1598,1,NULL,'2025-08-17 18:57:42',0,NULL,NULL,1,1,1,1,1,2,1),(1142,NULL,1610,1599,1,NULL,'2025-08-18 06:41:30',0,NULL,NULL,2,1,1,2,2,2,1),(1143,NULL,1611,1600,1,NULL,'2025-08-18 18:14:17',0,NULL,NULL,3,1,1,2,2,2,1),(1144,NULL,1612,1601,7,NULL,'2025-08-18 20:37:47',0,1604,'2025-08-18 20:39:23',13,1,4,1,1,1,1),(1145,NULL,1616,1605,2,NULL,'2025-08-19 02:11:12',0,NULL,NULL,7,2,1,1,1,5,1),(1146,NULL,1617,1606,7,NULL,'2025-08-19 10:19:41',0,NULL,NULL,14,1,1,1,1,2,1),(1147,NULL,1611,1607,1,NULL,'2025-08-19 13:48:45',0,NULL,NULL,3,1,1,2,2,2,0),(1148,NULL,1619,1608,1,NULL,'2025-08-19 14:36:46',0,NULL,NULL,29,1,1,1,1,2,1),(1149,NULL,1620,1609,1,NULL,'2025-08-19 14:40:30',0,NULL,NULL,29,1,1,2,2,2,1),(1150,NULL,1621,1610,5,NULL,'2025-08-20 09:54:36',0,1611,'2025-08-20 09:55:31',4,1,2,1,3,3,1),(1151,NULL,1623,1612,1,NULL,'2025-08-20 13:54:49',0,NULL,NULL,23,1,1,1,3,3,1),(1152,NULL,1624,1613,2,NULL,'2025-08-21 13:44:35',0,NULL,NULL,121,22,1,2,4,2,1),(1153,NULL,1625,1614,1,NULL,'2025-08-21 21:24:54',0,NULL,NULL,29,1,1,2,2,2,1),(1154,NULL,1626,1615,1,NULL,'2025-08-21 21:32:29',0,NULL,NULL,1,1,1,2,2,2,1),(1155,NULL,1627,1616,1,NULL,'2025-08-21 23:09:20',0,NULL,NULL,181,32,1,1,1,2,1),(1156,NULL,1626,1617,1,NULL,'2025-08-22 06:02:55',0,NULL,NULL,1,1,1,2,2,2,0),(1157,NULL,1629,1618,2,NULL,'2025-08-23 15:16:12',0,NULL,NULL,72,18,1,1,1,5,1),(1158,NULL,1630,1619,1,NULL,'2025-08-23 18:00:46',0,1620,'2025-08-23 18:00:59',3,1,2,2,2,2,1),(1159,NULL,1632,1621,1,NULL,'2025-08-24 06:35:40',0,NULL,NULL,135,5,1,2,4,2,1),(1160,NULL,1633,1622,1,NULL,'2025-08-25 09:43:12',0,NULL,NULL,29,1,1,1,3,3,1),(1161,NULL,1634,1623,2,NULL,'2025-08-25 17:11:11',0,NULL,NULL,72,18,1,1,1,5,1),(1162,NULL,1635,1624,4,NULL,'2025-08-25 20:33:45',0,NULL,NULL,1,1,1,1,1,4,1),(1163,NULL,1636,1625,4,NULL,'2025-08-26 01:30:57',0,NULL,NULL,2,1,1,1,1,4,1),(1164,NULL,1637,1626,5,NULL,'2025-08-26 02:23:58',0,1629,'2025-08-26 02:25:07',50,1,4,1,3,3,1),(1165,NULL,1641,1630,6,NULL,'2025-08-26 06:21:58',0,1634,'2025-08-26 06:25:18',14,1,5,1,3,10,1),(1166,NULL,1646,1635,5,NULL,'2025-08-26 06:27:40',0,1636,'2025-08-26 06:28:21',NULL,NULL,2,2,2,2,1),(1167,NULL,1648,1637,1,NULL,'2025-08-26 10:53:12',0,NULL,NULL,52,1,1,1,3,3,1),(1168,NULL,1649,1638,6,NULL,'2025-08-26 14:09:24',0,NULL,NULL,1,1,1,1,1,10,1),(1169,NULL,1650,1639,1,NULL,'2025-08-26 17:43:28',0,NULL,NULL,3,1,1,2,2,2,1),(1170,NULL,1651,1640,4,NULL,'2025-08-26 20:38:54',0,NULL,NULL,4,1,1,2,2,2,1),(1171,NULL,1652,1641,5,NULL,'2025-08-27 14:05:46',0,1647,'2025-08-27 14:10:43',2,1,7,1,1,2,1),(1172,NULL,1659,1648,4,NULL,'2025-08-27 16:09:40',0,1652,'2025-08-27 16:11:48',2,1,5,1,1,4,1),(1173,NULL,1664,1653,1,NULL,'2025-08-28 23:58:57',0,1654,'2025-08-28 23:59:07',128,2,2,2,4,2,1),(1174,NULL,1667,1655,2,NULL,'2025-08-29 00:41:50',0,NULL,NULL,72,18,1,1,1,5,1),(1175,NULL,1668,1656,2,NULL,'2025-08-29 00:42:11',0,NULL,NULL,7,2,1,2,2,2,1),(1176,NULL,1633,1657,1,NULL,'2025-08-29 09:09:51',0,NULL,NULL,29,1,1,1,3,3,0),(1177,NULL,1670,1658,6,NULL,'2025-08-29 15:20:18',0,NULL,NULL,15,1,1,1,1,10,1),(1178,NULL,1671,1659,1,NULL,'2025-08-30 09:29:39',0,1660,'2025-08-30 09:30:25',2,1,2,1,3,3,1),(1179,NULL,1673,1661,6,NULL,'2025-08-30 09:30:38',0,NULL,NULL,2,1,1,1,3,10,1),(1180,NULL,1674,1662,1,NULL,'2025-08-30 12:24:37',0,NULL,NULL,29,1,1,1,3,4,1),(1181,NULL,1675,1663,2,NULL,'2025-09-02 23:37:40',0,NULL,NULL,7,2,1,1,1,5,1),(1182,NULL,1676,1664,2,NULL,'2025-09-02 23:47:10',0,NULL,NULL,72,18,1,1,1,5,1),(1183,NULL,1677,1665,1,NULL,'2025-09-03 15:58:41',0,NULL,NULL,182,3,1,2,2,2,1),(1184,NULL,1678,1666,1,NULL,'2025-09-03 15:59:04',0,NULL,NULL,182,3,1,2,2,2,1),(1185,NULL,1679,1667,4,NULL,'2025-09-05 00:02:42',0,1669,'2025-09-05 00:03:07',33,1,3,1,1,4,1),(1186,NULL,1682,1670,5,NULL,'2025-09-05 15:18:28',0,1671,'2025-09-05 15:18:55',183,17,2,1,1,2,1),(1187,NULL,1684,1672,1,NULL,'2025-09-05 15:25:55',0,1677,'2025-09-05 15:32:03',12,2,6,1,3,3,1),(1188,NULL,1690,1678,4,NULL,'2025-09-05 16:53:28',0,NULL,NULL,184,33,1,1,3,4,1),(1189,NULL,1691,1679,7,NULL,'2025-09-05 17:06:22',0,1681,'2025-09-05 17:15:10',37,9,2,1,3,3,1),(1190,NULL,1692,1680,5,NULL,'2025-09-05 17:10:31',0,NULL,NULL,NULL,NULL,1,2,2,2,1),(1191,NULL,1694,1682,5,NULL,'2025-09-05 17:32:17',0,NULL,NULL,185,34,1,2,4,2,1),(1192,NULL,1695,1683,7,NULL,'2025-09-05 17:38:52',0,1684,'2025-09-05 17:39:45',79,19,2,1,1,2,1),(1193,NULL,1697,1685,7,NULL,'2025-09-05 18:06:35',0,1686,'2025-09-05 18:06:46',186,2,2,1,3,3,1),(1194,NULL,1694,1687,5,NULL,'2025-09-05 18:16:55',0,NULL,NULL,185,34,1,2,4,2,0),(1195,NULL,1700,1688,1,NULL,'2025-09-05 20:18:27',0,NULL,NULL,79,19,1,1,1,2,1),(1196,NULL,1701,1689,1,NULL,'2025-09-05 21:13:18',0,NULL,NULL,187,4,1,1,3,2,1),(1197,NULL,1702,1690,1,NULL,'2025-09-05 21:14:25',0,NULL,NULL,187,4,1,1,3,2,1),(1198,NULL,1703,1691,1,NULL,'2025-09-06 00:45:50',0,NULL,NULL,188,17,1,1,3,3,1),(1199,NULL,1704,1692,1,NULL,'2025-09-06 02:39:13',0,NULL,NULL,189,17,1,1,3,3,1),(1200,NULL,1705,1693,1,NULL,'2025-09-06 11:58:46',0,NULL,NULL,182,3,1,2,2,2,1),(1201,NULL,1706,1694,1,NULL,'2025-09-07 16:16:12',0,1698,'2025-09-07 16:17:20',190,35,5,2,2,2,1),(1202,NULL,1248,1699,2,NULL,'2025-09-08 16:42:40',0,NULL,NULL,72,18,1,1,1,5,0),(1203,NULL,1712,1700,4,NULL,'2025-09-08 17:09:25',0,NULL,NULL,3,1,1,1,3,4,1),(1204,NULL,1713,1701,4,NULL,'2025-09-08 17:24:57',0,1702,'2025-09-08 17:37:24',163,22,2,2,2,2,1),(1205,NULL,1715,1703,5,NULL,'2025-09-09 08:42:24',0,NULL,NULL,2,1,1,2,2,2,1),(1206,NULL,1716,1704,15,NULL,'2025-09-10 02:22:54',0,1705,'2025-09-10 02:23:02',6,2,2,2,4,2,1),(1207,NULL,1718,1706,4,NULL,'2025-09-10 12:21:49',0,NULL,NULL,37,9,1,2,4,2,1),(1208,NULL,1719,1707,5,NULL,'2025-09-11 08:03:09',0,NULL,NULL,NULL,NULL,1,2,2,2,1),(1209,NULL,1720,1708,4,NULL,'2025-09-11 20:22:54',0,1709,'2025-09-11 20:24:14',191,22,2,1,1,4,1),(1210,NULL,1722,1710,5,NULL,'2025-09-11 21:33:59',0,1713,'2025-09-11 21:35:59',1,1,4,1,3,3,1),(1211,NULL,1726,1714,5,NULL,'2025-09-11 21:39:17',0,NULL,NULL,23,1,1,1,3,3,1),(1212,NULL,1727,1715,5,NULL,'2025-09-12 10:36:29',0,NULL,NULL,192,1,1,2,2,2,1),(1213,NULL,1728,1716,5,NULL,'2025-09-12 10:39:44',0,NULL,NULL,192,1,1,2,2,2,1),(1214,NULL,1729,1717,5,NULL,'2025-09-12 13:38:11',0,NULL,NULL,193,16,1,2,4,2,1),(1215,NULL,1730,1718,2,NULL,'2025-09-12 14:09:36',0,NULL,NULL,7,2,1,2,2,2,1),(1216,NULL,1731,1719,4,NULL,'2025-09-13 03:26:06',0,NULL,NULL,3,1,1,1,3,4,1),(1217,NULL,1732,1720,5,NULL,'2025-09-15 13:27:08',0,NULL,NULL,23,1,1,2,2,2,1),(1218,NULL,1733,1721,5,NULL,'2025-09-15 13:27:18',0,NULL,NULL,5,1,1,2,2,2,1),(1219,NULL,1734,1722,1,NULL,'2025-09-15 14:11:49',0,NULL,NULL,194,2,1,2,2,2,1),(1220,NULL,1735,1723,2,NULL,'2025-09-15 21:39:24',0,NULL,NULL,72,18,1,1,1,5,1),(1221,NULL,1736,1724,2,NULL,'2025-09-16 08:48:19',0,NULL,NULL,72,18,1,1,1,2,1),(1222,NULL,1737,1725,5,NULL,'2025-09-16 09:03:21',0,1738,'2025-09-16 09:18:04',2,1,12,2,4,2,1),(1223,NULL,1738,1726,5,NULL,'2025-09-16 09:03:22',0,1727,'2025-09-16 09:03:38',2,1,2,2,4,2,1),(1224,NULL,1751,1739,1,NULL,'2025-09-16 20:08:37',0,NULL,NULL,3,1,1,2,2,2,1),(1225,NULL,1752,1740,4,NULL,'2025-09-16 21:42:14',0,1745,'2025-09-16 21:45:42',17,1,6,1,3,4,1),(1226,NULL,1758,1746,5,NULL,'2025-09-17 08:33:26',0,NULL,NULL,1,1,1,2,4,3,1),(1227,NULL,1759,1747,1,NULL,'2025-09-17 08:33:46',0,1749,'2025-09-17 08:34:12',38,1,3,2,4,2,1),(1228,NULL,1762,1750,7,NULL,'2025-09-17 11:39:57',0,NULL,NULL,3,1,1,1,1,2,1),(1229,NULL,1763,1751,5,NULL,'2025-09-17 13:05:22',0,1752,'2025-09-17 13:05:34',195,36,2,2,4,2,1),(1230,NULL,1765,1753,1,NULL,'2025-09-17 21:11:33',0,NULL,NULL,87,20,1,1,3,2,1),(1231,NULL,1766,1754,5,NULL,'2025-09-18 02:16:01',0,NULL,NULL,163,22,1,1,1,2,1),(1232,NULL,1767,1755,5,NULL,'2025-09-18 07:02:43',0,NULL,NULL,1,1,1,2,2,1,1),(1233,NULL,1767,1756,1,NULL,'2025-09-18 07:16:47',0,1757,'2025-09-18 07:17:02',1,1,2,2,2,1,0),(1234,NULL,1770,1758,1,NULL,'2025-09-18 07:46:33',0,1764,'2025-09-18 07:58:35',196,20,7,2,2,2,1),(1235,NULL,1777,1765,2,NULL,'2025-09-18 11:14:07',0,NULL,NULL,72,18,1,1,1,2,1),(1236,NULL,1778,1766,2,NULL,'2025-09-18 11:17:19',0,NULL,NULL,7,2,1,1,1,2,1),(1237,NULL,1779,1767,4,NULL,'2025-09-18 12:55:42',0,1769,'2025-09-18 12:57:48',5,1,3,1,1,4,1),(1238,NULL,1782,1770,1,NULL,'2025-09-18 13:43:30',0,1772,'2025-09-18 13:45:41',1,1,3,2,2,2,1),(1239,NULL,1785,1773,1,NULL,'2025-09-18 14:07:46',0,1776,'2025-09-18 14:13:21',1,1,3,1,3,3,1),(1240,NULL,1786,1774,5,NULL,'2025-09-18 14:08:01',0,NULL,NULL,1,1,1,2,2,1,1),(1241,NULL,1738,1777,5,NULL,'2025-09-19 15:59:17',0,1778,'2025-09-19 15:59:19',2,1,2,2,4,2,0),(1242,NULL,1738,1779,1,NULL,'2025-09-19 16:10:13',0,NULL,NULL,2,1,1,2,4,2,0),(1243,NULL,1738,1780,16,NULL,'2025-09-19 16:22:36',0,NULL,NULL,2,1,1,2,4,2,0),(1244,NULL,1793,1781,16,NULL,'2025-09-19 19:12:31',0,NULL,NULL,2,1,1,1,3,13,1),(1245,NULL,1794,1782,17,NULL,'2025-09-19 20:23:24',0,NULL,NULL,1,1,1,1,1,13,1),(1246,NULL,1795,1783,16,NULL,'2025-09-20 01:46:27',0,NULL,NULL,197,1,1,1,3,13,1),(1247,NULL,1796,1784,1,NULL,'2025-09-20 11:47:14',0,NULL,NULL,33,1,1,2,2,2,1),(1248,NULL,1797,1785,16,NULL,'2025-09-20 13:59:54',0,NULL,NULL,3,1,1,1,3,13,1),(1249,NULL,1798,1786,16,NULL,'2025-09-20 15:13:59',0,NULL,NULL,2,1,1,1,3,13,1),(1250,NULL,1799,1787,16,NULL,'2025-09-20 15:36:45',0,NULL,NULL,23,1,1,1,3,13,1),(1251,NULL,1800,1788,16,NULL,'2025-09-20 15:46:28',0,NULL,NULL,53,13,1,2,4,2,1),(1252,NULL,1801,1789,16,NULL,'2025-09-20 15:54:57',0,NULL,NULL,2,1,1,1,3,13,1),(1253,NULL,1802,1790,16,NULL,'2025-09-20 19:48:57',0,NULL,NULL,125,26,1,1,3,13,1),(1254,NULL,1803,1791,16,NULL,'2025-09-21 05:18:58',0,NULL,NULL,1,1,1,1,3,13,1),(1255,NULL,1804,1792,16,NULL,'2025-09-21 05:31:25',0,NULL,NULL,14,1,1,1,3,13,1),(1256,NULL,1805,1793,16,NULL,'2025-09-21 08:10:28',0,NULL,NULL,2,1,1,1,1,2,1),(1257,NULL,1806,1794,16,NULL,'2025-09-22 05:15:50',0,NULL,NULL,3,1,1,2,2,2,1),(1258,NULL,1807,1795,16,NULL,'2025-09-22 05:39:19',0,NULL,NULL,3,1,1,2,4,2,1),(1259,NULL,1808,1796,16,NULL,'2025-09-22 08:13:37',0,NULL,NULL,198,1,1,2,4,2,1),(1260,NULL,1809,1797,16,NULL,'2025-09-22 09:42:33',0,NULL,NULL,70,1,1,2,4,2,1),(1261,NULL,1810,1798,5,NULL,'2025-09-22 10:22:28',0,NULL,NULL,2,1,1,2,4,2,1),(1262,NULL,1811,1799,2,NULL,'2025-09-22 13:40:12',0,NULL,NULL,72,18,1,2,2,2,1),(1263,NULL,1812,1800,2,NULL,'2025-09-22 13:41:24',0,NULL,NULL,7,2,1,1,3,5,1),(1264,NULL,1813,1801,4,NULL,'2025-09-22 17:36:16',0,1805,'2025-09-22 17:54:23',14,1,5,1,1,4,1),(1265,NULL,1818,1806,17,NULL,'2025-09-23 10:00:51',0,NULL,NULL,3,1,1,1,1,13,1),(1266,NULL,1819,1807,1,NULL,'2025-09-23 13:42:49',0,NULL,NULL,3,1,1,2,4,2,1),(1267,NULL,1819,1808,16,NULL,'2025-09-23 13:42:49',0,NULL,NULL,3,1,1,2,4,2,1),(1268,NULL,1821,1809,16,NULL,'2025-09-24 06:11:12',0,NULL,NULL,3,1,1,2,4,3,1),(1269,NULL,1822,1810,16,NULL,'2025-09-24 07:28:15',0,NULL,NULL,1,1,1,1,1,2,1),(1270,NULL,1823,1811,5,NULL,'2025-09-24 09:44:49',0,1813,'2025-09-24 09:45:07',199,20,3,2,4,2,1),(1271,NULL,1826,1814,16,NULL,'2025-09-24 15:46:05',0,NULL,NULL,200,1,1,2,2,2,1),(1272,NULL,1823,1815,1,NULL,'2025-09-25 08:42:46',0,NULL,NULL,199,20,1,2,4,2,0),(1273,NULL,1828,1816,1,NULL,'2025-09-25 14:19:32',0,NULL,NULL,87,20,1,1,3,2,1),(1274,NULL,1829,1817,4,NULL,'2025-09-25 19:05:18',0,1819,'2025-09-25 19:06:05',201,15,3,1,1,4,1),(1275,NULL,1832,1820,7,NULL,'2025-09-25 19:40:40',0,NULL,NULL,2,1,1,1,3,3,1),(1276,NULL,1833,1821,1,NULL,'2025-09-25 21:43:22',0,NULL,NULL,3,1,1,2,2,2,1),(1277,NULL,1834,1822,1,NULL,'2025-09-26 01:24:44',0,1823,'2025-09-26 01:25:02',199,20,2,1,1,2,1),(1278,NULL,1834,1824,7,NULL,'2025-09-26 01:26:18',0,1837,'2025-09-26 01:47:33',199,20,14,1,1,2,0),(1279,NULL,1850,1838,2,NULL,'2025-09-27 03:43:41',0,NULL,NULL,7,2,1,2,2,7,1),(1280,NULL,1851,1839,1,NULL,'2025-09-27 10:58:33',0,NULL,NULL,3,1,1,2,2,2,1),(1281,NULL,1853,1840,4,NULL,'2025-09-28 07:13:32',0,NULL,NULL,132,2,1,1,3,7,1),(1282,NULL,1852,1841,4,NULL,'2025-09-28 07:13:32',0,NULL,NULL,132,2,1,1,3,4,1),(1283,NULL,1854,1842,4,NULL,'2025-09-28 18:03:10',0,NULL,NULL,3,1,1,1,3,4,1),(1284,NULL,1855,1843,4,NULL,'2025-09-29 02:34:07',0,NULL,NULL,2,1,1,1,1,4,1),(1285,NULL,1856,1844,1,NULL,'2025-09-29 10:02:36',0,NULL,NULL,199,20,1,2,4,2,1),(1286,NULL,1759,1845,16,NULL,'2025-09-29 13:51:48',0,1849,'2025-09-29 13:54:07',38,1,5,2,4,2,0),(1287,NULL,1862,1850,2,NULL,'2025-09-29 15:37:00',0,NULL,NULL,7,2,1,1,3,3,1),(1288,NULL,1863,1851,4,NULL,'2025-09-29 16:04:52',0,NULL,NULL,202,7,1,1,3,7,1),(1289,NULL,1864,1852,2,NULL,'2025-09-29 17:18:52',0,NULL,NULL,3,1,1,2,2,2,1),(1290,NULL,1865,1853,5,NULL,'2025-09-30 07:26:22',0,1854,'2025-09-30 07:27:00',4,1,2,1,3,3,1),(1291,NULL,1867,1855,1,NULL,'2025-09-30 14:23:37',0,NULL,NULL,203,20,1,1,1,2,1),(1292,NULL,1823,1856,1,NULL,'2025-09-30 15:30:50',0,NULL,NULL,199,20,1,2,4,2,0),(1293,NULL,1864,1857,1,NULL,'2025-09-30 17:12:07',0,NULL,NULL,3,1,1,2,2,2,0),(1294,NULL,1870,1858,1,NULL,'2025-09-30 21:09:18',0,1864,'2025-09-30 21:29:16',204,20,2,2,4,2,1),(1295,NULL,1871,1859,1,NULL,'2025-09-30 21:17:38',0,1866,'2025-09-30 21:45:25',196,20,6,1,1,2,1),(1296,NULL,1875,1863,1,NULL,'2025-09-30 21:26:06',0,NULL,NULL,204,20,1,1,1,2,1),(1297,NULL,1879,1867,1,NULL,'2025-10-01 09:42:42',0,NULL,NULL,3,1,1,1,3,3,1),(1298,NULL,1880,1868,1,NULL,'2025-10-01 10:12:00',0,NULL,NULL,3,1,1,1,1,2,1),(1299,NULL,1881,1869,1,NULL,'2025-10-01 11:42:40',0,NULL,NULL,3,1,1,2,2,2,1),(1300,NULL,1879,1870,1,NULL,'2025-10-01 15:20:12',0,NULL,NULL,3,1,1,1,3,3,0),(1301,NULL,1864,1871,1,NULL,'2025-10-01 16:27:28',0,NULL,NULL,3,1,1,2,2,2,0),(1302,NULL,1879,1872,1,NULL,'2025-10-01 17:07:51',0,NULL,NULL,3,1,1,1,3,3,0),(1303,NULL,1864,1873,1,NULL,'2025-10-01 18:44:55',0,NULL,NULL,3,1,1,2,2,2,0),(1304,NULL,1864,1874,1,NULL,'2025-10-01 19:51:50',0,NULL,NULL,3,1,1,2,2,2,0),(1305,NULL,1887,1875,1,NULL,'2025-10-01 22:31:16',0,1876,'2025-10-01 22:31:38',4,1,2,1,3,10,1),(1306,NULL,1889,1877,4,NULL,'2025-10-02 02:12:57',0,NULL,NULL,205,37,1,1,3,4,1),(1307,NULL,1890,1878,5,NULL,'2025-10-02 02:14:31',0,1879,'2025-10-02 02:14:48',205,37,2,1,3,2,1),(1308,NULL,1879,1880,1,NULL,'2025-10-02 06:39:33',0,1891,'2025-10-02 07:05:31',3,1,4,1,3,3,0),(1309,NULL,1893,1881,1,NULL,'2025-10-02 06:39:35',0,1889,'2025-10-02 06:59:48',87,20,8,2,4,2,1),(1310,NULL,1879,1892,1,NULL,'2025-10-02 09:25:18',0,NULL,NULL,3,1,1,1,3,3,0),(1311,NULL,1905,1893,1,NULL,'2025-10-02 12:38:47',0,NULL,NULL,206,20,1,1,1,2,1),(1312,NULL,1906,1894,2,NULL,'2025-10-02 16:02:49',0,NULL,NULL,72,18,1,2,2,7,1),(1313,NULL,1881,1895,5,NULL,'2025-10-02 16:07:42',0,1896,'2025-10-02 16:12:49',3,1,2,2,2,2,0),(1314,NULL,1909,1897,4,NULL,'2025-10-02 17:11:21',0,NULL,NULL,207,2,1,1,3,7,1),(1315,NULL,1910,1898,1,NULL,'2025-10-02 19:14:23',0,NULL,NULL,208,20,1,2,4,2,1),(1316,NULL,1881,1899,5,NULL,'2025-10-02 19:15:42',0,NULL,NULL,3,1,1,2,2,2,0),(1317,NULL,1912,1900,4,NULL,'2025-10-03 03:52:43',0,1903,'2025-10-03 03:54:25',22,7,4,1,1,4,1),(1318,NULL,1875,1904,1,NULL,'2025-10-03 05:03:00',0,NULL,NULL,204,20,1,1,1,2,0),(1319,NULL,1917,1905,1,NULL,'2025-10-03 15:46:16',0,NULL,NULL,208,20,1,1,3,2,1),(1320,NULL,1918,1906,1,NULL,'2025-10-03 19:20:42',0,NULL,NULL,87,20,1,2,4,2,1),(1321,NULL,1919,1907,5,NULL,'2025-10-03 19:56:54',0,1909,'2025-10-03 20:05:44',209,36,2,2,4,2,1),(1322,NULL,1920,1908,4,NULL,'2025-10-03 20:01:48',0,NULL,NULL,132,2,1,1,3,7,1),(1323,NULL,1922,1910,1,NULL,'2025-10-03 20:30:55',0,NULL,NULL,196,20,1,1,1,2,1),(1324,NULL,1923,1911,1,NULL,'2025-10-03 21:54:22',0,NULL,NULL,210,4,1,1,1,2,1),(1325,NULL,1924,1912,1,NULL,'2025-10-04 03:44:14',0,NULL,NULL,87,20,1,1,1,2,1),(1326,NULL,1925,1913,1,NULL,'2025-10-04 21:41:17',0,NULL,NULL,203,20,1,1,1,2,1),(1327,NULL,1926,1914,4,NULL,'2025-10-05 10:27:05',0,NULL,NULL,132,2,1,1,3,7,1),(1328,NULL,1926,1915,4,NULL,'2025-10-05 15:23:22',0,NULL,NULL,132,2,1,1,3,7,0),(1329,NULL,1926,1916,4,NULL,'2025-10-05 17:54:07',0,1917,'2025-10-05 18:00:19',132,2,2,1,3,7,0),(1330,NULL,1930,1918,5,NULL,'2025-10-05 23:00:39',0,1920,'2025-10-05 23:03:08',195,36,3,2,4,2,1),(1331,NULL,1933,1921,16,NULL,'2025-10-06 05:36:05',0,NULL,NULL,211,1,1,1,3,13,1),(1332,NULL,1934,1923,4,NULL,'2025-10-06 06:35:46',0,NULL,NULL,36,10,1,1,3,4,1),(1333,NULL,1935,1922,1,NULL,'2025-10-06 06:35:46',0,NULL,NULL,36,10,1,1,3,4,1),(1334,NULL,1936,1924,1,NULL,'2025-10-06 08:53:10',0,1925,'2025-10-06 08:53:25',2,1,2,2,2,2,1),(1335,NULL,1879,1926,1,NULL,'2025-10-06 09:49:07',0,NULL,NULL,3,1,1,1,3,3,0),(1336,NULL,1864,1927,1,NULL,'2025-10-06 10:49:08',0,1928,'2025-10-06 10:49:54',3,1,2,2,2,2,0),(1337,NULL,1941,1929,2,NULL,'2025-10-06 11:21:00',0,NULL,NULL,7,2,1,2,2,7,1),(1338,NULL,1942,1930,2,NULL,'2025-10-06 11:22:29',0,NULL,NULL,72,18,1,1,1,2,1),(1339,NULL,1879,1931,1,NULL,'2025-10-06 12:19:19',0,NULL,NULL,3,1,1,1,3,3,0),(1340,NULL,1944,1932,1,NULL,'2025-10-06 12:45:42',0,NULL,NULL,3,1,1,1,1,2,1),(1341,NULL,1945,1933,4,NULL,'2025-10-06 13:25:17',0,NULL,NULL,2,1,1,1,1,4,1),(1342,NULL,1947,1934,1,NULL,'2025-10-07 10:30:00',0,NULL,NULL,1,1,1,1,1,12,1),(1343,NULL,1944,1935,1,NULL,'2025-10-07 11:32:22',0,NULL,NULL,3,1,1,1,1,2,0),(1344,NULL,1944,1936,1,NULL,'2025-10-07 14:03:09',0,NULL,NULL,3,1,1,1,1,2,0),(1345,NULL,1950,1937,1,NULL,'2025-10-07 14:16:14',0,1939,'2025-10-07 14:17:04',1,1,3,1,1,2,1),(1346,NULL,1930,1940,5,NULL,'2025-10-07 21:35:15',0,NULL,NULL,195,36,1,2,4,2,0),(1347,NULL,1930,1941,5,NULL,'2025-10-07 22:11:26',0,NULL,NULL,195,36,1,2,4,2,0),(1348,NULL,1930,1942,18,NULL,'2025-10-08 08:10:40',0,1943,'2025-10-08 08:11:18',195,36,2,2,4,2,0),(1349,NULL,1957,1944,2,NULL,'2025-10-08 19:10:11',0,NULL,NULL,7,2,1,2,6,2,1),(1350,NULL,1958,1945,4,NULL,'2025-10-09 05:12:48',0,1947,'2025-10-09 05:13:26',18,1,3,1,3,4,1),(1351,NULL,1864,1948,1,NULL,'2025-10-09 11:29:06',0,NULL,NULL,3,1,1,2,2,2,0),(1352,NULL,1962,1949,1,NULL,'2025-10-09 12:59:52',0,1951,'2025-10-09 13:00:04',208,20,3,2,2,2,1),(1353,NULL,1965,1952,1,NULL,'2025-10-09 17:09:29',0,NULL,NULL,NULL,NULL,1,2,2,7,1),(1354,NULL,1966,1953,1,NULL,'2025-10-09 17:40:26',0,NULL,NULL,128,2,1,2,2,7,1),(1355,NULL,1864,1954,1,NULL,'2025-10-09 18:16:38',0,NULL,NULL,3,1,1,2,2,2,0),(1356,NULL,1870,1955,1,NULL,'2025-10-09 19:55:37',0,NULL,NULL,204,20,1,2,4,2,0),(1357,NULL,1965,1956,1,NULL,'2025-10-09 20:23:47',0,NULL,NULL,NULL,NULL,1,2,2,7,0),(1358,NULL,1864,1957,1,NULL,'2025-10-09 20:49:18',0,NULL,NULL,3,1,1,2,2,2,0),(1359,NULL,1864,1958,1,NULL,'2025-10-10 10:15:21',0,NULL,NULL,3,1,1,2,2,2,0),(1360,NULL,1864,1959,1,NULL,'2025-10-10 10:50:55',0,NULL,NULL,3,1,1,2,2,2,0),(1361,NULL,1864,1960,1,NULL,'2025-10-10 12:58:57',0,NULL,NULL,3,1,1,2,2,2,0),(1362,NULL,1974,1961,1,NULL,'2025-10-10 14:19:41',0,NULL,NULL,199,20,1,2,2,2,1),(1363,NULL,1962,1962,1,NULL,'2025-10-10 14:28:34',0,NULL,NULL,208,20,1,2,2,2,0),(1364,NULL,1976,1964,5,NULL,'2025-10-11 00:21:59',0,NULL,NULL,212,1,1,1,3,3,1),(1365,NULL,1976,1963,1,NULL,'2025-10-11 00:21:59',0,NULL,NULL,212,1,1,1,3,3,1),(1366,NULL,1976,1965,1,NULL,'2025-10-11 01:28:25',0,NULL,NULL,212,1,1,1,3,3,0),(1367,NULL,1979,1966,1,NULL,'2025-10-11 09:10:45',0,1967,'2025-10-11 09:11:06',128,2,2,2,2,2,1),(1368,NULL,1983,1968,1,NULL,'2025-10-11 09:32:14',0,NULL,NULL,212,1,1,2,2,7,1),(1369,NULL,1984,1969,1,NULL,'2025-10-13 23:13:33',0,NULL,NULL,2,1,1,2,4,2,1),(1370,NULL,1985,1970,1,NULL,'2025-10-14 09:24:55',0,NULL,NULL,2,1,1,2,7,9,1),(1371,NULL,1985,1971,19,NULL,'2025-10-14 09:29:53',0,NULL,NULL,2,1,1,2,7,9,0),(1372,NULL,1987,1972,20,NULL,'2025-10-14 10:55:29',0,NULL,NULL,199,20,1,1,1,2,1),(1373,NULL,1988,1973,1,NULL,'2025-10-14 13:25:30',0,1976,'2025-10-14 13:27:21',199,20,4,2,2,2,1),(1374,NULL,1988,1977,21,NULL,'2025-10-14 13:46:46',0,NULL,NULL,199,20,1,2,2,2,0),(1375,NULL,1988,1978,1,NULL,'2025-10-14 14:02:12',0,NULL,NULL,199,20,1,2,2,2,0),(1376,NULL,1985,1979,19,NULL,'2025-10-14 17:11:31',0,1980,'2025-10-14 17:12:07',2,1,2,2,7,9,0),(1377,NULL,1996,1981,1,NULL,'2025-10-15 12:34:34',0,NULL,NULL,204,20,1,2,4,2,1),(1378,NULL,1997,1982,1,NULL,'2025-10-15 15:55:30',0,1984,'2025-10-15 15:58:00',3,1,3,2,2,2,1),(1379,NULL,1910,1985,1,NULL,'2025-10-15 17:33:39',0,NULL,NULL,208,20,1,2,4,2,0),(1380,NULL,2001,1986,4,NULL,'2025-10-15 18:29:28',0,NULL,NULL,1,1,1,1,3,4,1),(1381,NULL,2002,1987,1,NULL,'2025-10-15 18:29:44',0,1991,'2025-10-15 18:33:37',1,1,5,1,3,3,1),(1382,NULL,2007,1992,1,NULL,'2025-10-15 18:34:01',0,NULL,NULL,1,1,1,1,3,4,1),(1383,NULL,2008,1993,16,NULL,'2025-10-16 10:47:26',0,NULL,NULL,23,1,1,2,2,2,1),(1384,NULL,2009,1994,2,NULL,'2025-10-16 14:25:13',0,NULL,NULL,72,18,1,1,3,3,1),(1385,NULL,1997,1995,1,NULL,'2025-10-16 15:09:51',0,NULL,NULL,3,1,1,2,2,2,0),(1386,NULL,2011,1996,1,NULL,'2025-10-16 16:30:15',0,NULL,NULL,2,1,1,2,6,9,1),(1387,NULL,2012,1997,1,NULL,'2025-10-16 16:31:28',0,1998,'2025-10-16 16:35:21',2,1,2,2,7,9,1),(1388,NULL,2014,1999,1,NULL,'2025-10-16 17:16:06',0,NULL,NULL,2,1,1,2,6,9,1),(1389,NULL,2015,2000,1,NULL,'2025-10-16 17:53:39',0,2001,'2025-10-16 17:54:16',208,20,2,2,2,2,1),(1390,NULL,2015,2002,1,NULL,'2025-10-16 18:38:34',0,NULL,NULL,208,20,1,2,2,2,0),(1391,NULL,1997,2003,1,NULL,'2025-10-16 20:15:10',0,NULL,NULL,3,1,1,2,2,2,0),(1392,NULL,2019,2004,5,NULL,'2025-10-16 20:15:33',0,2005,'2025-10-16 20:16:08',3,1,2,1,1,2,1),(1393,NULL,2019,2006,1,NULL,'2025-10-16 20:17:05',0,2011,'2025-10-16 20:25:39',3,1,6,1,1,2,0),(1394,NULL,2012,2012,1,NULL,'2025-10-16 20:59:58',0,NULL,NULL,2,1,1,2,7,9,0),(1395,NULL,2015,2013,1,NULL,'2025-10-17 14:14:19',0,NULL,NULL,208,20,1,2,2,2,0),(1396,NULL,2015,2014,1,NULL,'2025-10-17 17:43:31',0,NULL,NULL,208,20,1,2,2,2,0),(1397,NULL,2031,2015,4,NULL,'2025-10-18 05:04:47',0,NULL,NULL,20,1,1,1,3,4,1),(1398,NULL,2032,2016,1,NULL,'2025-10-18 15:02:06',0,NULL,NULL,53,13,1,1,3,4,1);

--
